000
CXUS56 KLOX 251155
CF6BUR
PRELIMINARY LOCAL CLIMATOLOGICAL DATA (WS FORM: F-6)

                                          STATION:   HOLLYWOOD/BURBANK  AIRPORT CA
                                          MONTH:     SEPTEMBER
                                          YEAR:      2022
                                          LATITUDE:   34 12 N
                                          LONGITUDE: 118 22 W

  TEMPERATURE IN F:       :PCPN:    SNOW:  WIND      :SUNSHINE: SKY     :PK WND
================================================================================
1   2   3   4   5  6A  6B    7    8   9   10  11  12  13   14  15   16   17  18
                                     12Z  AVG MX 2MIN
DY MAX MIN AVG DEP HDD CDD  WTR  SNW DPTH SPD SPD DIR MIN PSBL S-S WX    SPD DR
================================================================================

 1 103  81  92  15   0  27 0.00    M    M  7.7 16 110   M    M   0        28 110
 2 102  78  90  13   0  25    T    M    M  5.4 22 110   M    M   0        27 100
 3 107  80  94  17   0  29 0.00    M    M  5.2 16 150   M    M   0 3      19 170
 4 110  82  96  19   0  31 0.00    M    M  6.2 16 150   M    M   0 3      21 190
 5 105  80  93  17   0  28 0.00    M    M  5.0 14 170   M    M   0        17 170
 6 103  77  90  14   0  25 0.00    M    M  6.6 15 130   M    M   0        18 120
 7 105  79  92  16   0  27 0.00    M    M  4.6 14 140   M    M   0        18 110
 8 101  80  91  15   0  26    T    M    M  5.4 16 120   M    M   0        21 120
 9 100  72  86  10   0  21 0.16    M    M  8.4 28 140   M    M   3 1      32 130
10  82  71  77   1   0  12    T    M    M  5.0 10 170   M    M   6 1      14 160
11  91  77  84   8   0  19    T    M    M  5.2 15 160   M    M   5        21 130
12  89  75  82   6   0  17 0.00    M    M  4.7 14 160   M    M   1        17 130
13  86  72  79   4   0  14 0.00    M    M  6.5 15 170   M    M   0        21 200
14  84  69  77   2   0  12 0.00    M    M  6.8 15 160   M    M   3        20 170
15  83  67  75   0   0  10 0.00    M    M  4.6 14 160   M    M   1        18 170
16  84  65  75   0   0  10 0.00    M    M  4.9 14 160   M    M   0        17 170
17  80  66  73  -2   0   8 0.00    M    M  4.9 12 180   M    M   3        16 190
18  78  66  72  -2   0   7 0.00    M    M  6.7 15 210   M    M   5        21 140
19  82  62  72  -2   0   7 0.00    M    M  5.0 13 180   M    M   0 8      20 240
20  86  64  75   1   0  10 0.00    M    M  4.6 14 190   M    M   2        17 170
21  85  61  73  -1   0   8 0.00    M    M  4.0 15 200   M    M   0 8      23 110
22  91  62  77   3   0  12 0.00    M    M  3.8 13 180   M    M   0        17 150
23  93  62  78   4   0  13 0.00    M    M  4.0 13 180   M    M   0        18 140
24  95  70  83  10   0  18 0.00    M    M  4.3 13 160   M    M   0        14 160
================================================================================
SM 2225 1718         0 416  0.16    M    129.5          M       29
================================================================================
AV 92.7 71.6                               5.4 FASTST   M    M   1    MAX(MPH)
                                 MISC ---->    28 140                 32 130
================================================================================
NOTES:
# LAST OF SEVERAL OCCURRENCES

COLUMN 17 PEAK WIND IN M.P.H.

PRELIMINARY LOCAL CLIMATOLOGICAL DATA (WS FORM: F-6) , PAGE 2

                                          STATION:   HOLLYWOOD/BURBANK  AIRPORT CA
                                          MONTH:     SEPTEMBER
                                          YEAR:      2022
                                          LATITUDE:   34 12 N
                                          LONGITUDE: 118 22 W

[TEMPERATURE DATA]      [PRECIPITATION DATA]       SYMBOLS USED IN COLUMN 16

AVERAGE MONTHLY: 82.1   TOTAL FOR MONTH:   0.16    1 = FOG OR MIST
DPTR FM NORMAL:   6.8   DPTR FM NORMAL:    0.09    2 = FOG REDUCING VISIBILITY
HIGHEST:   110 ON  4    GRTST 24HR  0.16 ON  9- 9      TO 1/4 MILE OR LESS
LOWEST:     61 ON 21                               3 = THUNDER
                        SNOW, ICE PELLETS, HAIL    4 = ICE PELLETS
                        TOTAL MONTH:  M            5 = HAIL
                        GRTST 24HR    M  ON   M    6 = FREEZING RAIN OR DRIZZLE
                        GRTST DEPTH:  M  ON   M    7 = DUSTSTORM OR SANDSTORM:
                                                       VSBY 1/2 MILE OR LESS
                                                   8 = SMOKE OR HAZE
[NO. OF DAYS WITH]      [WEATHER - DAYS WITH]      9 = BLOWING SNOW
                                                   X = TORNADO
MAX 32 OR BELOW:   0    0.01 INCH OR MORE:   1
MAX 90 OR ABOVE:  13    0.10 INCH OR MORE:   1
MIN 32 OR BELOW:   0    0.50 INCH OR MORE:   0
MIN  0 OR BELOW:   0    1.00 INCH OR MORE:   0

[HDD (BASE 65) ]
TOTAL THIS MO.     0    CLEAR  (SCALE 0-3)  20
DPTR FM NORMAL     0    PTCLDY (SCALE 4-7)   4
TOTAL FM JUL 1     0    CLOUDY (SCALE 8-10)  0
DPTR FM NORMAL     0

[CDD (BASE 65) ]
TOTAL THIS MO.   416
DPTR FM NORMAL   166    [PRESSURE DATA]
TOTAL FM JAN 1  2047    HIGHEST SLP M ON M
DPTR FM NORMAL   783    LOWEST  SLP 29.49 ON  9

[REMARKS]
