000
CXUS54 KTSA 280850
CF6BVO
PRELIMINARY LOCAL CLIMATOLOGICAL DATA (WS FORM: F-6)

                                          STATION:   BARTLESVILLE OKLAHOMA
                                          MONTH:     SEPTEMBER
                                          YEAR:      2022
                                          LATITUDE:   36 45 N
                                          LONGITUDE:  96  0 W

  TEMPERATURE IN F:       :PCPN:    SNOW:  WIND      :SUNSHINE: SKY     :PK WND
================================================================================
1   2   3   4   5  6A  6B    7    8   9   10  11  12  13   14  15   16   17  18
                                     12Z  AVG MX 2MIN
DY MAX MIN AVG DEP HDD CDD  WTR  SNW DPTH SPD SPD DIR MIN PSBL S-S WX    SPD DR
================================================================================

 1  88  58  73  -3   0   8 0.57  0.0    M  3.5 14 210   M    M   4 13     25 280
 2  86  64  75  -1   0  10 0.22  0.0    M  2.0 10  50   M    M   6 1      15  60
 3  93  62  78   2   0  13 0.05  0.0    M  2.2 13  10   M    M   2 1      16  10
 4  89  62  76   1   0  11 0.00  0.0    M  3.2 13  20   M    M   2        18  10
 5  90  66  78   3   0  13 0.00  0.0    M  3.2 12  60   M    M   1        16 130
 6  92  62  77   3   0  12 0.00  0.0    M  1.5  9  50   M    M   1 1      12  80
 7  89  60  75   1   0  10 0.00  0.0    M  3.9 15  60   M    M   0 1      21  70
 8  88  57  73  -1   0   8 0.00  0.0    M  2.4 12 150   M    M   0 1      17 150
 9  90  56  73  -1   0   8 0.00  0.0    M  2.9 13 220   M    M   0 1      19 190
10  92  57  75   2   0  10    T  0.0    M  3.1 17 360   M    M   3 1      29 360
11  81  49  65  -8   0   0 0.00  0.0    M  5.6 18  20   M    M   2        26  10
12  87  44  66  -6   0   1 0.00  0.0    M  2.4 14 220   M    M   0        19 200
13  90  50  70  -2   0   5 0.00  0.0    M  3.5 15 150   M    M   0        21 170
14  89  54  72   0   0   7 0.00  0.0    M  4.9 18 150   M    M   1        24 140
15  86  52  69  -2   0   4 0.00  0.0    M  5.0 17 160   M    M   0        23 150
16  93  53  73   2   0   8 0.00  0.0    M  7.4 20 160   M    M   0        30 160
17  97  66  82  12   0  17 0.00  0.0    M  9.4 18 170   M    M   0        30 220
18 100  73  87  17   0  22 0.00  0.0    M  8.2 18 220   M    M   0        36 190
19 101  70  86  16   0  21 0.00  0.0    M  6.3 16 170   M    M   1        24 160
20 100  66  83  14   0  18 0.00  0.0    M  6.2 18 200   M    M   0        27 170
21 102  67  85  16   0  20 0.00  0.0    M  7.8 18  30   M    M   1        27  30
22  73  59  66  -2   0   1 0.03  0.0    M 10.5 21  20   M    M   5        29  10
23  93  52  73   5   0   8 0.00  0.0    M  5.1 17 170   M    M   0        26 160
24  95  63  79  11   0  14 0.00  0.0    M  4.5 16 210   M    M   3        23 210
25  86  51  69   2   0   4 0.00  0.0    M  6.6 23  20   M    M   1        33 360
26  86  46  66  -1   0   1 0.00  0.0    M  2.3 15  20   M    M   0        20 360
27  91  48  70   4   0   5 0.00  0.0    M  4.4 16 150   M    M   2        25 180
================================================================================
SM 2447 1567         0 259  0.87  0.0    128.0          M       35
================================================================================
AV 90.6 58.0                               4.7 FASTST   M    M   1    MAX(MPH)
                                 MISC ---->    23  20                 36 190
================================================================================
NOTES:
# LAST OF SEVERAL OCCURRENCES

COLUMN 17 PEAK WIND IN M.P.H.

PRELIMINARY LOCAL CLIMATOLOGICAL DATA (WS FORM: F-6) , PAGE 2

                                          STATION:   BARTLESVILLE OKLAHOMA
                                          MONTH:     SEPTEMBER
                                          YEAR:      2022
                                          LATITUDE:   36 45 N
                                          LONGITUDE:  96  0 W

[TEMPERATURE DATA]      [PRECIPITATION DATA]       SYMBOLS USED IN COLUMN 16

AVERAGE MONTHLY: 74.3   TOTAL FOR MONTH:   0.87    1 = FOG OR MIST
DPTR FM NORMAL:   2.9   DPTR FM NORMAL:   -2.19    2 = FOG REDUCING VISIBILITY
HIGHEST:   102 ON 21    GRTST 24HR  0.79 ON  1- 2      TO 1/4 MILE OR LESS
LOWEST:     44 ON 12                               3 = THUNDER
                        SNOW, ICE PELLETS, HAIL    4 = ICE PELLETS
                        TOTAL MONTH:   0.0 INCH    5 = HAIL
                        GRTST 24HR  0.0            6 = FREEZING RAIN OR DRIZZLE
                        GRTST DEPTH:  M  ON   M    7 = DUSTSTORM OR SANDSTORM:
                                                       VSBY 1/2 MILE OR LESS
                                                   8 = SMOKE OR HAZE
[NO. OF DAYS WITH]      [WEATHER - DAYS WITH]      9 = BLOWING SNOW
                                                   X = TORNADO
MAX 32 OR BELOW:   0    0.01 INCH OR MORE:   4
MAX 90 OR ABOVE:  15    0.10 INCH OR MORE:   2
MIN 32 OR BELOW:   0    0.50 INCH OR MORE:   1
MIN  0 OR BELOW:   0    1.00 INCH OR MORE:   0

[HDD (BASE 65) ]
TOTAL THIS MO.     0    CLEAR  (SCALE 0-3)  23
DPTR FM NORMAL   -21    PTCLDY (SCALE 4-7)   4
TOTAL FM JUL 1     0    CLOUDY (SCALE 8-10)  0
DPTR FM NORMAL   -21

[CDD (BASE 65) ]
TOTAL THIS MO.   259
DPTR FM NORMAL    61    [PRESSURE DATA]
TOTAL FM JAN 1  2004    HIGHEST SLP M ON M
DPTR FM NORMAL   373    LOWEST  SLP 29.77 ON  9

[REMARKS]
