000
CXUS55 KPIH 251100
CF6BYI
PRELIMINARY LOCAL CLIMATOLOGICAL DATA (WS FORM: F-6)

                                          STATION:   BURLEY
                                          MONTH:     SEPTEMBER
                                          YEAR:      2022
                                          LATITUDE:   42 32 N
                                          LONGITUDE: 113 46 W

  TEMPERATURE IN F:       :PCPN:    SNOW:  WIND      :SUNSHINE: SKY     :PK WND
================================================================================
1   2   3   4   5  6A  6B    7    8   9   10  11  12  13   14  15   16   17  18
                                     12Z  AVG MX 2MIN
DY MAX MIN AVG DEP HDD CDD  WTR  SNW DPTH SPD SPD DIR MIN PSBL S-S WX    SPD DR
================================================================================

 1  89  58  74   8   0   9 0.00    M    M  8.8 18 250   M    M   0        27 240
 2  92  44  68   3   0   3 0.00    M    M  2.3  8 210   M    M   0 8      10  30
 3  99  51  75  10   0  10 0.00    M    M  6.1 13 200   M    M   0        20  60
 4  95  55  75  10   0  10 0.00    M    M  5.4 13 300   M    M   0        22 300
 5  92  54  73   9   0   8 0.00    M    M  4.4 12 250   M    M   0        18 240
 6 101  52  77  13   0  12 0.00    M    M  3.4 10  50   M    M   0        14  60
 7  98  54  76  12   0  11 0.00    M    M  4.4 20 170   M    M   0        26 160
 8  81  59  70   7   0   5 0.00    M    M 12.2 23 260   M    M   2        34 260
 9  73  41  57  -6   8   0 0.00    M    M  2.3 14 240   M    M   6 8      20 250
10  79  48  64   1   1   0 0.00    M    M 10.7 20  70   M    M   4 8      27  50
11  87  38  63   1   2   0 0.00    M    M  4.5 12  70   M    M   0 8      15  60
12  89  44  67   5   0   2 0.00    M    M  5.9 13 270   M    M   0        20 280
13  72  53  63   1   2   0 0.02    M    M  4.5 16 260   M    M   4 1      22 260
14  78  50  64   2   1   0 0.00    M    M  4.6 16 200   M    M   0 1      22 200
15  76  52  64   3   1   0 0.26    M    M  7.3 20 200   M    M   2 13     29 190
16  74  46  60  -1   5   0    T    M    M  5.2 22 220   M    M   1 1      31 220
17  68  48  58  -2   7   0    T    M    M  4.9 14  80   M    M   1        20  60
18  81  50  66   6   0   1    T    M    M  9.8 22 190   M    M   1        30 180
19  83  44  64   4   1   0 0.00    M    M  4.2 18 180   M    M   0        30 210
20  86  43  65   6   0   0    T    M    M  5.3 20 200   M    M   0        29 230
21  83  44  64   5   1   0 0.01    M    M  8.1 26 220   M    M   3 3      39 280
22  66  46  56  -3   9   0 0.01    M    M  9.3 18 260   M    M   2        30 300
23  71  44  58   0   7   0 0.00    M    M  7.8 16 210   M    M   0        21 220
24  77  40  59   1   6   0 0.00    M    M  3.6 12 250   M    M   0        15 250
================================================================================
SM 1990 1158        51  71  0.30    M    145.0          M       26
================================================================================
AV 82.9 48.3                               6.0 FASTST   M    M   1    MAX(MPH)
                                 MISC ---->    26 220                 39 280
================================================================================
NOTES:
# LAST OF SEVERAL OCCURRENCES

COLUMN 17 PEAK WIND IN M.P.H.

PRELIMINARY LOCAL CLIMATOLOGICAL DATA (WS FORM: F-6) , PAGE 2

                                          STATION:   BURLEY
                                          MONTH:     SEPTEMBER
                                          YEAR:      2022
                                          LATITUDE:   42 32 N
                                          LONGITUDE: 113 46 W

[TEMPERATURE DATA]      [PRECIPITATION DATA]       SYMBOLS USED IN COLUMN 16

AVERAGE MONTHLY: 65.6   TOTAL FOR MONTH:   0.30    1 = FOG OR MIST
DPTR FM NORMAL:   3.7   DPTR FM NORMAL:   -0.21    2 = FOG REDUCING VISIBILITY
HIGHEST:   101 ON  6    GRTST 24HR  0.26 ON 15-15      TO 1/4 MILE OR LESS
LOWEST:     38 ON 11                               3 = THUNDER
                        SNOW, ICE PELLETS, HAIL    4 = ICE PELLETS
                        TOTAL MONTH:  M            5 = HAIL
                        GRTST 24HR    M  ON   M    6 = FREEZING RAIN OR DRIZZLE
                        GRTST DEPTH:  M  ON   M    7 = DUSTSTORM OR SANDSTORM:
                                                       VSBY 1/2 MILE OR LESS
                                                   8 = SMOKE OR HAZE
[NO. OF DAYS WITH]      [WEATHER - DAYS WITH]      9 = BLOWING SNOW
                                                   X = TORNADO
MAX 32 OR BELOW:   0    0.01 INCH OR MORE:   4
MAX 90 OR ABOVE:   6    0.10 INCH OR MORE:   1
MIN 32 OR BELOW:   0    0.50 INCH OR MORE:   0
MIN  0 OR BELOW:   0    1.00 INCH OR MORE:   0

[HDD (BASE 65) ]
TOTAL THIS MO.    51    CLEAR  (SCALE 0-3)  21
DPTR FM NORMAL   -55    PTCLDY (SCALE 4-7)   3
TOTAL FM JUL 1    51    CLOUDY (SCALE 8-10)  0
DPTR FM NORMAL   -87

[CDD (BASE 65) ]
TOTAL THIS MO.    71
DPTR FM NORMAL    39    [PRESSURE DATA]
TOTAL FM JAN 1   647    HIGHEST SLP M ON M
DPTR FM NORMAL   158    LOWEST  SLP 29.64 ON 18

[REMARKS]
