000
CXUS52 KCAE 281400
CF6CAE
PRELIMINARY LOCAL CLIMATOLOGICAL DATA (WS FORM: F-6)

                                          STATION:   COLUMBIA METRO AIRPORT SC
                                          MONTH:     SEPTEMBER
                                          YEAR:      2022
                                          LATITUDE:   33 57 N
                                          LONGITUDE:  81  7 W

  TEMPERATURE IN F:       :PCPN:    SNOW:  WIND      :SUNSHINE: SKY     :PK WND
================================================================================
1   2   3   4   5  6A  6B    7    8   9   10  11  12  13   14  15   16   17  18
                                     12Z  AVG MX 2MIN
DY MAX MIN AVG DEP HDD CDD  WTR  SNW DPTH SPD SPD DIR MIN PSBL S-S WX    SPD DR
================================================================================

 1  91  73  82   3   0  17 0.00  0.0    0  4.2 15 120   M    M   5        19 120
 2  90  73  82   3   0  17 0.00  0.0    0  6.5 15 130   M    M   7        22 130
 3  91  70  81   2   0  16    T  0.0    M  4.0 26 160   M    M   4 1      31 160
 4  89  73  81   3   0  16 0.00  0.0    M  6.2 18 100   M    M   7 18     21 100
 5  90  74  82   4   0  17 0.04  0.0    0  5.3 14 180   M    M   8 13     17 210
 6  92  74  83   5   0  18 0.00  0.0    0  6.8 16 270   M    M   5 1      22 290
 7  91  71  81   3   0  16 0.01  0.0    0  3.9 17  90   M    M   6 138    22 340
 8  83  69  76  -2   0  11 0.00  0.0    0  6.2 13  70   M    M   6        17  30
 9  83  70  77   0   0  12 0.01    M    M  9.6 17  70   M    M   7        23  50
10  86  70  78   1   0  13 0.86  0.0    0  7.1 22 280   M    M   9 13     27 280
11  87  72  80   3   0  15 0.04  0.0    0  3.5 12 230   M    M   8 1      16 230
12  90  73  82   5   0  17 0.07  0.0    0  5.2 22 270   M    M   6 3      26 270
13  85  61  73  -3   0   8 0.00  0.0    0  5.6 14 290   M    M   3        19 300
14  85  57  71  -5   0   6 0.00  0.0    0  4.3 13  70   M    M   3        18  80
15  84  61  73  -3   0   8 0.00  0.0    0  4.9 14  50   M    M   2        19  30
16  85  58  72  -4   0   7 0.00  0.0    0  2.4 13  90   M    M   2 1      16  50
17  84  59  72  -3   0   7 0.00  0.0    0  4.0 14 100   M    M   2 8      21  90
18  88  63  76   1   0  11 0.00  0.0    0  4.3 13  90   M    M   4        16  80
19  91  63  77   2   0  12 0.00  0.0    0  3.3 12  20   M    M   2 1      15  20
20  94  63  79   5   0  14 0.00  0.0    0  2.0  8  10   M    M   1 8      15 360
21  94  64  79   5   0  14 0.00  0.0    0  2.4 10 100   M    M   1 1      17  50
22  99  68  84  10   0  19    T  0.0    0  8.3 28 310   M    M   2 1      39 320
23  80  52  66  -8   0   1 0.00  0.0    0  5.9 15  30   M    M   0        22  20
24  82  47  65  -8   0   0 0.00  0.0    0  2.4 10 110   M    M   1        15 140
25  88  60  74   1   0   9 0.00  0.0    M  6.6 16 240   M    M   4        24 260
26  89  59  74   2   0   9 0.00  0.0    0  5.9 22 290   M    M   1 8      29 280
27  82  51  67  -5   0   2 0.00  0.0    0  4.4 13 300   M    M   4        21 240
================================================================================
SM 2373 1748         0 312  1.03  0.0    135.2          M      110
================================================================================
AV 87.9 64.7                               5.0 FASTST   M    M   4    MAX(MPH)
                                 MISC ---->    28 310                 39 320
================================================================================
NOTES:
# LAST OF SEVERAL OCCURRENCES

COLUMN 17 PEAK WIND IN M.P.H.

PRELIMINARY LOCAL CLIMATOLOGICAL DATA (WS FORM: F-6) , PAGE 2

                                          STATION:   COLUMBIA METRO AIRPORT SC
                                          MONTH:     SEPTEMBER
                                          YEAR:      2022
                                          LATITUDE:   33 57 N
                                          LONGITUDE:  81  7 W

[TEMPERATURE DATA]      [PRECIPITATION DATA]       SYMBOLS USED IN COLUMN 16

AVERAGE MONTHLY: 76.3   TOTAL FOR MONTH:   1.03    1 = FOG OR MIST
DPTR FM NORMAL:   0.4   DPTR FM NORMAL:   -2.45    2 = FOG REDUCING VISIBILITY
HIGHEST:    99 ON 22    GRTST 24HR  0.87 ON  9-10      TO 1/4 MILE OR LESS
LOWEST:     47 ON 24                               3 = THUNDER
                        SNOW, ICE PELLETS, HAIL    4 = ICE PELLETS
                        TOTAL MONTH:   0.0 INCH    5 = HAIL
                        GRTST 24HR  0.0            6 = FREEZING RAIN OR DRIZZLE
                        GRTST DEPTH:  0            7 = DUSTSTORM OR SANDSTORM:
                                                       VSBY 1/2 MILE OR LESS
                                                   8 = SMOKE OR HAZE
[NO. OF DAYS WITH]      [WEATHER - DAYS WITH]      9 = BLOWING SNOW
                                                   X = TORNADO
MAX 32 OR BELOW:   0    0.01 INCH OR MORE:   6
MAX 90 OR ABOVE:  11    0.10 INCH OR MORE:   1
MIN 32 OR BELOW:   0    0.50 INCH OR MORE:   1
MIN  0 OR BELOW:   0    1.00 INCH OR MORE:   0

[HDD (BASE 65) ]
TOTAL THIS MO.     0    CLEAR  (SCALE 0-3)  10
DPTR FM NORMAL    -1    PTCLDY (SCALE 4-7)  15
TOTAL FM JUL 1     0    CLOUDY (SCALE 8-10)  2
DPTR FM NORMAL    -1

[CDD (BASE 65) ]
TOTAL THIS MO.   312
DPTR FM NORMAL    12    [PRESSURE DATA]
TOTAL FM JAN 1  2256    HIGHEST SLP M ON M
DPTR FM NORMAL   149    LOWEST  SLP 29.68 ON 22

[REMARKS]
