000
CXUS55 KGJT 280910
CF6CAG
PRELIMINARY LOCAL CLIMATOLOGICAL DATA (WS FORM: F-6)

                                          STATION:   CRAIG CO
                                          MONTH:     SEPTEMBER
                                          YEAR:      2022
                                          LATITUDE:   40 30 N
                                          LONGITUDE: 107 32 W

  TEMPERATURE IN F:       :PCPN:    SNOW:  WIND      :SUNSHINE: SKY     :PK WND
================================================================================
1   2   3   4   5  6A  6B    7    8   9   10  11  12  13   14  15   16   17  18
                                     12Z  AVG MX 2MIN
DY MAX MIN AVG DEP HDD CDD  WTR  SNW DPTH SPD SPD DIR MIN PSBL S-S WX    SPD DR
================================================================================

 1  94  41  68   6   0   3 0.00    M    M  3.2 15 330   M    M   0        21 340
 2  92  43  68   6   0   3 0.00    M    M  3.1 13 290   M    M   0        17 330
 3  94  45  70   8   0   5 0.00    M    M  2.9 13  40   M    M   0        17  30
 4  96  40  68   7   0   3 0.00    M    M  3.0 16 350   M    M   0        22 350
 5  96  42  69   8   0   4 0.00    M    M  2.3 16 340   M    M   0        23 330
 6  95  40  68   7   0   3 0.00    M    M  2.3 15 320   M    M   0        20 330
 7  95  39  67   7   0   2 0.00    M    M  2.4 13 170   M    M   0        18 280
 8  93  45  69   9   0   4 0.02    M    M  5.8 23 310   M    M   0 3      32 310
 9  81  45  63   3   2   0 0.00    M    M  4.9 16 310   M    M   0        25 350
10  74  36  55  -4  10   0 0.00    M    M  4.5 15 230   M    M   2        20 240
11  83  28  56  -3   9   0 0.00    M    M  2.1 13 310   M    M   0        18 230
12  87  30  59   0   6   0 0.00    M    M  1.5 18 310   M    M   0        24 290
13  83  35  59   1   6   0 0.11    M    M  5.2 20 150   M    M   4 3      33  10
14  74  46  60   2   5   0 0.06    M    M  5.5 31 270   M    M   7 1      42 280
15  69  45  57  -1   8   0 0.16    M    M  5.6 18 190   M    M   8 1      24 190
16  73  44  59   2   6   0 0.26    M    M  6.2 21 260   M    M   4 13     30 240
17  77  47  62   5   3   0 0.15    M    M  7.8 25 270   M    M   4 13     35 220
18  81  43  62   6   3   0 0.00    M    M  7.6 26 220   M    M   1        37 230
19  84  36  60   4   5   0 0.00    M    M  6.8 24 240   M    M   0        34 240
20  82  38  60   4   5   0 0.16    M    M  6.9 31 200   M    M   4        41 200
21  73  43  58   3   7   0 0.49    M    M  4.7 36 200   M    M   4 13     46 200
22  71  47  59   4   6   0 0.37    M    M  7.5 30 290   M    M   5 13     40 260
23  71  36  54   0  11   0 0.00    M    M  4.6 16 270   M    M   0        25 240
24  74  33  54   0  11   0 0.00    M    M  2.3 13 280   M    M   0        20 240
25  76  32  54   1  11   0 0.00    M    M  1.5 10 250   M    M   0        16 260
26  80  34  57   4   8   0 0.00    M    M  1.0  9 280   M    M   0        15 300
27  82  36  59   7   6   0 0.00    M    M  2.5 20 260   M    M   1        29 260
================================================================================
SM 2230 1069       128  27  1.78    M    113.7          M       44
================================================================================
AV 82.6 39.6                               4.2 FASTST   M    M   2    MAX(MPH)
                                 MISC ---->    36 200                 46 200
================================================================================
NOTES:
# LAST OF SEVERAL OCCURRENCES

COLUMN 17 PEAK WIND IN M.P.H.

PRELIMINARY LOCAL CLIMATOLOGICAL DATA (WS FORM: F-6) , PAGE 2

                                          STATION:   CRAIG CO
                                          MONTH:     SEPTEMBER
                                          YEAR:      2022
                                          LATITUDE:   40 30 N
                                          LONGITUDE: 107 32 W

[TEMPERATURE DATA]      [PRECIPITATION DATA]       SYMBOLS USED IN COLUMN 16

AVERAGE MONTHLY: 61.1   TOTAL FOR MONTH:   1.78    1 = FOG OR MIST
DPTR FM NORMAL:   3.4   DPTR FM NORMAL:    0.22    2 = FOG REDUCING VISIBILITY
HIGHEST:    96 ON  5, 4  GRTST 24HR  0.62 ON 20-21      TO 1/4 MILE OR LESS
LOWEST:     28 ON 11                               3 = THUNDER
                        SNOW, ICE PELLETS, HAIL    4 = ICE PELLETS
                        TOTAL MONTH:  M            5 = HAIL
                        GRTST 24HR    M  ON   M    6 = FREEZING RAIN OR DRIZZLE
                        GRTST DEPTH:  M  ON   M    7 = DUSTSTORM OR SANDSTORM:
                                                       VSBY 1/2 MILE OR LESS
                                                   8 = SMOKE OR HAZE
[NO. OF DAYS WITH]      [WEATHER - DAYS WITH]      9 = BLOWING SNOW
                                                   X = TORNADO
MAX 32 OR BELOW:   0    0.01 INCH OR MORE:   9
MAX 90 OR ABOVE:   8    0.10 INCH OR MORE:   7
MIN 32 OR BELOW:   3    0.50 INCH OR MORE:   0
MIN  0 OR BELOW:   0    1.00 INCH OR MORE:   0

[HDD (BASE 65) ]
TOTAL THIS MO.   128    CLEAR  (SCALE 0-3)  19
DPTR FM NORMAL   -76    PTCLDY (SCALE 4-7)   8
TOTAL FM JUL 1   130    CLOUDY (SCALE 8-10)  0
DPTR FM NORMAL  -125

[CDD (BASE 65) ]
TOTAL THIS MO.    27
DPTR FM NORMAL    25    [PRESSURE DATA]
TOTAL FM JAN 1   375    HIGHEST SLP M ON M
DPTR FM NORMAL   162    LOWEST  SLP 29.72 ON  9

[REMARKS]
