000
CXUS55 KABQ 281010
CF6CAO
PRELIMINARY LOCAL CLIMATOLOGICAL DATA (WS FORM: F-6)

                                          STATION:   CLAYTON  NM
                                          MONTH:     SEPTEMBER
                                          YEAR:      2022
                                          LATITUDE:   36 27 N
                                          LONGITUDE: 103  9 W

  TEMPERATURE IN F:       :PCPN:    SNOW:  WIND      :SUNSHINE: SKY     :PK WND
================================================================================
1   2   3   4   5  6A  6B    7    8   9   10  11  12  13   14  15   16   17  18
                                     12Z  AVG MX 2MIN
DY MAX MIN AVG DEP HDD CDD  WTR  SNW DPTH SPD SPD DIR MIN PSBL S-S WX    SPD DR
================================================================================

 1  87  55  71   0   0   6 0.00  0.0    0  8.2 16 220   M    M   1        22 200
 2  93  59  76   6   0  11 0.00  0.0    0 11.3 29  80   M    M   0        40  70
 3  86  60  73   3   0   8 0.00  0.0    0 10.1 21  80   M    M   0        30 320
 4  88  63  76   6   0  11 0.00  0.0    0  9.0 15 190   M    M   0 8      21 250
 5  92  54  73   3   0   8 0.00  0.0    0  7.8 18 120   M    M   0        27 190
 6  94  56  75   5   0  10 0.00  0.0    0  5.8 13  40   M    M   0        21 130
 7  94  59  77   8   0  12 0.00  0.0    0  7.0 15  60   M    M   0        21  60
 8  93  63  78   9   0  13 0.00  0.0    0  9.9 23 150   M    M   0        31 160
 9  82  58  70   1   0   5 0.00  0.0    0 13.5 26  20   M    M   1        35  20
10  58  48  53 -15  12   0 0.02  0.0    0 13.1 23  20   M    M  10 1      31  20
11  72  50  61  -7   4   0 0.00  0.0    0  8.5 20 200   M    M   6        28 200
12  86  52  69   1   0   4    T  0.0    0  7.7 32 260   M    M   1 3      53 260
13  88  53  71   3   0   6 0.00  0.0    0 12.3 23 180   M    M   0        32 180
14  82  57  70   3   0   5    T  0.0    0 13.1 31 180   M    M   3 3      41 180
15  87  57  72   5   0   7 0.00  0.0    0 11.2 24 220   M    M   1 8      44 220
16  89  53  71   5   0   6 0.00  0.0    0 11.7 25 210   M    M   1        38 200
17  91  57  74   8   0   9 0.00  0.0    0 13.9 26 210   M    M   0        35 200
18  91  62  77  11   0  12 0.00  0.0    0 12.5 24 200   M    M   0        32 180
19  89  61  75   9   0  10 0.00  0.0    0 14.6 30 190   M    M   1        42 160
20  91  62  77  12   0  12    T  0.0    0 12.7 23 250   M    M   1 8      35 180
21  86  51  69   4   0   4    T  0.0    0 14.5 28  20   M    M   3        36  20
22  79  51  65   1   0   0 0.05  0.0    0 10.1 25 180   M    M   6 18     36 180
23  88  53  71   7   0   6 0.00  0.0    0 11.7 22 260   M    M   1        32 260
24  84  54  69   5   0   4 0.00  0.0    0 10.4 24  30   M    M   0        31  30
25  76  54  65   2   0   0 0.00  0.0    0 10.5 23  30   M    M   0        32  30
26  83  51  67   4   0   2 0.00  0.0    0 11.5 22 220   M    M   0        32 210
27  84  55  70   8   0   5 0.00  0.0    0  6.9 15 120   M    M   0        20  60
================================================================================
SM 2313 1508        16 176  0.07  0.0    289.5          M       36
================================================================================
AV 85.7 55.9                              10.7 FASTST   M    M   1    MAX(MPH)
                                 MISC ---->    32 260                 53 260
================================================================================
NOTES:
# LAST OF SEVERAL OCCURRENCES

COLUMN 17 PEAK WIND IN M.P.H.

PRELIMINARY LOCAL CLIMATOLOGICAL DATA (WS FORM: F-6) , PAGE 2

                                          STATION:   CLAYTON  NM
                                          MONTH:     SEPTEMBER
                                          YEAR:      2022
                                          LATITUDE:   36 27 N
                                          LONGITUDE: 103  9 W

[TEMPERATURE DATA]      [PRECIPITATION DATA]       SYMBOLS USED IN COLUMN 16

AVERAGE MONTHLY: 70.8   TOTAL FOR MONTH:   0.07    1 = FOG OR MIST
DPTR FM NORMAL:   3.8   DPTR FM NORMAL:   -1.54    2 = FOG REDUCING VISIBILITY
HIGHEST:    94 ON  7, 6  GRTST 24HR  0.05 ON 21-22      TO 1/4 MILE OR LESS
LOWEST:     48 ON 10                               3 = THUNDER
                        SNOW, ICE PELLETS, HAIL    4 = ICE PELLETS
                        TOTAL MONTH:   0.0 INCH    5 = HAIL
                        GRTST 24HR  0.0            6 = FREEZING RAIN OR DRIZZLE
                        GRTST DEPTH:  0            7 = DUSTSTORM OR SANDSTORM:
                                                       VSBY 1/2 MILE OR LESS
                                                   8 = SMOKE OR HAZE
[NO. OF DAYS WITH]      [WEATHER - DAYS WITH]      9 = BLOWING SNOW
                                                   X = TORNADO
MAX 32 OR BELOW:   0    0.01 INCH OR MORE:   2
MAX 90 OR ABOVE:   8    0.10 INCH OR MORE:   0
MIN 32 OR BELOW:   0    0.50 INCH OR MORE:   0
MIN  0 OR BELOW:   0    1.00 INCH OR MORE:   0

[HDD (BASE 65) ]
TOTAL THIS MO.    16    CLEAR  (SCALE 0-3)  24
DPTR FM NORMAL   -38    PTCLDY (SCALE 4-7)   2
TOTAL FM JUL 1    17    CLOUDY (SCALE 8-10)  1
DPTR FM NORMAL   -44

[CDD (BASE 65) ]
TOTAL THIS MO.   176
DPTR FM NORMAL    70    [PRESSURE DATA]
TOTAL FM JAN 1  1239    HIGHEST SLP M ON M
DPTR FM NORMAL   288    LOWEST  SLP 29.61 ON  9

[REMARKS]
