000
CXUS54 KLZK 281230
CF6CCA
PRELIMINARY LOCAL CLIMATOLOGICAL DATA (WS FORM: F-6)

                                          STATION:   CLINTON
                                          MONTH:     SEPTEMBER
                                          YEAR:      2022
                                          LATITUDE:   35 32 N
                                          LONGITUDE:  92 22 W

  TEMPERATURE IN F:       :PCPN:    SNOW:  WIND      :SUNSHINE: SKY     :PK WND
================================================================================
1   2   3   4   5  6A  6B    7    8   9   10  11  12  13   14  15   16   17  18
                                     12Z  AVG MX 2MIN
DY MAX MIN AVG DEP HDD CDD  WTR  SNW DPTH SPD SPD DIR MIN PSBL S-S WX    SPD DR
================================================================================

 1  88  64  76   M   0  11    M    M    M  1.3  6 120   M    M   3         M   M
 2  84  70  77   M   0  12    M    M    M  0.8  7  99   M    M   7 1      13 230
 3  84  68  76   M   0  11    M    M    M  1.4  8 320   M    M   7 1      14 320
 4  88  64  76   M   0  11    M    M    M  1.3  6  99   M    M   1        12 340
 5  86  66  76   M   0  11    M    M    M  0.8  7 320   M    M   2        12   0
 6  88  66  77   M   0  12    M    M    M  0.9  5 160   M    M   3 1       M   M
 7  86  66  76   M   0  11    M    M    M  1.9  8 340   M    M   3 1      17  99
 8  86  63  75   M   0  10    M    M    M  1.1  7  99   M    M   1 1      12  99
 9  86  57  72   M   0   7    M    M    M  1.4  8 160   M    M   2 1      15  99
10  86  66  76   M   0  11    M    M    M  1.8  8 110   M    M   6        16 110
11  79  54  67   M   0   2    M    M    M  4.1 15 310   M    M   5        22 310
12  82  48  65   M   0   0    M    M    M  2.3  9 290   M    M   0        16  99
13  88  48  68   M   0   3    M    M    M  0.9  7 210   M    M   0        12 230
14  88  52  70   M   0   5    M    M    M  1.3  7 170   M    M   2        14  99
15  86  54  70   M   0   5    M    M    M  1.6  7  99   M    M   1        13 130
16  88  57  73   M   0   8    M    M    M  1.4  7  99   M    M   3        15  99
17  90  57  74   M   0   9    M    M    M  2.1  9 150   M    M   4 1      16 170
18  95  63  79   M   0  14    M    M    M  1.9  9 130   M    M   2 1      16 130
19  97  64  81   M   0  16    M    M    M  0.5  5  99   M    M   1 1      13  99
20  99  64  82   M   0  17    M    M    M  1.8  9 200   M    M   0        16 220
21 100  63  82   M   0  17    M    M    M  2.3 12 250   M    M   0 8      18 230
22  81  63  72   M   0   7    M    M    M  3.1  9 340   M    M   5        20  99
23  84  59  72   M   0   7    M    M    M  2.4  8 130   M    M   5        15 130
24  91  59  75   M   0  10    M    M    M  2.0 10 280   M    M   2        18 300
25  88  55  72   M   0   7    M    M    M  3.2 13 330   M    M   1 1      20 330
26  81  46  64   M   1   0    M    M    M  3.4 14 310   M    M   0        20 300
27  84  43  64   M   1   0    M    M    M  1.3  8 140   M    M   0        15 170
================================================================================
SM 2363 1599         2 234     M    M     48.5          M       66
================================================================================
AV 87.5 59.2                               1.8 FASTST   M    M   2    MAX(MPH)
                                 MISC ---->    15 310                 22 310
================================================================================
NOTES:
# LAST OF SEVERAL OCCURRENCES

COLUMN 17 PEAK WIND IN M.P.H.

PRELIMINARY LOCAL CLIMATOLOGICAL DATA (WS FORM: F-6) , PAGE 2

                                          STATION:   CLINTON
                                          MONTH:     SEPTEMBER
                                          YEAR:      2022
                                          LATITUDE:   35 32 N
                                          LONGITUDE:  92 22 W

[TEMPERATURE DATA]      [PRECIPITATION DATA]       SYMBOLS USED IN COLUMN 16

AVERAGE MONTHLY: 73.4   TOTAL FOR MONTH:      M    1 = FOG OR MIST
DPTR FM NORMAL:   0.0   DPTR FM NORMAL:       M    2 = FOG REDUCING VISIBILITY
HIGHEST:   100 ON 21    GRTST 24HR      M ON  M       TO 1/4 MILE OR LESS
LOWEST:     43 ON 27                               3 = THUNDER
                        SNOW, ICE PELLETS, HAIL    4 = ICE PELLETS
                        TOTAL MONTH:  M            5 = HAIL
                        GRTST 24HR    M  ON   M    6 = FREEZING RAIN OR DRIZZLE
                        GRTST DEPTH:  M  ON   M    7 = DUSTSTORM OR SANDSTORM:
                                                       VSBY 1/2 MILE OR LESS
                                                   8 = SMOKE OR HAZE
[NO. OF DAYS WITH]      [WEATHER - DAYS WITH]      9 = BLOWING SNOW
                                                   X = TORNADO
MAX 32 OR BELOW:   0    0.01 INCH OR MORE:   0
MAX 90 OR ABOVE:   6    0.10 INCH OR MORE:   0
MIN 32 OR BELOW:   0    0.50 INCH OR MORE:   0
MIN  0 OR BELOW:   0    1.00 INCH OR MORE:   0

[HDD (BASE 65) ]
TOTAL THIS MO.     2    CLEAR  (SCALE 0-3)  16
DPTR FM NORMAL     M    PTCLDY (SCALE 4-7)  11
TOTAL FM JUL 1     2    CLOUDY (SCALE 8-10)  0
DPTR FM NORMAL     M

[CDD (BASE 65) ]
TOTAL THIS MO.   234
DPTR FM NORMAL     M    [PRESSURE DATA]
TOTAL FM JAN 1  1833    HIGHEST SLP M ON M
DPTR FM NORMAL     M    LOWEST  SLP M ON M

[REMARKS]
