000
CXUS56 KMTR 260900
CF6CCR
PRELIMINARY LOCAL CLIMATOLOGICAL DATA (WS FORM: F-6)

                                          STATION:   CONCORD AIRPORT
                                          MONTH:     SEPTEMBER
                                          YEAR:      2022
                                          LATITUDE:   37 58 N
                                          LONGITUDE: 122  3 W

  TEMPERATURE IN F:       :PCPN:    SNOW:  WIND      :SUNSHINE: SKY     :PK WND
================================================================================
1   2   3   4   5  6A  6B    7    8   9   10  11  12  13   14  15   16   17  18
                                     12Z  AVG MX 2MIN
DY MAX MIN AVG DEP HDD CDD  WTR  SNW DPTH SPD SPD DIR MIN PSBL S-S WX    SPD DR
================================================================================

 1 100  58  79   6   0  14 0.00    M    M  4.6 13 310   M    M   0        16 300
 2  96  56  76   3   0  11 0.00    M    M  7.9 18 300   M    M   0        22 290
 3  98  64  81   8   0  16 0.00    M    M  7.2 17 310   M    M   0        20 290
 4 103  62  83  10   0  18 0.00    M    M  4.6 14 320   M    M   0        17 310
 5 112  67  90  17   0  25 0.00    M    M  4.5 16 290   M    M   0        20 280
 6 112  73  93  20   0  28 0.00    M    M  4.3 21 250   M    M   0        26 260
 7 103  70  87  14   0  22 0.00    M    M  6.4 17 300   M    M   0        22 300
 8 111  68  90  17   0  25 0.00    M    M  4.3 16 290   M    M   0        20 290
 9 100  63  82  10   0  17 0.00    M    M  6.4 15 200   M    M   0 8      18 210
10  81  64  73   1   0   8    T    M    M  8.7 18 240   M    M   0        24 230
11  91  67  79   7   0  14 0.00    M    M  7.2 17 300   M    M   0        20 290
12  86  62  74   2   0   9 0.00    M    M 12.3 26 190   M    M   1        32 190
13  76  61  69  -3   0   4 0.00    M    M 14.5 22 240   M    M   0        29 220
14  76  58  67  -5   0   2 0.00    M    M 10.3 20 250   M    M   0        24 240
15  74  60  67  -5   0   2 0.00    M    M  9.6 18 190   M    M   1        22 190
16  83  60  72   0   0   7 0.00    M    M 10.0 20 200   M    M   0        25 200
17  75  58  67  -5   0   2 0.00    M    M 13.9 24 230   M    M   1        28 220
18  74  62  68  -3   0   3 0.12    M    M  9.2 28 180   M    M   7 18     35 180
19  75  56  66  -5   0   1 0.04    M    M  4.5 15 250   M    M   5        20 100
20  76  54  65  -6   0   0 0.00    M    M  4.6 13  10   M    M   4        16 360
21  78  59  69  -2   0   4 0.01    M    M  6.0 14 250   M    M   5        17 260
22  83  55  69  -2   0   4 0.00    M    M  4.0 16 310   M    M   0        19 310
23  90  56  73   3   0   8 0.00    M    M  3.4 10  10   M    M   0        15  30
24  94  57  76   6   0  11 0.00    M    M  4.1 10 300   M    M   0        14  10
25  86  57  72   2   0   7 0.00    M    M  5.4 16 300   M    M   0        19 290
================================================================================
SM 2233 1527         0 262  0.17    M    177.9          M       24
================================================================================
AV 89.3 61.1                               7.1 FASTST   M    M   1    MAX(MPH)
                                 MISC ---->    28 180                 35 180
================================================================================
NOTES:
# LAST OF SEVERAL OCCURRENCES

COLUMN 17 PEAK WIND IN M.P.H.

PRELIMINARY LOCAL CLIMATOLOGICAL DATA (WS FORM: F-6) , PAGE 2

                                          STATION:   CONCORD AIRPORT
                                          MONTH:     SEPTEMBER
                                          YEAR:      2022
                                          LATITUDE:   37 58 N
                                          LONGITUDE: 122  3 W

[TEMPERATURE DATA]      [PRECIPITATION DATA]       SYMBOLS USED IN COLUMN 16

AVERAGE MONTHLY: 75.2   TOTAL FOR MONTH:   0.17    1 = FOG OR MIST
DPTR FM NORMAL:   3.3   DPTR FM NORMAL:    0.13    2 = FOG REDUCING VISIBILITY
HIGHEST:   112 ON  6, 5  GRTST 24HR  0.12 ON 18-18      TO 1/4 MILE OR LESS
LOWEST:     54 ON 20                               3 = THUNDER
                        SNOW, ICE PELLETS, HAIL    4 = ICE PELLETS
                        TOTAL MONTH:  M            5 = HAIL
                        GRTST 24HR    M  ON   M    6 = FREEZING RAIN OR DRIZZLE
                        GRTST DEPTH:  M  ON   M    7 = DUSTSTORM OR SANDSTORM:
                                                       VSBY 1/2 MILE OR LESS
                                                   8 = SMOKE OR HAZE
[NO. OF DAYS WITH]      [WEATHER - DAYS WITH]      9 = BLOWING SNOW
                                                   X = TORNADO
MAX 32 OR BELOW:   0    0.01 INCH OR MORE:   3
MAX 90 OR ABOVE:  12    0.10 INCH OR MORE:   1
MIN 32 OR BELOW:   0    0.50 INCH OR MORE:   0
MIN  0 OR BELOW:   0    1.00 INCH OR MORE:   0

[HDD (BASE 65) ]
TOTAL THIS MO.     0    CLEAR  (SCALE 0-3)  21
DPTR FM NORMAL     0    PTCLDY (SCALE 4-7)   4
TOTAL FM JUL 1     2    CLOUDY (SCALE 8-10)  0
DPTR FM NORMAL    -1

[CDD (BASE 65) ]
TOTAL THIS MO.   262
DPTR FM NORMAL    85    [PRESSURE DATA]
TOTAL FM JAN 1  1213    HIGHEST SLP M ON M
DPTR FM NORMAL   236    LOWEST  SLP 29.43 ON  9

[REMARKS]
