000
CXUS53 KARX 280900
CF6CCY
PRELIMINARY LOCAL CLIMATOLOGICAL DATA (WS FORM: F-6)

                                          STATION:   CHARLES_CITY IA
                                          MONTH:     SEPTEMBER
                                          YEAR:      2022
                                          LATITUDE:   43  4 N
                                          LONGITUDE:  92 37 W

  TEMPERATURE IN F:       :PCPN:    SNOW:  WIND      :SUNSHINE: SKY     :PK WND
================================================================================
1   2   3   4   5  6A  6B    7    8   9   10  11  12  13   14  15   16   17  18
                                     12Z  AVG MX 2MIN
DY MAX MIN AVG DEP HDD CDD  WTR  SNW DPTH SPD SPD DIR MIN PSBL S-S WX    SPD DR
================================================================================

 1  81  61  71   4   0   6 0.00  0.0    0  7.9 15 180   M    M   2        20 190
 2  82  64  73   6   0   8 0.00  0.0    0  8.8 15 170   M    M   2        21 170
 3  75  59  67   0   0   2 0.00  0.0    0 10.2 14 360   M    M   4        22 360
 4  73  55  64  -2   1   0 0.00  0.0    0  6.8 10  70   M    M   1        14  50
 5  73  57  65  -1   0   0 0.00  0.0    0  4.7  8 130   M    M   8         M   M
 6  77  59  68   2   0   3 0.00  0.0    0  4.5  9 180   M    M   5        12  99
 7  82  61  72   6   0   7 0.00  0.0    0  2.7  8 300   M    M   4         M   M
 8  79  61  70   5   0   5 0.00  0.0    0 10.0 20 180   M    M   0 1      24 180
 9  77  59  68   3   0   3 0.00  0.0    0 10.5 15 350   M    M   3        22 340
10  63  55  59  -5   6   0    M  0.0    0  8.3 15 340   M    M   6        22 340
11  70  46  58  -6   7   0 0.00  0.0    0  7.6 16 350   M    M   2        21 350
12  72  48  60  -4   5   0 0.00  0.0    0  8.5 15 360   M    M   2        23 340
13  73  46  60  -3   5   0 0.00  0.0    0  2.4  6 150   M    M   0         M   M
14  79  50  65   2   0   0 0.00  0.0    0  9.1 14 140   M    M   0        20 140
15  81  59  70   8   0   5 0.00  0.0    0 10.0 17 210   M    M   0        25 210
16  79  59  69   7   0   4 0.00  0.0    0  8.4 15 170   M    M   1        22 180
17  75  61  68   6   0   3 0.02  0.0    0  9.7 16 190   M    M   2        23 200
18  77  59  68   7   0   3 0.01  0.0    0  5.7 10 170   M    M   6 1      18 260
19  79  50  65   4   0   0 0.00  0.0    0  6.4 15 160   M    M   5 12     22 160
20  90  66  78  18   0  13 0.00  0.0    0  8.6 14 180   M    M   2        17 170
21  73  50  62   2   3   0 0.00  0.0    0 11.7 17 340   M    M   1        27 330
22  63  43  53  -6  12   0 0.00  0.0    0  6.4 10  50   M    M   2        16 340
23  59  48  54  -5  11   0 0.03  0.0    0 10.2 15 160   M    M   8 1      24 190
24  73  50  62   4   3   0 0.00  0.0    0  9.7 22 310   M    M   7 1      28 280
25  70  46  58   0   7   0 0.00  0.0    0 14.2 28 310   M    M   0        37 300
26  64  41  53  -5  12   0 0.00  0.0    0 11.7 23 310   M    M   0        32 310
27  63  37  50  -7  15   0 0.00  0.0    0  8.7 16  10   M    M   2        24 340
================================================================================
SM 2002 1450        87  62  0.06  0.0    223.4          M       75
================================================================================
AV 74.1 53.7                               8.3 FASTST   M    M   3    MAX(MPH)
                                 MISC ---->    28 310                 37 300
================================================================================
NOTES:
# LAST OF SEVERAL OCCURRENCES

COLUMN 17 PEAK WIND IN M.P.H.

PRELIMINARY LOCAL CLIMATOLOGICAL DATA (WS FORM: F-6) , PAGE 2

                                          STATION:   CHARLES_CITY IA
                                          MONTH:     SEPTEMBER
                                          YEAR:      2022
                                          LATITUDE:   43  4 N
                                          LONGITUDE:  92 37 W

[TEMPERATURE DATA]      [PRECIPITATION DATA]       SYMBOLS USED IN COLUMN 16

AVERAGE MONTHLY: 63.9   TOTAL FOR MONTH:   0.06    1 = FOG OR MIST
DPTR FM NORMAL:   1.3   DPTR FM NORMAL:   -2.86    2 = FOG REDUCING VISIBILITY
HIGHEST:    90 ON 20    GRTST 24HR  0.03 ON 23-23      TO 1/4 MILE OR LESS
LOWEST:     37 ON 27                               3 = THUNDER
                        SNOW, ICE PELLETS, HAIL    4 = ICE PELLETS
                        TOTAL MONTH:   0.0 INCH    5 = HAIL
                        GRTST 24HR  0.0            6 = FREEZING RAIN OR DRIZZLE
                        GRTST DEPTH:  0            7 = DUSTSTORM OR SANDSTORM:
                                                       VSBY 1/2 MILE OR LESS
                                                   8 = SMOKE OR HAZE
[NO. OF DAYS WITH]      [WEATHER - DAYS WITH]      9 = BLOWING SNOW
                                                   X = TORNADO
MAX 32 OR BELOW:   0    0.01 INCH OR MORE:   3
MAX 90 OR ABOVE:   1    0.10 INCH OR MORE:   0
MIN 32 OR BELOW:   0    0.50 INCH OR MORE:   0
MIN  0 OR BELOW:   0    1.00 INCH OR MORE:   0

[HDD (BASE 65) ]
TOTAL THIS MO.    87    CLEAR  (SCALE 0-3)  17
DPTR FM NORMAL   -40    PTCLDY (SCALE 4-7)  10
TOTAL FM JUL 1    87    CLOUDY (SCALE 8-10)  0
DPTR FM NORMAL   -68

[CDD (BASE 65) ]
TOTAL THIS MO.    62
DPTR FM NORMAL     3    [PRESSURE DATA]
TOTAL FM JAN 1   712    HIGHEST SLP M ON M
DPTR FM NORMAL    55    LOWEST  SLP M ON M

[REMARKS]
