000
CXAK56 PAFC 271037
CF6CDB
PRELIMINARY LOCAL CLIMATOLOGICAL DATA (WS FORM: F-6)

                                          STATION:   COLD BAY
                                          MONTH:     SEPTEMBER
                                          YEAR:      2022
                                          LATITUDE:   55 13 N
                                          LONGITUDE: 162 44 W

  TEMPERATURE IN F:       :PCPN:    SNOW:  WIND      :SUNSHINE: SKY     :PK WND
================================================================================
1   2   3   4   5  6A  6B    7    8   9   10  11  12  13   14  15   16   17  18
                                     12Z  AVG MX 2MIN
DY MAX MIN AVG DEP HDD CDD  WTR  SNW DPTH SPD SPD DIR MIN PSBL S-S WX    SPD DR
================================================================================

 1  55  49  52   1  13   0 0.13    M    M 21.1 30 260   M    M   9 1      36 250
 2  53  49  51   0  14   0 0.24    M    M 15.2 23 290   M    M  10 1      28 290
 3  54  47  51   0  14   0 0.09    M    M 15.4 24 290   M    M  10 1      28 320
 4  54  44  49  -2  16   0 0.02    M    M  9.2 15 340   M    M  10 1      18 310
 5  53  46  50  -1  15   0 0.01    M    M 12.3 22 270   M    M  10 1      26 270
 6  56  47  52   2  13   0 0.06    M    M  8.1 22 150   M    M  10 1      26 150
 7  55  48  52   2  13   0 0.16    M    M 10.5 22 310   M    M  10 1      28 320
 8  53  45  49  -1  16   0 0.33    M    M 21.9 36 290   M    M   9 1      42 280
 9  55  47  51   1  14   0 0.11    M    M 14.0 25 260   M    M  10 1      32 280
10  60  50  55   5  10   0 0.14    M    M 12.1 25 140   M    M   9 1      32 140
11  63  50  57   7   8   0 0.08    M    M 14.5 31 220   M    M   7        36 220
12  54  50  52   3  13   0 0.34    M    M 19.0 30 250   M    M  10 1      34 250
13  56  47  52   3  13   0 0.13    M    M 20.9 31 270   M    M  10 1      35 280
14  55  49  52   3  13   0 0.12    M    M 12.6 24 270   M    M  10 1      29 250
15  58  50  54   5  11   0 0.02    M    M 10.2 31 140   M    M  10 1      36 150
16  69  51  60  12   5   0 0.03    M    M 17.1 35 140   M    M   3 18     46 150
17  55  44  50   2  15   0 0.03    M    M 12.2 24 150   M    M   3 1      30 150
18  56  48  52   4  13   0 0.18    M    M  6.1 14 310   M    M  10 1      16 310
19  56  41  49   1  16   0 0.05    M    M  9.2 17 290   M    M   7 12     24 300
20  53  40  47  -1  18   0 0.13    M    M  8.2 16 290   M    M   9 1      21 330
21  57  35  46  -1  19   0    T    M    M 13.6 30 180   M    M   7 1      38 180
22  53  47  50   3  15   0 0.06    M    M 23.0 36 280   M    M   9 1      42 280
23  54  41  48   1  17   0 0.11    M    M 12.2 24 270   M    M   6 1      33 240
24  52  39  46   0  19   0 0.32    M    M 13.4 23 280   M    M   7 1      28 280
25  52  42  47   1  18   0 0.34    M    M 12.1 23 290   M    M   9 1      27 280
26  48  35  42  -4  23   0 0.08    M    M 13.7 32 120   M    M   6 1      41 120
================================================================================
SM 1439 1181       374   0  3.31    M    357.8          M      220
================================================================================
AV 55.3 45.4                              13.8 FASTST   M    M   8    MAX(MPH)
                                 MISC ---->  # 36 290                 46 150
================================================================================
NOTES:
# LAST OF SEVERAL OCCURRENCES

COLUMN 17 PEAK WIND IN M.P.H.

PRELIMINARY LOCAL CLIMATOLOGICAL DATA (WS FORM: F-6) , PAGE 2

                                          STATION:   COLD BAY
                                          MONTH:     SEPTEMBER
                                          YEAR:      2022
                                          LATITUDE:   55 13 N
                                          LONGITUDE: 162 44 W

[TEMPERATURE DATA]      [PRECIPITATION DATA]       SYMBOLS USED IN COLUMN 16

AVERAGE MONTHLY: 50.4   TOTAL FOR MONTH:   3.31    1 = FOG OR MIST
DPTR FM NORMAL:   1.5   DPTR FM NORMAL:   -0.55    2 = FOG REDUCING VISIBILITY
HIGHEST:    69 ON 16    GRTST 24HR  1.00 ON 31- 1      TO 1/4 MILE OR LESS
LOWEST:     35 ON 26,21                             3 = THUNDER
                        SNOW, ICE PELLETS, HAIL    4 = ICE PELLETS
                        TOTAL MONTH:  M            5 = HAIL
                        GRTST 24HR    M  ON   M    6 = FREEZING RAIN OR DRIZZLE
                        GRTST DEPTH:  M  ON   M    7 = DUSTSTORM OR SANDSTORM:
                                                       VSBY 1/2 MILE OR LESS
                                                   8 = SMOKE OR HAZE
[NO. OF DAYS WITH]      [WEATHER - DAYS WITH]      9 = BLOWING SNOW
                                                   X = TORNADO
MAX 32 OR BELOW:   0    0.01 INCH OR MORE:  25
MAX 90 OR ABOVE:   0    0.10 INCH OR MORE:  14
MIN 32 OR BELOW:   0    0.50 INCH OR MORE:   0
MIN  0 OR BELOW:   0    1.00 INCH OR MORE:   0

[HDD (BASE 65) ]
TOTAL THIS MO.   374    CLEAR  (SCALE 0-3)   2
DPTR FM NORMAL   -46    PTCLDY (SCALE 4-7)   6
TOTAL FM JUL 1  1219    CLOUDY (SCALE 8-10) 18
DPTR FM NORMAL    -1

[CDD (BASE 65) ]
TOTAL THIS MO.     0
DPTR FM NORMAL     0    [PRESSURE DATA]
TOTAL FM JAN 1     0    HIGHEST SLP M ON M
DPTR FM NORMAL     0    LOWEST  SLP 29.28 ON 24

[REMARKS]
