000
CXUS54 KLZK 281230
CF6CDH
PRELIMINARY LOCAL CLIMATOLOGICAL DATA (WS FORM: F-6)

                                          STATION:   CAMDEN AIRPORT
                                          MONTH:     SEPTEMBER
                                          YEAR:      2022
                                          LATITUDE:   33 57 N
                                          LONGITUDE:  92 46 W

  TEMPERATURE IN F:       :PCPN:    SNOW:  WIND      :SUNSHINE: SKY     :PK WND
================================================================================
1   2   3   4   5  6A  6B    7    8   9   10  11  12  13   14  15   16   17  18
                                     12Z  AVG MX 2MIN
DY MAX MIN AVG DEP HDD CDD  WTR  SNW DPTH SPD SPD DIR MIN PSBL S-S WX    SPD DR
================================================================================

 1  91  73  82   M   0  17 0.00    M    M  0.6  5  70   M    M   5 8       M   M
 2  84  72  78   M   0  13 0.78    M    M  1.3  8 320   M    M   4 1      16 340
 3  93  72  83   M   0  18 0.00    M    M  1.3  6 340   M    M   4 128     M   M
 4  91  70  81   M   0  16 0.00    M    M  2.4  7 160   M    M   2 1       M   M
 5  93  68  81   M   0  16 0.00    M    M  2.0  8 170   M    M   1        22   0
 6  97  68  83   M   0  18 0.00    M    M  1.4  8 180   M    M   2 12     16 110
 7  91  68  80   M   0  15 0.00    M    M  2.8  8  20   M    M   2 18     14 360
 8  90  66  78   M   0  13 0.00    M    M  4.0 12  20   M    M   1 1      15  30
 9  90  61  76   M   0  11 0.00    M    M  2.7  8  40   M    M   3 1      14  40
10  86  70  78   M   0  13 0.01    M    M  1.1  8  20   M    M   5 1      16  20
11  90  64  77   M   0  12 0.00    M    M  3.7 13 320   M    M   4 12     18 320
12  84  57  71   M   0   6 0.00    M    M  1.4  7  99   M    M   0 1      12  99
13  88  52  70   M   0   5 0.00    M    M  1.6  9 130   M    M   1 18     12   0
14  90  54  72   M   0   7 0.00    M    M  1.8  8  70   M    M   1 1      13  20
15  91  57  74   M   0   9 0.00    M    M  1.7  8 170   M    M   2 1      14   0
16  91  59  75   M   0  10 0.00    M    M  2.4  8 220   M    M   0 1      13  99
17  93  63  78   M   0  13 0.00    M    M  3.0 10  99   M    M   2 1       M   M
18  95  66  81   M   0  16 0.00    M    M  2.8  8  99   M    M   1 1      13  99
19  97  66  82   M   0  17 0.00    M    M  1.5  6  99   M    M   1 1       M   M
20  99  66  83   M   0  18 0.00    M    M  1.4  6  99   M    M   0 18     15  99
21  99  68  84   M   0  19 0.00    M    M  1.5  6  99   M    M   0 1       M   M
22  97  66  82   M   0  17 0.00    M    M  6.5 13  99   M    M   1 1      18  99
23  91  63  77   M   0  12 0.00    M    M  2.4  7  99   M    M   1        13  99
24  97  64  81   M   0  16 0.00    M    M  3.0  8  99   M    M   0 18     13  99
25  97  68  83   M   0  18 0.22    M    M  2.2  9 200   M    M   1 1      35  99
26  88  54  71   M   0   6 0.00    M    M  2.7 10 330   M    M   1        16  40
27  86  48  67   M   0   2 0.00    M    M  2.4 10  70   M    M   0        17  40
================================================================================
SM 2479 1723         0 353  1.01    M     61.7          M       45
================================================================================
AV 91.8 63.8                               2.3 FASTST   M    M   2    MAX(MPH)
                                 MISC ---->    13  99                 35  99
================================================================================
NOTES:
# LAST OF SEVERAL OCCURRENCES

COLUMN 17 PEAK WIND IN M.P.H.

PRELIMINARY LOCAL CLIMATOLOGICAL DATA (WS FORM: F-6) , PAGE 2

                                          STATION:   CAMDEN AIRPORT
                                          MONTH:     SEPTEMBER
                                          YEAR:      2022
                                          LATITUDE:   33 57 N
                                          LONGITUDE:  92 46 W

[TEMPERATURE DATA]      [PRECIPITATION DATA]       SYMBOLS USED IN COLUMN 16

AVERAGE MONTHLY: 77.8   TOTAL FOR MONTH:   1.01    1 = FOG OR MIST
DPTR FM NORMAL:   0.0   DPTR FM NORMAL:    1.01    2 = FOG REDUCING VISIBILITY
HIGHEST:    99 ON 21,20  GRTST 24HR  0.78 ON  2- 2      TO 1/4 MILE OR LESS
LOWEST:     48 ON 27                               3 = THUNDER
                        SNOW, ICE PELLETS, HAIL    4 = ICE PELLETS
                        TOTAL MONTH:  M            5 = HAIL
                        GRTST 24HR    M  ON   M    6 = FREEZING RAIN OR DRIZZLE
                        GRTST DEPTH:  M  ON   M    7 = DUSTSTORM OR SANDSTORM:
                                                       VSBY 1/2 MILE OR LESS
                                                   8 = SMOKE OR HAZE
[NO. OF DAYS WITH]      [WEATHER - DAYS WITH]      9 = BLOWING SNOW
                                                   X = TORNADO
MAX 32 OR BELOW:   0    0.01 INCH OR MORE:   3
MAX 90 OR ABOVE:  21    0.10 INCH OR MORE:   2
MIN 32 OR BELOW:   0    0.50 INCH OR MORE:   1
MIN  0 OR BELOW:   0    1.00 INCH OR MORE:   0

[HDD (BASE 65) ]
TOTAL THIS MO.     0    CLEAR  (SCALE 0-3)  22
DPTR FM NORMAL     M    PTCLDY (SCALE 4-7)   5
TOTAL FM JUL 1     0    CLOUDY (SCALE 8-10)  0
DPTR FM NORMAL     M

[CDD (BASE 65) ]
TOTAL THIS MO.   353
DPTR FM NORMAL     M    [PRESSURE DATA]
TOTAL FM JAN 1  2503    HIGHEST SLP M ON M
DPTR FM NORMAL     M    LOWEST  SLP M ON M

[REMARKS]
