000
CXUS55 KCYS 281610
CF6CDR
PRELIMINARY LOCAL CLIMATOLOGICAL DATA (WS FORM: F-6)

                                          STATION:   CHADRON NEBRASKA AIRPORT
                                          MONTH:     SEPTEMBER
                                          YEAR:      2022
                                          LATITUDE:   42 50 N
                                          LONGITUDE: 103  6 W

  TEMPERATURE IN F:       :PCPN:    SNOW:  WIND      :SUNSHINE: SKY     :PK WND
================================================================================
1   2   3   4   5  6A  6B    7    8   9   10  11  12  13   14  15   16   17  18
                                     12Z  AVG MX 2MIN
DY MAX MIN AVG DEP HDD CDD  WTR  SNW DPTH SPD SPD DIR MIN PSBL S-S WX    SPD DR
================================================================================

 1 100  50  75   6   0  10    T    M    M  4.0 17  40   M    M   0        34 260
 2  93  57  75   7   0  10 0.00    M    M  8.5 22  50   M    M   0        31  40
 3  93  49  71   3   0   6 0.00    M    M  9.1 24 160   M    M   0        32 160
 4 101  66  84  16   0  19 0.00    M    M 15.9 32 180   M    M   0        44 170
 5 103  59  81  14   0  16 0.00    M    M  5.6 24 180   M    M   0        30 180
 6 102  53  78  11   0  13 0.00    M    M  6.7 18 170   M    M   0        25 170
 7 102  68  85  18   0  20 0.00    M    M  8.8 25 180   M    M   0        33 180
 8  95  53  74   8   0   9 0.06    M    M 13.4 39  40   M    M   1 8      51  40
 9  57  49  53 -13  12   0 0.07    M    M  7.7 22  50   M    M   9        28  30
10  68  42  55 -10  10   0 0.00    M    M  4.6 14 260   M    M   5        19 270
11  83  35  59  -6   6   0 0.00    M    M  3.3 10 230   M    M   0        16 220
12  93  36  65   0   0   0 0.00    M    M  5.5 15 310   M    M   0 8      23 290
13  91  44  68   4   0   3 0.00    M    M  7.1 25 150   M    M   0 8      36 140
14  93  58  76  12   0  11 0.00    M    M  8.5 24 300   M    M   1        34 300
15  82  54  68   5   0   3 0.02    M    M  4.7 17  40   M    M   4        23  30
16  81  47  64   1   1   0    T    M    M  4.3 26 190   M    M   2 13     33 200
17  82  51  67   5   0   2 0.05    M    M  8.5 25 140   M    M   1        31 150
18  84  57  71   9   0   6 0.30    M    M 12.6 32 130   M    M   3 13     41 130
19  95  53  74  12   0   9 0.00    M    M  7.4 29 180   M    M   0        39 180
20  85  48  67   6   0   2    T    M    M  9.6 24  40   M    M   1        32  20
21  65  49  57  -4   8   0    T    M    M  8.8 18  30   M    M   3        25  30
22  57  51  54  -6  11   0 0.04    M    M 15.3 30 170   M    M   8        39 190
23  77  44  61   1   4   0 0.00    M    M 11.0 26 310   M    M   0        38 330
24  82  41  62   3   3   0 0.00    M    M  9.3 23 320   M    M   0        32 340
25  78  38  58  -1   7   0 0.00    M    M  7.8 20 320   M    M   0        31 330
26  85  34  60   2   5   0 0.00    M    M  5.9 20  10   M    M   0        25 320
27  81  37  59   1   6   0 0.00    M    M  6.8 23 160   M    M   0        30 150
================================================================================
SM 2308 1323        73 139  0.54    M    220.7          M       38
================================================================================
AV 85.5 49.0                               8.2 FASTST   M    M   1    MAX(MPH)
                                 MISC ---->    39  40                 51  40
================================================================================
NOTES:
# LAST OF SEVERAL OCCURRENCES

COLUMN 17 PEAK WIND IN M.P.H.

PRELIMINARY LOCAL CLIMATOLOGICAL DATA (WS FORM: F-6) , PAGE 2

                                          STATION:   CHADRON NEBRASKA AIRPORT
                                          MONTH:     SEPTEMBER
                                          YEAR:      2022
                                          LATITUDE:   42 50 N
                                          LONGITUDE: 103  6 W

[TEMPERATURE DATA]      [PRECIPITATION DATA]       SYMBOLS USED IN COLUMN 16

AVERAGE MONTHLY: 67.2   TOTAL FOR MONTH:   0.54    1 = FOG OR MIST
DPTR FM NORMAL:   3.6   DPTR FM NORMAL:   -0.90    2 = FOG REDUCING VISIBILITY
HIGHEST:   103 ON  5    GRTST 24HR  0.35 ON 17-18      TO 1/4 MILE OR LESS
LOWEST:     34 ON 26                               3 = THUNDER
                        SNOW, ICE PELLETS, HAIL    4 = ICE PELLETS
                        TOTAL MONTH:  M            5 = HAIL
                        GRTST 24HR    M  ON   M    6 = FREEZING RAIN OR DRIZZLE
                        GRTST DEPTH:  M  ON   M    7 = DUSTSTORM OR SANDSTORM:
                                                       VSBY 1/2 MILE OR LESS
                                                   8 = SMOKE OR HAZE
[NO. OF DAYS WITH]      [WEATHER - DAYS WITH]      9 = BLOWING SNOW
                                                   X = TORNADO
MAX 32 OR BELOW:   0    0.01 INCH OR MORE:   6
MAX 90 OR ABOVE:  12    0.10 INCH OR MORE:   1
MIN 32 OR BELOW:   0    0.50 INCH OR MORE:   0
MIN  0 OR BELOW:   0    1.00 INCH OR MORE:   0

[HDD (BASE 65) ]
TOTAL THIS MO.    73    CLEAR  (SCALE 0-3)  22
DPTR FM NORMAL   -40    PTCLDY (SCALE 4-7)   4
TOTAL FM JUL 1    73    CLOUDY (SCALE 8-10)  1
DPTR FM NORMAL   -63

[CDD (BASE 65) ]
TOTAL THIS MO.   139
DPTR FM NORMAL    64    [PRESSURE DATA]
TOTAL FM JAN 1  1097    HIGHEST SLP M ON M
DPTR FM NORMAL   294    LOWEST  SLP 29.65 ON 14

[REMARKS]
