000
CXUS54 KMOB 280914
CF6CEW
PRELIMINARY LOCAL CLIMATOLOGICAL DATA (WS FORM: F-6)

                                          STATION:   CRESTVIEW
                                          MONTH:     SEPTEMBER
                                          YEAR:      2022
                                          LATITUDE:   30 46 N
                                          LONGITUDE:  86 31 W

  TEMPERATURE IN F:       :PCPN:    SNOW:  WIND      :SUNSHINE: SKY     :PK WND
================================================================================
1   2   3   4   5  6A  6B    7    8   9   10  11  12  13   14  15   16   17  18
                                     12Z  AVG MX 2MIN
DY MAX MIN AVG DEP HDD CDD  WTR  SNW DPTH SPD SPD DIR MIN PSBL S-S WX    SPD DR
================================================================================

 1  93  73  83   4   0  18 0.00  0.0    0  1.3 15 190   M    M   2 138    21 190
 2  93  73  83   4   0  18 0.00  0.0    0  1.8 12 190   M    M   4 1      18 130
 3  89  73  81   2   0  16 0.00  0.0    0  3.3 13 210   M    M   3 1      18 190
 4  89  73  81   2   0  16 0.00  0.0    0  2.8 15 190   M    M   2        21 200
 5  92  70  81   2   0  16 0.00  0.0    0  2.8 15 270   M    M   1 1      21 270
 6  93  70  82   4   0  17 0.00  0.0    0  2.6 12 280   M    M   1 1      19 330
 7  89  73  81   3   0  16    T  0.0    0  2.2  7  90   M    M   2 1      10  60
 8  90  72  81   3   0  16    T  0.0    0  1.8 10 100   M    M   4 13     17 100
 9  83  71  77  -1   0  12 0.42  0.0    0  2.1 12  90   M    M   5 13     19 110
10  86  72  79   1   0  14 0.03  0.0    0  3.2 13 130   M    M   7 13     24 120
11  85  71  78   0   0  13 0.09  0.0    0  1.8 10 200   M    M   5 1      14 190
12  89  69  79   2   0  14 1.14  0.0    0  2.5 12 120   M    M   3 123    17 110
13  86  58  72  -5   0   7 0.00  0.0    0  2.5  8 340   M    M   0 1      13  80
14  89  56  73  -4   0   8 0.00  0.0    0  1.9 12  80   M    M   0        18  70
15  91  60  76  -1   0  11 0.00  0.0    0  2.2 10  90   M    M   1 1      16  70
16  90  63  77   1   0  12 0.00  0.0    0  2.1  9  70   M    M   1        15  70
17  93  67  80   4   0  15 0.00  0.0    0  2.7 12  80   M    M   1        19  70
18  92  65  79   3   0  14 0.00  0.0    0  0.9  9  80   M    M   1        13  80
19  92  63  78   2   0  13 0.00  0.0    0  3.9 13 350   M    M   1        20 350
20  95  63  79   4   0  14 0.00  0.0    0  1.6 10 340   M    M   1 1      15 360
21  97  68  83   8   0  18 0.00  0.0    0  2.2 10 100   M    M   1 1      17 120
22  97  64  81   6   0  16 0.00  0.0    0  2.4 12 350   M    M   0 1      17 350
23  91  63  77   3   0  12 0.00  0.0    0  3.2 12 330   M    M   0        17 340
24  92  61  77   3   0  12 0.00  0.0    0  2.3  8  80   M    M   1        13  80
25  93  62  78   4   0  13 0.00  0.0    0  1.6 12 320   M    M   0        17 320
26  95  66  81   7   0  16 0.00  0.0    0  3.6 12 340   M    M   0 1      18 350
27  86  60  73   0   0   8 0.00  0.0    0  4.0  8  20   M    M   0        24  20
================================================================================
SM 2450 1799         0 375  1.68  0.0     65.3          M       47
================================================================================
AV 90.7 66.6                               2.4 FASTST   M    M   2    MAX(MPH)
                                 MISC ---->  # 15 190               # 24 120
================================================================================
NOTES:
# LAST OF SEVERAL OCCURRENCES

COLUMN 17 PEAK WIND IN M.P.H.

PRELIMINARY LOCAL CLIMATOLOGICAL DATA (WS FORM: F-6) , PAGE 2

                                          STATION:   CRESTVIEW
                                          MONTH:     SEPTEMBER
                                          YEAR:      2022
                                          LATITUDE:   30 46 N
                                          LONGITUDE:  86 31 W

[TEMPERATURE DATA]      [PRECIPITATION DATA]       SYMBOLS USED IN COLUMN 16

AVERAGE MONTHLY: 78.7   TOTAL FOR MONTH:   1.68    1 = FOG OR MIST
DPTR FM NORMAL:   2.1   DPTR FM NORMAL:   -2.34    2 = FOG REDUCING VISIBILITY
HIGHEST:    97 ON 22,21  GRTST 24HR  1.14 ON 12-12      TO 1/4 MILE OR LESS
LOWEST:     56 ON 14                               3 = THUNDER
                        SNOW, ICE PELLETS, HAIL    4 = ICE PELLETS
                        TOTAL MONTH:   0.0 INCH    5 = HAIL
                        GRTST 24HR  0.0            6 = FREEZING RAIN OR DRIZZLE
                        GRTST DEPTH:  0            7 = DUSTSTORM OR SANDSTORM:
                                                       VSBY 1/2 MILE OR LESS
                                                   8 = SMOKE OR HAZE
[NO. OF DAYS WITH]      [WEATHER - DAYS WITH]      9 = BLOWING SNOW
                                                   X = TORNADO
MAX 32 OR BELOW:   0    0.01 INCH OR MORE:   4
MAX 90 OR ABOVE:  17    0.10 INCH OR MORE:   2
MIN 32 OR BELOW:   0    0.50 INCH OR MORE:   1
MIN  0 OR BELOW:   0    1.00 INCH OR MORE:   1

[HDD (BASE 65) ]
TOTAL THIS MO.     0    CLEAR  (SCALE 0-3)  20
DPTR FM NORMAL     0    PTCLDY (SCALE 4-7)   7
TOTAL FM JUL 1     0    CLOUDY (SCALE 8-10)  0
DPTR FM NORMAL     0

[CDD (BASE 65) ]
TOTAL THIS MO.   375
DPTR FM NORMAL    61    [PRESSURE DATA]
TOTAL FM JAN 1  2499    HIGHEST SLP M ON M
DPTR FM NORMAL   465    LOWEST  SLP 29.71 ON  8

[REMARKS]
