000
CXUS51 KLWX 280815
CF6CHO
PRELIMINARY LOCAL CLIMATOLOGICAL DATA (WS FORM: F-6)

                                          STATION:   CHARLOTTESVILLE VA
                                          MONTH:     SEPTEMBER
                                          YEAR:      2022
                                          LATITUDE:   38  7 N
                                          LONGITUDE:  78 27 W

  TEMPERATURE IN F:       :PCPN:    SNOW:  WIND      :SUNSHINE: SKY     :PK WND
================================================================================
1   2   3   4   5  6A  6B    7    8   9   10  11  12  13   14  15   16   17  18
                                     12Z  AVG MX 2MIN
DY MAX MIN AVG DEP HDD CDD  WTR  SNW DPTH SPD SPD DIR MIN PSBL S-S WX    SPD DR
================================================================================

 1  87  60  74   0   0   9 0.00    M    M  1.5  9 190   M    M   0        12  30
 2  87  63  75   1   0  10 0.00    M    M  2.7 12  50   M    M   1        16  50
 3  87  68  78   4   0  13 0.00    M    M  2.5  9 160   M    M   5 1      12 120
 4  89  68  79   5   0  14 0.00    M    M  3.0 15 170   M    M   4 1      20 160
 5  82  72  77   3   0  12 0.21    M    M  2.7 12 180   M    M   6 1      14 180
 6  88  72  80   7   0  15 0.25    M    M  3.0 14 190   M    M   5 1      19 170
 7  82  70  76   3   0  11 1.18    M    M  4.3 20  30   M    M   9 1      23  30
 8  78  64  71  -2   0   6 0.02    M    M  2.5 12  70   M    M   7 18     14  50
 9  83  61  72   0   0   7 0.00    M    M  3.2 12  50   M    M   2 12     15  40
10  77  60  69  -3   0   4 0.02    M    M  2.8  8  20   M    M   8 1      11  50
11  80  68  74   2   0   9 0.32    M    M  2.2  9  30   M    M   8 12     12  40
12  86  71  79   7   0  14 0.59    M    M  2.2 14 350   M    M   8 12     20 300
13  80  62  71   0   0   6 0.02    M    M  3.4 10 210   M    M   3 1      14 220
14  81  56  69  -2   0   4 0.00    M    M  2.6  8  20   M    M   1        13 300
15  83  57  70  -1   0   5 0.00    M    M  1.8  9  40   M    M   1 1      12 100
16   M   M   M   M   M   M 0.00    M    M  2.3  8  40   M    M   0 12     10  40
17  82  58  70   0   0   5 0.00    M    M  2.0  9 180   M    M   1 128    15 190
18  85  57  71   1   0   6 0.00    M    M  4.1 10 210   M    M   1 12     14 210
19  86  62  74   5   0   9 0.00    M    M  3.1 14 200   M    M   1 1      18 190
20  89  64  77   8   0  12 0.00    M    M  1.7  9 260   M    M   1        12 270
21  87  59  73   4   0   8 0.00    M    M  2.5 10 220   M    M   0 1      13 210
22  86  59  73   5   0   8    T    M    M  8.3 20 330   M    M   2        30 320
23  72  53  63  -5   2   0 0.00    M    M  6.6 15 340   M    M   0        28 360
24  73  52  63  -5   2   0 0.00    M    M  4.0 17 190   M    M   2        22 180
25  82  56  69   2   0   4    T    M    M  6.1 16 190   M    M   1        27 210
26  79  56  68   1   0   3 0.00    M    M  3.6 15 190   M    M   2        21 190
27  73  50  62  -4   3   0 0.00    M    M  2.9 10 200   M    M   3        16 260
================================================================================
SM 2144 1598         7 194  2.61    M     87.6          M       82
================================================================================
AV 82.5 61.5                               3.2 FASTST   M    M   3    MAX(MPH)
                                 MISC ---->    20 330                 30 320
================================================================================
NOTES:
# LAST OF SEVERAL OCCURRENCES

COLUMN 17 PEAK WIND IN M.P.H.

PRELIMINARY LOCAL CLIMATOLOGICAL DATA (WS FORM: F-6) , PAGE 2

                                          STATION:   CHARLOTTESVILLE VA
                                          MONTH:     SEPTEMBER
                                          YEAR:      2022
                                          LATITUDE:   38  7 N
                                          LONGITUDE:  78 27 W

[TEMPERATURE DATA]      [PRECIPITATION DATA]       SYMBOLS USED IN COLUMN 16

AVERAGE MONTHLY: 72.0   TOTAL FOR MONTH:   2.61    1 = FOG OR MIST
DPTR FM NORMAL:   1.2   DPTR FM NORMAL:   -1.00    2 = FOG REDUCING VISIBILITY
HIGHEST:    89 ON 20, 4  GRTST 24HR  1.18 ON  6- 7      TO 1/4 MILE OR LESS
LOWEST:     50 ON 27                               3 = THUNDER
                        SNOW, ICE PELLETS, HAIL    4 = ICE PELLETS
                        TOTAL MONTH:  M            5 = HAIL
                        GRTST 24HR    M  ON   M    6 = FREEZING RAIN OR DRIZZLE
                        GRTST DEPTH:  M  ON   M    7 = DUSTSTORM OR SANDSTORM:
                                                       VSBY 1/2 MILE OR LESS
                                                   8 = SMOKE OR HAZE
[NO. OF DAYS WITH]      [WEATHER - DAYS WITH]      9 = BLOWING SNOW
                                                   X = TORNADO
MAX 32 OR BELOW:   0    0.01 INCH OR MORE:   8
MAX 90 OR ABOVE:   0    0.10 INCH OR MORE:   5
MIN 32 OR BELOW:   0    0.50 INCH OR MORE:   2
MIN  0 OR BELOW:   0    1.00 INCH OR MORE:   1

[HDD (BASE 65) ]
TOTAL THIS MO.     7    CLEAR  (SCALE 0-3)  17
DPTR FM NORMAL   -12    PTCLDY (SCALE 4-7)   9
TOTAL FM JUL 1     7    CLOUDY (SCALE 8-10)  1
DPTR FM NORMAL   -13

[CDD (BASE 65) ]
TOTAL THIS MO.   194
DPTR FM NORMAL    15    [PRESSURE DATA]
TOTAL FM JAN 1  1506    HIGHEST SLP M ON M
DPTR FM NORMAL    56    LOWEST  SLP 29.66 ON 25

[REMARKS]
