000
CXUS55 KDVN 281000
CF6CID
PRELIMINARY LOCAL CLIMATOLOGICAL DATA (WS FORM: F-6)

                                          STATION:   CEDAR RAPIDS IA
                                          MONTH:     SEPTEMBER
                                          YEAR:      2022
                                          LATITUDE:   41 52 N
                                          LONGITUDE:  91 42 W

  TEMPERATURE IN F:       :PCPN:    SNOW:  WIND      :SUNSHINE: SKY     :PK WND
================================================================================
1   2   3   4   5  6A  6B    7    8   9   10  11  12  13   14  15   16   17  18
                                     12Z  AVG MX 2MIN
DY MAX MIN AVG DEP HDD CDD  WTR  SNW DPTH SPD SPD DIR MIN PSBL S-S WX    SPD DR
================================================================================

 1  87  61  74   6   0   9 0.00    M    M  8.0 17 200   M    M   2        23 190
 2  88  66  77   9   0  12 0.00    M    M  7.1 17 150   M    M   2        23 160
 3  76  67  72   4   0   7    T    M    M  8.9 14  50   M    M   7 18     20 220
 4  74  63  69   2   0   4 0.00    M    M  9.0 15  90   M    M  10        19  80
 5  76  63  70   3   0   5 0.00    M    M  6.9 12  60   M    M   9        17  80
 6  80  61  71   4   0   6 0.00    M    M  2.5  7 110   M    M   5 128    11 140
 7  85  56  71   5   0   6 0.00    M    M  4.8 14 350   M    M   3 128    17 360
 8  84  54  69   3   0   4 0.00    M    M  6.2 15 150   M    M   0 12     23 160
 9  87  58  73   7   0   8 0.00    M    M  7.8 15 170   M    M   1 8      22 180
10  73  58  66   0   0   1 0.71    M    M 10.5 18 350   M    M   8 12     26 350
11  73  55  64  -1   1   0 0.02    M    M 11.8 25 350   M    M   3        35 330
12  73  50  62  -3   3   0 0.00    M    M  9.4 21 350   M    M   6        29 340
13  79  45  62  -2   3   0 0.00    M    M  4.8  9  40   M    M   0        15 330
14  82  48  65   1   0   0 0.00    M    M  7.3 14 120   M    M   0        18 150
15  84  55  70   6   0   5 0.00    M    M  8.1 16 190   M    M   0        25 190
16  85  59  72   9   0   7 0.00    M    M  8.3 17 190   M    M   1 1      26 190
17  74  65  70   7   0   5 0.81    M    M  9.5 24 170   M    M   7 13     40 180
18  84  65  75  12   0  10 0.09    M    M  8.3 20 190   M    M   5 13     29 200
19  83  62  73  11   0   8 0.00    M    M  7.8 17  10   M    M   0 1      21  10
20  96  69  83  21   0  18 0.00    M    M 10.5 18 220   M    M   1 1      28 200
21  82  52  67   6   0   2 0.00    M    M 12.2 25 350   M    M   2        34 360
22  68  45  57  -4   8   0 0.00    M    M  6.9 17 360   M    M   0        24  10
23  57  48  53  -8  12   0 0.06    M    M  8.3 17 150   M    M   6 1      25 150
24  75  51  63   3   2   0 0.00    M    M  8.1 21 300   M    M   6 1      28 290
25  76  49  63   3   2   0 0.00    M    M 15.4 29 300   M    M   0        42 290
26  69  44  57  -2   8   0 0.00    M    M 12.7 26 320   M    M   0        36 310
27  67  38  53  -6  12   0 0.00    M    M 10.5 23 350   M    M   2        31 340
================================================================================
SM 2117 1507        51 117  1.69    M    231.6          M       86
================================================================================
AV 78.4 55.8                               8.6 FASTST   M    M   3    MAX(MPH)
                                 MISC ---->    29 300                 42 290
================================================================================
NOTES:
# LAST OF SEVERAL OCCURRENCES

COLUMN 17 PEAK WIND IN M.P.H.

PRELIMINARY LOCAL CLIMATOLOGICAL DATA (WS FORM: F-6) , PAGE 2

                                          STATION:   CEDAR RAPIDS IA
                                          MONTH:     SEPTEMBER
                                          YEAR:      2022
                                          LATITUDE:   41 52 N
                                          LONGITUDE:  91 42 W

[TEMPERATURE DATA]      [PRECIPITATION DATA]       SYMBOLS USED IN COLUMN 16

AVERAGE MONTHLY: 67.1   TOTAL FOR MONTH:   1.69    1 = FOG OR MIST
DPTR FM NORMAL:   3.2   DPTR FM NORMAL:   -1.41    2 = FOG REDUCING VISIBILITY
HIGHEST:    96 ON 20    GRTST 24HR  0.81 ON 17-17      TO 1/4 MILE OR LESS
LOWEST:     38 ON 27                               3 = THUNDER
                        SNOW, ICE PELLETS, HAIL    4 = ICE PELLETS
                        TOTAL MONTH:  M            5 = HAIL
                        GRTST 24HR    M  ON   M    6 = FREEZING RAIN OR DRIZZLE
                        GRTST DEPTH:  M  ON   M    7 = DUSTSTORM OR SANDSTORM:
                                                       VSBY 1/2 MILE OR LESS
                                                   8 = SMOKE OR HAZE
[NO. OF DAYS WITH]      [WEATHER - DAYS WITH]      9 = BLOWING SNOW
                                                   X = TORNADO
MAX 32 OR BELOW:   0    0.01 INCH OR MORE:   5
MAX 90 OR ABOVE:   1    0.10 INCH OR MORE:   2
MIN 32 OR BELOW:   0    0.50 INCH OR MORE:   2
MIN  0 OR BELOW:   0    1.00 INCH OR MORE:   0

[HDD (BASE 65) ]
TOTAL THIS MO.    51    CLEAR  (SCALE 0-3)  16
DPTR FM NORMAL   -54    PTCLDY (SCALE 4-7)   8
TOTAL FM JUL 1    51    CLOUDY (SCALE 8-10)  3
DPTR FM NORMAL   -72

[CDD (BASE 65) ]
TOTAL THIS MO.   117
DPTR FM NORMAL    43    [PRESSURE DATA]
TOTAL FM JAN 1   905    HIGHEST SLP M ON M
DPTR FM NORMAL   162    LOWEST  SLP 29.77 ON 20

[REMARKS]
