000
CXUS51 KRLX 251134
CF6CKB
PRELIMINARY LOCAL CLIMATOLOGICAL DATA (WS FORM: F-6)

                                          STATION:   CLARKSBURG WV
                                          MONTH:     SEPTEMBER
                                          YEAR:      2022
                                          LATITUDE:   39 16 N
                                          LONGITUDE:  80 14 W

  TEMPERATURE IN F:       :PCPN:    SNOW:  WIND      :SUNSHINE: SKY     :PK WND
================================================================================
1   2   3   4   5  6A  6B    7    8   9   10  11  12  13   14  15   16   17  18
                                     12Z  AVG MX 2MIN
DY MAX MIN AVG DEP HDD CDD  WTR  SNW DPTH SPD SPD DIR MIN PSBL S-S WX    SPD DR
================================================================================

 1  84  59  72   1   0   7 0.00    M    M  2.1  9 270   M    M   1        12 330
 2  88  62  75   4   0  10 0.00    M    M  1.6  8 140   M    M   1 1      12  90
 3  88  64  76   5   0  11    T    M    M  1.6  9 230   M    M   1 13     11 220
 4  84  68  76   5   0  11 0.08    M    M  1.5 13 280   M    M   6 128    16 270
 5  76  70  73   3   0   8 0.86    M    M  2.7 10 170   M    M   8 1      14 180
 6  82  69  76   6   0  11 0.00    M    M  2.7 13 300   M    M   7 128    16 310
 7  78  65  72   2   0   7 0.06    M    M  4.9 16 350   M    M   8 18     20 350
 8  79  63  71   1   0   6    T    M    M  1.7  9 360   M    M   7 128    13 360
 9  85  59  72   3   0   7 0.00    M    M  3.7 10 120   M    M   3 128    13 120
10  72  60  66  -3   0   1 0.37    M    M  1.7  7  30   M    M   5 1       9  90
11  82  66  74   5   0   9 0.36    M    M  3.5 14 210   M    M   7 18     18 210
12  78  61  70   2   0   5 0.10    M    M  4.7 22 270   M    M   9 18     29 270
13  72  54  63  -5   2   0 0.00    M    M  4.9 15 250   M    M   6 12     21 260
14  77  51  64  -4   1   0 0.00    M    M  1.2  8 270   M    M   2 1      11 310
15  80  55  68   0   0   3 0.00    M    M  1.7  9  10   M    M   2 18     12 350
16  81  57  69   2   0   4 0.00    M    M  0.6  8  20   M    M   4 128    10  20
17  84  57  71   4   0   6 0.00    M    M  1.5  9 240   M    M   3 12     13 210
18  83  61  72   6   0   7 0.00    M    M  2.7 15 240   M    M   3 18     20 240
19  75  61  68   2   0   3 0.40    M    M  2.9 16 160   M    M   6 128    21 170
20  82  63  73   7   0   8 0.00    M    M  2.0 10 270   M    M   4 128    13 330
21  86  60  73   7   0   8 0.00    M    M  4.5 17 340   M    M   2 1      22 340
22  76  51  64  -1   1   0 0.22    M    M  9.0 23 330   M    M   6 13     33 320
23  67  44  56  -9   9   0 0.00    M    M  2.7 12 320   M    M   2 8      16 310
24  72  51  62  -2   3   0    T    M    M  3.0 14 250   M    M   5        18 250
================================================================================
SM 1911 1431        16 132  2.45    M     69.1          M      108
================================================================================
AV 79.6 59.6                               2.9 FASTST   M    M   5    MAX(MPH)
                                 MISC ---->    23 330                 33 320
================================================================================
NOTES:
# LAST OF SEVERAL OCCURRENCES

COLUMN 17 PEAK WIND IN M.P.H.

PRELIMINARY LOCAL CLIMATOLOGICAL DATA (WS FORM: F-6) , PAGE 2

                                          STATION:   CLARKSBURG WV
                                          MONTH:     SEPTEMBER
                                          YEAR:      2022
                                          LATITUDE:   39 16 N
                                          LONGITUDE:  80 14 W

[TEMPERATURE DATA]      [PRECIPITATION DATA]       SYMBOLS USED IN COLUMN 16

AVERAGE MONTHLY: 69.6   TOTAL FOR MONTH:   2.45    1 = FOG OR MIST
DPTR FM NORMAL:   1.5   DPTR FM NORMAL:   -0.36    2 = FOG REDUCING VISIBILITY
HIGHEST:    88 ON  3, 2  GRTST 24HR  0.87 ON  4- 5      TO 1/4 MILE OR LESS
LOWEST:     44 ON 23                               3 = THUNDER
                        SNOW, ICE PELLETS, HAIL    4 = ICE PELLETS
                        TOTAL MONTH:  M            5 = HAIL
                        GRTST 24HR    M  ON   M    6 = FREEZING RAIN OR DRIZZLE
                        GRTST DEPTH:  M  ON   M    7 = DUSTSTORM OR SANDSTORM:
                                                       VSBY 1/2 MILE OR LESS
                                                   8 = SMOKE OR HAZE
[NO. OF DAYS WITH]      [WEATHER - DAYS WITH]      9 = BLOWING SNOW
                                                   X = TORNADO
MAX 32 OR BELOW:   0    0.01 INCH OR MORE:   8
MAX 90 OR ABOVE:   0    0.10 INCH OR MORE:   6
MIN 32 OR BELOW:   0    0.50 INCH OR MORE:   1
MIN  0 OR BELOW:   0    1.00 INCH OR MORE:   0

[HDD (BASE 65) ]
TOTAL THIS MO.    16    CLEAR  (SCALE 0-3)   9
DPTR FM NORMAL   -17    PTCLDY (SCALE 4-7)  14
TOTAL FM JUL 1    16    CLOUDY (SCALE 8-10)  1
DPTR FM NORMAL   -20

[CDD (BASE 65) ]
TOTAL THIS MO.   132
DPTR FM NORMAL    21    [PRESSURE DATA]
TOTAL FM JAN 1  1116    HIGHEST SLP M ON M
DPTR FM NORMAL   121    LOWEST  SLP 29.72 ON 22

[REMARKS]
