000
CXUS52 KGSP 280817
CF6CLT
PRELIMINARY LOCAL CLIMATOLOGICAL DATA (WS FORM: F-6)

                                          STATION:   CHARLOTTE NC
                                          MONTH:     SEPTEMBER
                                          YEAR:      2022
                                          LATITUDE:   35 12 N
                                          LONGITUDE:  80 57 W

  TEMPERATURE IN F:       :PCPN:    SNOW:  WIND      :SUNSHINE: SKY     :PK WND
================================================================================
1   2   3   4   5  6A  6B    7    8   9   10  11  12  13   14  15   16   17  18
                                     12Z  AVG MX 2MIN
DY MAX MIN AVG DEP HDD CDD  WTR  SNW DPTH SPD SPD DIR MIN PSBL S-S WX    SPD DR
================================================================================

 1  89  64  77   1   0  12 0.00  0.0    0  6.1 13  30   M    M   2        22  70
 2  91  66  79   3   0  14 0.00  0.0    0  4.7 12  50   M    M   5        22  50
 3  91  67  79   3   0  14 0.00  0.0    0  4.3 16 160   M    M   6        21 160
 4  89  73  81   5   0  16 0.11  0.0    0  6.0 15 170   M    M   8        23 150
 5  81  74  78   2   0  13 0.65  0.0    0  9.5 18 140   M    M   9 13     22 150
 6  90  72  81   6   0  16 0.01  0.0    0  4.3 14 360   M    M   8 1      18  10
 7  88  69  79   4   0  14 0.00  0.0    0  7.0 13  20   M    M   6        19  30
 8  84  68  76   1   0  11 0.00  0.0    0  8.9 16  80   M    M   6        23  70
 9  83  66  75   0   0  10 0.00  0.0    0 10.1 16  90   M    M   6        25  70
10  77  67  72  -2   0   7 1.24  0.0    0  7.7 16  50   M    M   9 1      23  50
11  86  71  79   5   0  14 0.03  0.0    0  5.2 13 250   M    M   8        17 240
12  87  71  79   5   0  14 0.30  0.0    0  6.5 16 160   M    M   5 13     22 310
13  82  61  72  -2   0   7 0.00  0.0    0  5.3 12  30   M    M   3        15  40
14  81  59  70  -3   0   5 0.00  0.0    0  6.9 14  10   M    M   2        19  40
15  83  58  71  -2   0   6 0.00  0.0    0  7.6 14  10   M    M   1        22  40
16  83  60  72  -1   0   7 0.00  0.0    0  3.5 10  70   M    M   3        15  60
17  83  61  72   0   0   7 0.00  0.0    0  4.5 10 100   M    M   3 1      18  80
18  84  60  72   0   0   7 0.00  0.0    0  3.1  9  30   M    M   4        13 100
19  88  62  75   3   0  10 0.00  0.0    0  2.5 10 360   M    M   3        14 340
20  89  62  76   4   0  11 0.00  0.0    0  4.1 13 360   M    M   1        15  10
21  91  62  77   6   0  12 0.00  0.0    0  2.6  8 300   M    M   1        14  40
22  96  61  79   8   0  14 0.00  0.0    0  8.2 24 350   M    M   3        33 360
23  75  51  63  -7   2   0 0.00  0.0    0  7.2 17  30   M    M   1        22  50
24  79  49  64  -6   1   0 0.00  0.0    0  3.5 13 220   M    M   5        18 230
25  76  58  67  -3   0   2    T  0.0    0  5.2 16 200   M    M   5        21 200
26  82  57  70   0   0   5 0.00  0.0    0  5.1 16 230   M    M   2 1      22 220
27  77  50  64  -5   1   0 0.00  0.0    0  5.9 14 360   M    M   3        18 350
================================================================================
SM 2285 1699         4 248  2.34  0.0    155.5          M      118
================================================================================
AV 84.6 62.9                               5.8 FASTST   M    M   4    MAX(MPH)
                                 MISC ---->    24 350                 33 360
================================================================================
NOTES:
# LAST OF SEVERAL OCCURRENCES

COLUMN 17 PEAK WIND IN M.P.H.

PRELIMINARY LOCAL CLIMATOLOGICAL DATA (WS FORM: F-6) , PAGE 2

                                          STATION:   CHARLOTTE NC
                                          MONTH:     SEPTEMBER
                                          YEAR:      2022
                                          LATITUDE:   35 12 N
                                          LONGITUDE:  80 57 W

[TEMPERATURE DATA]      [PRECIPITATION DATA]       SYMBOLS USED IN COLUMN 16

AVERAGE MONTHLY: 73.8   TOTAL FOR MONTH:   2.34    1 = FOG OR MIST
DPTR FM NORMAL:   0.7   DPTR FM NORMAL:   -0.96    2 = FOG REDUCING VISIBILITY
HIGHEST:    96 ON 22    GRTST 24HR  1.24 ON 10-10      TO 1/4 MILE OR LESS
LOWEST:     49 ON 24                               3 = THUNDER
                        SNOW, ICE PELLETS, HAIL    4 = ICE PELLETS
                        TOTAL MONTH:   0.0 INCH    5 = HAIL
                        GRTST 24HR  0.0            6 = FREEZING RAIN OR DRIZZLE
                        GRTST DEPTH:  0            7 = DUSTSTORM OR SANDSTORM:
                                                       VSBY 1/2 MILE OR LESS
                                                   8 = SMOKE OR HAZE
[NO. OF DAYS WITH]      [WEATHER - DAYS WITH]      9 = BLOWING SNOW
                                                   X = TORNADO
MAX 32 OR BELOW:   0    0.01 INCH OR MORE:   6
MAX 90 OR ABOVE:   5    0.10 INCH OR MORE:   4
MIN 32 OR BELOW:   0    0.50 INCH OR MORE:   2
MIN  0 OR BELOW:   0    1.00 INCH OR MORE:   1

[HDD (BASE 65) ]
TOTAL THIS MO.     4    CLEAR  (SCALE 0-3)  12
DPTR FM NORMAL    -3    PTCLDY (SCALE 4-7)  13
TOTAL FM JUL 1     4    CLOUDY (SCALE 8-10)  2
DPTR FM NORMAL    -3

[CDD (BASE 65) ]
TOTAL THIS MO.   248
DPTR FM NORMAL    18    [PRESSURE DATA]
TOTAL FM JAN 1  1962    HIGHEST SLP M ON M
DPTR FM NORMAL   269    LOWEST  SLP M ON M

[REMARKS]
