000
CXUS53 KARX 280900
CF6CMY
PRELIMINARY LOCAL CLIMATOLOGICAL DATA (WS FORM: F-6)

                                          STATION:   SPARTA - FORT MCCOY WI
                                          MONTH:     SEPTEMBER
                                          YEAR:      2022
                                          LATITUDE:   43 58 N
                                          LONGITUDE:  90 44 W

  TEMPERATURE IN F:       :PCPN:    SNOW:  WIND      :SUNSHINE: SKY     :PK WND
================================================================================
1   2   3   4   5  6A  6B    7    8   9   10  11  12  13   14  15   16   17  18
                                     12Z  AVG MX 2MIN
DY MAX MIN AVG DEP HDD CDD  WTR  SNW DPTH SPD SPD DIR MIN PSBL S-S WX    SPD DR
================================================================================

 1  87  53  70   M   0   5 0.00  0.0    0  5.4 16 190   M    M   0        22 210
 2  84  62  73   M   0   8 0.06  0.0    0  6.5 17 240   M    M   2 1      30 240
 3  79  55  67   M   0   2 0.29  0.0    0  5.1  9  30   M    M   4 3       M   M
 4  72  47  60   M   5   0 0.00  0.0    0  2.9  7 120   M    M   3         M   M
 5  75  46  61   M   4   0 0.00  0.0    0  2.0  9 140   M    M   2 1       M   M
 6  78  46  62   M   3   0 0.00  0.0    0  0.7  5 200   M    M   5         M   M
 7  85  52  69   M   0   4 0.00  0.0    0  1.3  6 290   M    M   2 12      M   M
 8  83  55  69   M   0   4 0.00  0.0    0  6.9 17 210   M    M   3 12     23 210
 9  83  59  71   M   0   6 0.10  0.0    0  7.5 14 210   M    M   4         M   M
10  62  54  58   M   7   0 0.76  0.0    0  3.0  7 300   M    M   8 12      M   M
11  62  53  58   M   7   0 0.00  0.0    0  2.9  7 310   M    M   3 12      M   M
12  68  47  58   M   7   0 0.49  0.0    0  1.8  8 310   M    M   6 12      M   M
13  78  41  60   M   5   0 0.00  0.0    0  1.9  9 300   M    M   2 12      M   M
14  74  46  60   M   5   0 0.00  0.0    0  3.0  8 120   M    M   0 12      M   M
15  82  57  70   M   0   5 0.00  0.0    0  6.5 16 200   M    M   3        21 200
16  83  53  68   M   0   3 0.00  0.0    0  6.8 13 180   M    M   2        22 200
17  79  55  67   M   0   2 0.00  0.0    0  6.3 18 190   M    M   2 1      23 190
18  78  57  68   M   0   3    T  0.0    0  5.5 10 240   M    M   6 1       M   M
19  79  49  64   M   1   0 0.03  0.0    0  1.4  8 190   M    M   2 12      M   M
20  86  59  73   M   0   8    T  0.0    0  5.3 14 120   M    M   4 1       M   M
21  72  51  62   M   3   0    T  0.0    0  8.5 16 290   M    M   3 1      22 290
22  63  36  50   M  15   0 0.00  0.0    0  2.1  9  30   M    M   1 1      17 360
23  60  34  47   M  18   0 0.04  0.0    0  4.3 14 160   M    M   8 1      18 160
24  62  50  56   M   9   0 0.26  0.0    0  2.5  8 310   M    M   8 1       M   M
25  70  52  61   M   4   0 0.08  0.0    0  8.8 21 300   M    M   7 1      27 300
26  60  32  46   M  19   0 0.00  0.0    0  7.6 17 300   M    M   4        24 310
27  56  29  43   M  22   0 0.00  0.0    0  4.4 13 350   M    M   4        17 340
================================================================================
SM 2000 1330       134  50  2.11  0.0    120.9          M       98
================================================================================
AV 74.1 49.3                               4.5 FASTST   M    M   4    MAX(MPH)
                                 MISC ---->    21 300                 30 240
================================================================================
NOTES:
# LAST OF SEVERAL OCCURRENCES

COLUMN 17 PEAK WIND IN M.P.H.

PRELIMINARY LOCAL CLIMATOLOGICAL DATA (WS FORM: F-6) , PAGE 2

                                          STATION:   SPARTA - FORT MCCOY WI
                                          MONTH:     SEPTEMBER
                                          YEAR:      2022
                                          LATITUDE:   43 58 N
                                          LONGITUDE:  90 44 W

[TEMPERATURE DATA]      [PRECIPITATION DATA]       SYMBOLS USED IN COLUMN 16

AVERAGE MONTHLY: 61.7   TOTAL FOR MONTH:   2.11    1 = FOG OR MIST
DPTR FM NORMAL:   0.0   DPTR FM NORMAL:    2.11    2 = FOG REDUCING VISIBILITY
HIGHEST:    87 ON  1    GRTST 24HR  0.76 ON 10-10      TO 1/4 MILE OR LESS
LOWEST:     29 ON 27                               3 = THUNDER
                        SNOW, ICE PELLETS, HAIL    4 = ICE PELLETS
                        TOTAL MONTH:   0.0 INCH    5 = HAIL
                        GRTST 24HR  0.0            6 = FREEZING RAIN OR DRIZZLE
                        GRTST DEPTH:  0            7 = DUSTSTORM OR SANDSTORM:
                                                       VSBY 1/2 MILE OR LESS
                                                   8 = SMOKE OR HAZE
[NO. OF DAYS WITH]      [WEATHER - DAYS WITH]      9 = BLOWING SNOW
                                                   X = TORNADO
MAX 32 OR BELOW:   0    0.01 INCH OR MORE:   9
MAX 90 OR ABOVE:   0    0.10 INCH OR MORE:   5
MIN 32 OR BELOW:   2    0.50 INCH OR MORE:   1
MIN  0 OR BELOW:   0    1.00 INCH OR MORE:   0

[HDD (BASE 65) ]
TOTAL THIS MO.   134    CLEAR  (SCALE 0-3)  15
DPTR FM NORMAL     M    PTCLDY (SCALE 4-7)  10
TOTAL FM JUL 1   156    CLOUDY (SCALE 8-10)  2
DPTR FM NORMAL     M

[CDD (BASE 65) ]
TOTAL THIS MO.    50
DPTR FM NORMAL     M    [PRESSURE DATA]
TOTAL FM JAN 1   385    HIGHEST SLP M ON M
DPTR FM NORMAL     M    LOWEST  SLP M ON M

[REMARKS]
