000
CXUS53 KICT 281410
CF6CNU
PRELIMINARY LOCAL CLIMATOLOGICAL DATA (WS FORM: F-6)

                                          STATION:   CHANUTE KS
                                          MONTH:     SEPTEMBER
                                          YEAR:      2022
                                          LATITUDE:   37 40 N
                                          LONGITUDE:  95 29 W

  TEMPERATURE IN F:       :PCPN:    SNOW:  WIND      :SUNSHINE: SKY     :PK WND
================================================================================
1   2   3   4   5  6A  6B    7    8   9   10  11  12  13   14  15   16   17  18
                                     12Z  AVG MX 2MIN
DY MAX MIN AVG DEP HDD CDD  WTR  SNW DPTH SPD SPD DIR MIN PSBL S-S WX    SPD DR
================================================================================

 1  97  60  79   3   0  14    T    M    M  7.6 18 190   M    M   0        25 200
 2  91  64  78   2   0  13 0.00    M    M  5.1 13  80   M    M   3 12     18  70
 3  96  62  79   3   0  14 0.00    M    M  5.1 15 340   M    M   3 12     19 340
 4  88  63  76   1   0  11 0.00    M    M  8.0 15 350   M    M   4        21  10
 5  87  68  78   3   0  13 0.00    M    M  7.3 15  50   M    M   2 1      21  50
 6  93  63  78   3   0  13 0.00    M    M  5.6 10  80   M    M   1 1      17  80
 7  91  63  77   3   0  12 0.00    M    M  5.8 16  40   M    M   0 1      33  90
 8  94  57  76   2   0  11 0.00    M    M  3.8 12 160   M    M   0 18     16 120
 9  94  62  78   4   0  13 0.00    M    M  7.4 14 180   M    M   0        17 160
10  90  60  75   2   0  10 0.07    M    M  8.9 23 340   M    M   5        31 350
11  81  51  66  -7   0   1 0.00    M    M  7.3 20 350   M    M   2 8      26 350
12  89  47  68  -4   0   3    M    M    M  5.5 14 250   M    M   0 8      22 340
13  93  52  73   1   0   8 0.00    M    M  5.8 16 210   M    M   0        21 200
14  92  61  77   5   0  12    M    M    M  9.6 15 190   M    M   1        25 160
15  90  60  75   4   0  10 0.00    M    M 10.2 22 190   M    M   0        30 150
16  92  61  77   6   0  12    T    M    M 11.5 22 160   M    M   1        30 160
17  98  71  85  14   0  20 0.00    M    M 15.0 25 200   M    M   0        37 220
18 101  76  89  19   0  24 0.00    M    M 13.6 25 200   M    M   0        35 210
19 102  71  87  17   0  22 0.00    M    M 11.0 21 200   M    M   0        30 180
20 102  72  87  18   0  22 0.00    M    M 10.7 23 210   M    M   0        34 200
21 103  66  85  16   0  20 0.00    M    M 11.9 24  20   M    M   2        34 350
22  67  56  62  -7   3   0 0.34    M    M  9.8 21  50   M    M   9 1      30  40
23  82  59  71   3   0   6 0.00    M    M    M  M   M   M    M   2         M   M
24  90  58  74   6   0   9 0.00    M    M    M  M   M   M    M   M         M   M
25  80  50  65  -3   0   0 0.00    M    M    M  M   M   M    M   M         M   M
26  78  51  65  -2   0   0 0.00    M    M    M  M   M   M    M   M         M   M
27   M   M   M   M   M   M 0.00    M    M    M  M   M   M    M   0         M   M
================================================================================
SM 2361 1584         3 293  0.41    M    186.5          M       35
================================================================================
AV 90.8 60.9                               8.5 FASTST   M    M   1    MAX(MPH)
                                 MISC ---->  # 25 200                 37 220
================================================================================
NOTES:
# LAST OF SEVERAL OCCURRENCES

COLUMN 17 PEAK WIND IN M.P.H.

PRELIMINARY LOCAL CLIMATOLOGICAL DATA (WS FORM: F-6) , PAGE 2

                                          STATION:   CHANUTE KS
                                          MONTH:     SEPTEMBER
                                          YEAR:      2022
                                          LATITUDE:   37 40 N
                                          LONGITUDE:  95 29 W

[TEMPERATURE DATA]      [PRECIPITATION DATA]       SYMBOLS USED IN COLUMN 16

AVERAGE MONTHLY: 75.9   TOTAL FOR MONTH:   0.41    1 = FOG OR MIST
DPTR FM NORMAL:   4.2   DPTR FM NORMAL:   -3.29    2 = FOG REDUCING VISIBILITY
HIGHEST:   103 ON 21    GRTST 24HR  0.34 ON 22-22      TO 1/4 MILE OR LESS
LOWEST:     47 ON 12                               3 = THUNDER
                        SNOW, ICE PELLETS, HAIL    4 = ICE PELLETS
                        TOTAL MONTH:  M            5 = HAIL
                        GRTST 24HR    M  ON   M    6 = FREEZING RAIN OR DRIZZLE
                        GRTST DEPTH:  M  ON   M    7 = DUSTSTORM OR SANDSTORM:
                                                       VSBY 1/2 MILE OR LESS
                                                   8 = SMOKE OR HAZE
[NO. OF DAYS WITH]      [WEATHER - DAYS WITH]      9 = BLOWING SNOW
                                                   X = TORNADO
MAX 32 OR BELOW:   0    0.01 INCH OR MORE:   2
MAX 90 OR ABOVE:  18    0.10 INCH OR MORE:   1
MIN 32 OR BELOW:   0    0.50 INCH OR MORE:   0
MIN  0 OR BELOW:   0    1.00 INCH OR MORE:   0

[HDD (BASE 65) ]
TOTAL THIS MO.     3    CLEAR  (SCALE 0-3)  21
DPTR FM NORMAL   -20    PTCLDY (SCALE 4-7)   2
TOTAL FM JUL 1     3    CLOUDY (SCALE 8-10)  4
DPTR FM NORMAL   -21

[CDD (BASE 65) ]
TOTAL THIS MO.   293
DPTR FM NORMAL    89    [PRESSURE DATA]
TOTAL FM JAN 1  2118    HIGHEST SLP M ON M
DPTR FM NORMAL   470    LOWEST  SLP 29.75 ON  9

[REMARKS]
