000
CXUS54 KFWD 280731
CF6CNW
PRELIMINARY LOCAL CLIMATOLOGICAL DATA (WS FORM: F-6)

                                          STATION:   WACO TSTC
                                          MONTH:     SEPTEMBER
                                          YEAR:      2022
                                          LATITUDE:   31 38 N
                                          LONGITUDE:  97 -4 E

  TEMPERATURE IN F:       :PCPN:    SNOW:  WIND      :SUNSHINE: SKY     :PK WND
================================================================================
1   2   3   4   5  6A  6B    7    8   9   10  11  12  13   14  15   16   17  18
                                     12Z  AVG MX 2MIN
DY MAX MIN AVG DEP HDD CDD  WTR  SNW DPTH SPD SPD DIR MIN PSBL S-S WX    SPD DR
================================================================================

 1  91  75  83   M   0  18    M    M    M  2.5 16  20   M    M   4        28  20
 2  84  73  79   M   0  14    M    M    M  3.7 12 350   M    M   4 13      M   M
 3  88  75  82   M   0  17    M    M    M  2.2  9 200   M    M   3         M   M
 4  95  68  82   M   0  17    M    M    M  4.3 23 360   M    M   2        35 360
 5  93  66  80   M   0  15    M    M    M  2.4 10 170   M    M   1         M   M
 6  95  73  84   M   0  19    M    M    M  3.5 15 210   M    M   3         M   M
 7  95  72  84   M   0  19    M    M    M  1.5  9 150   M    M   3         M   M
 8  91  68  80   M   0  15 0.00    M    M  3.4 10  40   M    M   3         M   M
 9  91  72  82   M   0  17 0.00  0.0    M  2.5  6  70   M    M   1         M   M
10  91  68  80   M   0  15 0.00    M    M  2.5  8  90   M    M   4         M   M
11  86  68  77   M   0  12 0.00    M    M  9.2 16 350   M    M   0        22 330
12  86  64  75   M   0  10    M    M    M  2.3  7  50   M    M   2         M   M
13  91  64  78   M   0  13    M    M    M  3.8  9 130   M    M   2         M   M
14  93  64  79   M   0  14    M    M    M  2.2 10 150   M    M   2         M   M
15  90  57  74   M   0   9 0.00    M    M  1.9  9 140   M    M   1         M   M
16  93  66  80   M   0  15 0.00    M    M  3.5 10 120   M    M   4         M   M
17  95  77  86   M   0  21 0.00    M    M  6.3 13 200   M    M   5        18 150
18  95  72  84   M   0  19 0.00    M    M  3.2  9 130   M    M   1         M   M
19  95  72  84   M   0  19    M    M    M  4.2  9 110   M    M   1         M   M
20  97  72  85   M   0  20    M    M    M  3.5  9 120   M    M   1         M   M
21  97  66  82   M   0  17    M    M    M  2.5 10 140   M    M   0         M   M
22  99  64  82   M   0  17    M    M    M  0.7  6 310   M    M   2         M   M
23  99  66  83   M   0  18    M    M    M  2.7  9 180   M    M   1         M   M
24  95  70  83   M   0  18    M    M    M  4.2 12 180   M    M   0        17 160
25  95  72  84   M   0  19    M    M    M  3.8 14 350   M    M   1        21 350
26  88  63  76   M   0  11    M    M    M  7.2 14  10   M    M   0        23  10
27  91  54  73   M   0   8    M    M    M  3.1  9 110   M    M   0         M   M
================================================================================
SM 2499 1841         0 426  0.00  0.0     92.9          M       51
================================================================================
AV 92.6 68.2                               3.4 FASTST   M    M   2    MAX(MPH)
                                 MISC ---->    23 360                 35 360
================================================================================
NOTES:
# LAST OF SEVERAL OCCURRENCES

COLUMN 17 PEAK WIND IN M.P.H.

PRELIMINARY LOCAL CLIMATOLOGICAL DATA (WS FORM: F-6) , PAGE 2

                                          STATION:   WACO TSTC
                                          MONTH:     SEPTEMBER
                                          YEAR:      2022
                                          LATITUDE:   31 38 N
                                          LONGITUDE:  97 -4 E

[TEMPERATURE DATA]      [PRECIPITATION DATA]       SYMBOLS USED IN COLUMN 16

AVERAGE MONTHLY: 80.4   TOTAL FOR MONTH:   0.00    1 = FOG OR MIST
DPTR FM NORMAL:   0.0   DPTR FM NORMAL:    0.00    2 = FOG REDUCING VISIBILITY
HIGHEST:    99 ON 23,22  GRTST 24HR  0.00 ON  8- 8      TO 1/4 MILE OR LESS
LOWEST:     54 ON 27                               3 = THUNDER
                        SNOW, ICE PELLETS, HAIL    4 = ICE PELLETS
                        TOTAL MONTH:   0.0 INCH    5 = HAIL
                        GRTST 24HR  0.0            6 = FREEZING RAIN OR DRIZZLE
                        GRTST DEPTH:  M  ON   M    7 = DUSTSTORM OR SANDSTORM:
                                                       VSBY 1/2 MILE OR LESS
                                                   8 = SMOKE OR HAZE
[NO. OF DAYS WITH]      [WEATHER - DAYS WITH]      9 = BLOWING SNOW
                                                   X = TORNADO
MAX 32 OR BELOW:   0    0.01 INCH OR MORE:   0
MAX 90 OR ABOVE:  22    0.10 INCH OR MORE:   0
MIN 32 OR BELOW:   0    0.50 INCH OR MORE:   0
MIN  0 OR BELOW:   0    1.00 INCH OR MORE:   0

[HDD (BASE 65) ]
TOTAL THIS MO.     0    CLEAR  (SCALE 0-3)  22
DPTR FM NORMAL     M    PTCLDY (SCALE 4-7)   5
TOTAL FM JUL 1     0    CLOUDY (SCALE 8-10)  0
DPTR FM NORMAL     M

[CDD (BASE 65) ]
TOTAL THIS MO.   426
DPTR FM NORMAL     M    [PRESSURE DATA]
TOTAL FM JAN 1  3074    HIGHEST SLP M ON M
DPTR FM NORMAL     M    LOWEST  SLP M ON M

[REMARKS]
