000
CXUS53 KLSX 281400
CF6COU
PRELIMINARY LOCAL CLIMATOLOGICAL DATA (WS FORM: F-6)

                                          STATION:   COLUMBIA ASOS
                                          MONTH:     SEPTEMBER
                                          YEAR:      2022
                                          LATITUDE:   38 49 N
                                          LONGITUDE:  92 13 W

  TEMPERATURE IN F:       :PCPN:    SNOW:  WIND      :SUNSHINE: SKY     :PK WND
================================================================================
1   2   3   4   5  6A  6B    7    8   9   10  11  12  13   14  15   16   17  18
                                     12Z  AVG MX 2MIN
DY MAX MIN AVG DEP HDD CDD  WTR  SNW DPTH SPD SPD DIR MIN PSBL S-S WX    SPD DR
================================================================================

 1  90  63  77   3   0  12 0.00  0.0    0  7.0 14 170   M    M   0        18 140
 2  77  67  72  -2   0   7 0.25  0.0    0  5.4 14 190   M    M   5 138    21 190
 3  89  61  75   1   0  10 0.00  0.0    0  4.0 10  50   M    M   1 1      12  40
 4  83  66  75   2   0  10 0.38  0.0    0  7.9 20  10   M    M   4 18     24  10
 5  77  68  73   0   0   8 0.00  0.0    0  7.3 13  40   M    M   8 1      18  60
 6  82  66  74   1   0   9 0.00  0.0    0  4.6 10 360   M    M   6 1      13 340
 7  85  64  75   3   0  10 0.00  0.0    0  6.1 15 350   M    M   0        22 350
 8  86  60  73   1   0   8 0.00  0.0    0  3.6 10 360   M    M   1 8      14  10
 9  86  60  73   1   0   8 0.00  0.0    0  5.8 13 150   M    M   0        19 110
10  89  60  75   4   0  10 0.00  0.0    0  5.5 17 330   M    M   1        21 320
11  76  56  66  -5   0   1 0.93  0.0    0 10.9 23 320   M    M   5 1      31 320
12  81  54  68  -3   0   3 0.00  0.0    0  7.9 22 300   M    M   0 8      32 300
13  85  55  70   0   0   5 0.00  0.0    0  2.6  8 110   M    M   0        11 110
14  88  59  74   4   0   9 0.00  0.0    0  5.9 13 170   M    M   0        16 170
15  85  61  73   3   0   8 0.00  0.0    0  7.0 14 160   M    M   0        22 170
16  86  62  74   5   0   9 0.00  0.0    0  7.6 17 210   M    M   1        23 220
17  90  68  79  10   0  14 0.00  0.0    0 10.0 17 190   M    M   2        25 150
18  88  69  79  11   0  14 0.05  0.0    0 10.0 20 210   M    M   3 3      27 220
19  98  75  87  19   0  22 0.00  0.0    0  9.1 18 250   M    M   0        24 250
20  98  70  84  16   0  19 0.00  0.0    M  9.3 22 220   M    M   0        28 230
21  96  64  80  13   0  15 0.02  0.0    0 11.6 28 350   M    M   3        34 360
22  72  57  65  -2   0   0 0.00  0.0    0  9.1 17  10   M    M   1        23  10
23  59  55  57  -9   8   0 0.19  0.0    0  9.1 15 110   M    M   7        23 100
24  88  52  70   4   0   5 0.00  0.0    0  5.5 16 260   M    M   0        22 300
25  81  57  69   3   0   4 0.00  0.0    0 10.8 23 320   M    M   0        36 320
26  74  49  62  -3   3   0 0.00  0.0    0  9.1 21 310   M    M   0        35 330
27  79  49  64  -1   1   0 0.00  0.0    0  6.1 14  40   M    M   0        18  30
================================================================================
SM 2268 1647        12 220  1.82  0.0    198.8          M       48
================================================================================
AV 84.0 61.0                               7.4 FASTST   M    M   2    MAX(MPH)
                                 MISC ---->    28 350                 36 320
================================================================================
NOTES:
# LAST OF SEVERAL OCCURRENCES

COLUMN 17 PEAK WIND IN M.P.H.

PRELIMINARY LOCAL CLIMATOLOGICAL DATA (WS FORM: F-6) , PAGE 2

                                          STATION:   COLUMBIA ASOS
                                          MONTH:     SEPTEMBER
                                          YEAR:      2022
                                          LATITUDE:   38 49 N
                                          LONGITUDE:  92 13 W

[TEMPERATURE DATA]      [PRECIPITATION DATA]       SYMBOLS USED IN COLUMN 16

AVERAGE MONTHLY: 72.5   TOTAL FOR MONTH:   1.82    1 = FOG OR MIST
DPTR FM NORMAL:   2.7   DPTR FM NORMAL:   -1.65    2 = FOG REDUCING VISIBILITY
HIGHEST:    98 ON 20,19  GRTST 24HR  0.93 ON 11-11      TO 1/4 MILE OR LESS
LOWEST:     49 ON 27,26                             3 = THUNDER
                        SNOW, ICE PELLETS, HAIL    4 = ICE PELLETS
                        TOTAL MONTH:   0.0 INCH    5 = HAIL
                        GRTST 24HR  0.0            6 = FREEZING RAIN OR DRIZZLE
                        GRTST DEPTH:  0            7 = DUSTSTORM OR SANDSTORM:
                                                       VSBY 1/2 MILE OR LESS
                                                   8 = SMOKE OR HAZE
[NO. OF DAYS WITH]      [WEATHER - DAYS WITH]      9 = BLOWING SNOW
                                                   X = TORNADO
MAX 32 OR BELOW:   0    0.01 INCH OR MORE:   6
MAX 90 OR ABOVE:   5    0.10 INCH OR MORE:   4
MIN 32 OR BELOW:   0    0.50 INCH OR MORE:   1
MIN  0 OR BELOW:   0    1.00 INCH OR MORE:   0

[HDD (BASE 65) ]
TOTAL THIS MO.    12    CLEAR  (SCALE 0-3)  20
DPTR FM NORMAL   -21    PTCLDY (SCALE 4-7)   7
TOTAL FM JUL 1    12    CLOUDY (SCALE 8-10)  0
DPTR FM NORMAL   -22

[CDD (BASE 65) ]
TOTAL THIS MO.   220
DPTR FM NORMAL    56    [PRESSURE DATA]
TOTAL FM JAN 1  1688    HIGHEST SLP M ON M
DPTR FM NORMAL   286    LOWEST  SLP 29.83 ON  9

[REMARKS]
