000
CXUS51 KRLX 281130
CF6CRW
PRELIMINARY LOCAL CLIMATOLOGICAL DATA (WS FORM: F-6)

                                          STATION:   CHARLESTON WV
                                          MONTH:     SEPTEMBER
                                          YEAR:      2022
                                          LATITUDE:   38 22 N
                                          LONGITUDE:  81 36 W

  TEMPERATURE IN F:       :PCPN:    SNOW:  WIND      :SUNSHINE: SKY     :PK WND
================================================================================
1   2   3   4   5  6A  6B    7    8   9   10  11  12  13   14  15   16   17  18
                                     12Z  AVG MX 2MIN
DY MAX MIN AVG DEP HDD CDD  WTR  SNW DPTH SPD SPD DIR MIN PSBL S-S WX    SPD DR
================================================================================

 1  83  58  71  -2   0   6 0.00  0.0    0  1.2  8  20   M    M   3 12     11  90
 2  88  59  74   2   0   9 0.00  0.0    0  2.3 10 190   M    M   6 1      15 180
 3  86  65  76   4   0  11 0.05  0.0    0  1.8  9  40   M    M   7 1      12  30
 4  78  68  73   1   0   8 0.26  0.0    0  1.7  8  90   M    M   9 1      12 100
 5  73  69  71  -1   0   6 0.42  0.0    0  1.6  6 110   M    M   9 12      7  70
 6  81  69  75   3   0  10    T  0.0    0  0.8  7  80   M    M   8 1      11 280
 7  81  62  72   1   0   7    T  0.0    0  2.5 14 320   M    M   7 1      18 300
 8  77  61  69  -2   0   4 0.00  0.0    0  1.9  9  10   M    M   7 12     13  80
 9  83  60  72   1   0   7 0.00  0.0    0  2.5 12 120   M    M   5 12     15 120
10  72  60  66  -4   0   1 0.12  0.0    0  2.9 12 150   M    M   8 1      16 160
11  82  66  74   4   0   9 0.26  0.0    0  2.3 24 320   M    M   9 13     31 320
12  72  56  64  -6   1   0 0.05  0.0    0  4.2 15 250   M    M   7 1      22 260
13  73  52  63  -6   2   0 0.00  0.0    0  3.3 15 230   M    M   4 1      22 240
14  76  52  64  -5   1   0 0.00  0.0    0  0.6  7 320   M    M   5 128    10 310
15  80  55  68  -1   0   3 0.00  0.0    0  1.2  9  50   M    M   4 12     15 360
16  82  57  70   2   0   5 0.00  0.0    0  1.0  7  20   M    M   5 12     14 150
17  84  59  72   4   0   7 0.00  0.0    0  1.0  7 210   M    M   5 12     10 150
18  82  59  71   3   0   6 0.00  0.0    0  2.2 13 210   M    M   5 1      16 220
19  80  58  69   2   0   4    T  0.0    0  2.8 14 220   M    M   5 1      19 230
20  85  62  74   7   0   9 0.00  0.0    0  1.8 10 330   M    M   4 12     13 290
21  87  59  73   7   0   8 0.00  0.0    0  4.0 13 190   M    M   3 12     17 200
22  73  50  62  -4   3   0 0.14  0.0    0  7.0 21 310   M    M   5 1      33 330
23  68  44  56 -10   9   0 0.00  0.0    0  1.5  9 300   M    M   4 1      13 330
24  74  51  63  -2   2   0 0.02  0.0    0  4.0 15 190   M    M   7        20 200
25  76  54  65   0   0   0 0.00  0.0    0  6.9 21 240   M    M   5 1      29 270
26  72  49  61  -4   4   0 0.00  0.0    0  6.1 21 230   M    M   5        28 290
27  66  44  55  -9  10   0 0.00  0.0    0  3.9 18 250   M    M   3 1      24 220
================================================================================
SM 2114 1558        32 120  1.32  0.0     73.0          M      154
================================================================================
AV 78.3 57.7                               2.7 FASTST   M    M   6    MAX(MPH)
                                 MISC ---->    24 320                 33 330
================================================================================
NOTES:
# LAST OF SEVERAL OCCURRENCES

COLUMN 17 PEAK WIND IN M.P.H.

PRELIMINARY LOCAL CLIMATOLOGICAL DATA (WS FORM: F-6) , PAGE 2

                                          STATION:   CHARLESTON WV
                                          MONTH:     SEPTEMBER
                                          YEAR:      2022
                                          LATITUDE:   38 22 N
                                          LONGITUDE:  81 36 W

[TEMPERATURE DATA]      [PRECIPITATION DATA]       SYMBOLS USED IN COLUMN 16

AVERAGE MONTHLY: 68.0   TOTAL FOR MONTH:   1.32    1 = FOG OR MIST
DPTR FM NORMAL:  -0.8   DPTR FM NORMAL:   -1.81    2 = FOG REDUCING VISIBILITY
HIGHEST:    88 ON  2    GRTST 24HR  0.54 ON  4- 5      TO 1/4 MILE OR LESS
LOWEST:     44 ON 27,23                             3 = THUNDER
                        SNOW, ICE PELLETS, HAIL    4 = ICE PELLETS
                        TOTAL MONTH:   0.0 INCH    5 = HAIL
                        GRTST 24HR  0.0            6 = FREEZING RAIN OR DRIZZLE
                        GRTST DEPTH:  0            7 = DUSTSTORM OR SANDSTORM:
                                                       VSBY 1/2 MILE OR LESS
                                                   8 = SMOKE OR HAZE
[NO. OF DAYS WITH]      [WEATHER - DAYS WITH]      9 = BLOWING SNOW
                                                   X = TORNADO
MAX 32 OR BELOW:   0    0.01 INCH OR MORE:   8
MAX 90 OR ABOVE:   0    0.10 INCH OR MORE:   5
MIN 32 OR BELOW:   0    0.50 INCH OR MORE:   0
MIN  0 OR BELOW:   0    1.00 INCH OR MORE:   0

[HDD (BASE 65) ]
TOTAL THIS MO.    32    CLEAR  (SCALE 0-3)   3
DPTR FM NORMAL     1    PTCLDY (SCALE 4-7)  20
TOTAL FM JUL 1    32    CLOUDY (SCALE 8-10)  4
DPTR FM NORMAL     0

[CDD (BASE 65) ]
TOTAL THIS MO.   120
DPTR FM NORMAL   -19    [PRESSURE DATA]
TOTAL FM JAN 1  1149    HIGHEST SLP M ON M
DPTR FM NORMAL    19    LOWEST  SLP 29.70 ON 25

[REMARKS]
