000
CXUS52 KFFC 271010
CF6CSG
PRELIMINARY LOCAL CLIMATOLOGICAL DATA (WS FORM: F-6)

                                          STATION:   COLUMBUS
                                          MONTH:     SEPTEMBER
                                          YEAR:      2022
                                          LATITUDE:   32 31 N
                                          LONGITUDE:  84 56 W

  TEMPERATURE IN F:       :PCPN:    SNOW:  WIND      :SUNSHINE: SKY     :PK WND
================================================================================
1   2   3   4   5  6A  6B    7    8   9   10  11  12  13   14  15   16   17  18
                                     12Z  AVG MX 2MIN
DY MAX MIN AVG DEP HDD CDD  WTR  SNW DPTH SPD SPD DIR MIN PSBL S-S WX    SPD DR
================================================================================

 1  92  71  82   1   0  17 0.00  0.0    M  3.5 22 120   M    M   3        31 120
 2  88  72  80  -1   0  15 0.00  0.0    M  6.6 14  90   M    M   3        20  80
 3  90  73  82   2   0  17 0.00  0.0    M  6.5 13 150   M    M   6        17 170
 4  88  72  80   0   0  15 1.51  0.0    M  6.0 16 210   M    M   7 123    20 210
 5  88  72  80   0   0  15 0.30  0.0    M  5.7 14 310   M    M   7 13     19 300
 6  88  72  80   0   0  15 0.00  0.0    M  3.5 13 310   M    M   3 12     17 280
 7  90  75  83   3   0  18 0.00  0.0    M  4.7 12  20   M    M   1        17 330
 8  88  71  80   0   0  15 0.02  0.0    M  5.9 14 120   M    M   2 1      19 130
 9  76  72  74  -5   0   9 0.05  0.0    M  9.2 17  80   M    M   9 1      25  30
10  79  70  75  -4   0  10 0.07  0.0    M  5.9 14  90   M    M   9 1      19  90
11  84  70  77  -2   0  12 0.60  0.0    M  3.7 12 220   M    M   5 13     17  60
12  88  71  80   1   0  15 0.00  0.0    M  4.8 14 320   M    M   5 12     18 310
13  84  62  73  -5   0   8 0.00  0.0    M  4.0 12 330   M    M   1        17 340
14  87  60  74  -4   0   9 0.00  0.0    M  2.8 13  60   M    M   0        18  70
15  85  63  74  -4   0   9 0.00  0.0    M  5.1 15 100   M    M   1        22  80
16  85  63  74  -4   0   9 0.00  0.0    M  4.5 14  70   M    M   1        23  80
17  86  67  77  -1   0  12 0.00  0.0    M  6.0 13  90   M    M   5        21  60
18  87  64  76  -1   0  11 0.00  0.0    M  3.8 15  80   M    M   0        21  90
19  90  68  79   2   0  14 0.00  0.0    M  3.7 14 340   M    M   2        17  50
20  88  65  77   0   0  12 0.02  0.0    M  3.0 15 360   M    M   2 1      19  10
21  94  69  82   6   0  17 0.00  0.0    M  2.2 13  80   M    M   1 1      17  60
22  97  67  82   6   0  17 0.01  0.0    0  5.5 25 340   M    M   1        36 330
23  83  64  74  -2   0   9 0.00  0.0    M  7.6 20  80   M    M   0        25  90
24  85  56  71  -5   0   6 0.00  0.0    M  3.6 12  90   M    M   0        14  80
25  88  59  74  -1   0   9 0.00  0.0    M  3.1 16 350   M    M   0 8      21 350
26  89  64  77   2   0  12 0.00  0.0    M  6.1 23 320   M    M   0        36 310
================================================================================
SM 2267 1752         0 327  2.58  0.0    127.0          M       74
================================================================================
AV 87.2 67.4                               4.9 FASTST   M    M   3    MAX(MPH)
                                 MISC ---->    25 340               # 36 330
================================================================================
NOTES:
# LAST OF SEVERAL OCCURRENCES

COLUMN 17 PEAK WIND IN M.P.H.

PRELIMINARY LOCAL CLIMATOLOGICAL DATA (WS FORM: F-6) , PAGE 2

                                          STATION:   COLUMBUS
                                          MONTH:     SEPTEMBER
                                          YEAR:      2022
                                          LATITUDE:   32 31 N
                                          LONGITUDE:  84 56 W

[TEMPERATURE DATA]      [PRECIPITATION DATA]       SYMBOLS USED IN COLUMN 16

AVERAGE MONTHLY: 77.3   TOTAL FOR MONTH:   2.58    1 = FOG OR MIST
DPTR FM NORMAL:  -0.9   DPTR FM NORMAL:   -0.28    2 = FOG REDUCING VISIBILITY
HIGHEST:    97 ON 22    GRTST 24HR  1.53 ON  4- 5      TO 1/4 MILE OR LESS
LOWEST:     56 ON 24                               3 = THUNDER
                        SNOW, ICE PELLETS, HAIL    4 = ICE PELLETS
                        TOTAL MONTH:   0.0 INCH    5 = HAIL
                        GRTST 24HR  0.0            6 = FREEZING RAIN OR DRIZZLE
                        GRTST DEPTH:  0            7 = DUSTSTORM OR SANDSTORM:
                                                       VSBY 1/2 MILE OR LESS
                                                   8 = SMOKE OR HAZE
[NO. OF DAYS WITH]      [WEATHER - DAYS WITH]      9 = BLOWING SNOW
                                                   X = TORNADO
MAX 32 OR BELOW:   0    0.01 INCH OR MORE:   8
MAX 90 OR ABOVE:   6    0.10 INCH OR MORE:   3
MIN 32 OR BELOW:   0    0.50 INCH OR MORE:   2
MIN  0 OR BELOW:   0    1.00 INCH OR MORE:   1

[HDD (BASE 65) ]
TOTAL THIS MO.     0    CLEAR  (SCALE 0-3)  17
DPTR FM NORMAL     0    PTCLDY (SCALE 4-7)   7
TOTAL FM JUL 1     0    CLOUDY (SCALE 8-10)  2
DPTR FM NORMAL     0

[CDD (BASE 65) ]
TOTAL THIS MO.   327
DPTR FM NORMAL   -16    [PRESSURE DATA]
TOTAL FM JAN 1  2379    HIGHEST SLP M ON M
DPTR FM NORMAL    48    LOWEST  SLP 29.71 ON  8

[REMARKS]
