000
CXUS52 KFFC 221010
CF6CSG
PRELIMINARY LOCAL CLIMATOLOGICAL DATA (WS FORM: F-6)

                                          STATION:   COLUMBUS
                                          MONTH:     SEPTEMBER
                                          YEAR:      2023
                                          LATITUDE:   32 31 N
                                          LONGITUDE:  84 56 W

  TEMPERATURE IN F:       :PCPN:    SNOW:  WIND      :SUNSHINE: SKY     :PK WND
================================================================================
1   2   3   4   5  6A  6B    7    8   9   10  11  12  13   14  15   16   17  18
                                     12Z  AVG MX 2MIN
DY MAX MIN AVG DEP HDD CDD  WTR  SNW DPTH SPD SPD DIR MIN PSBL S-S WX    SPD DR
================================================================================

 1  80  73  77  -4   0  12 0.12  0.0    M  9.2 17 100   M    M  10 1      27 110
 2  85  71  78  -3   0  13    T  0.0    M  5.9 15 150   M    M   7        21 120
 3  90  69  80   0   0  15 0.00  0.0    M  4.3 10 180   M    M   3        13 180
 4  92  67  80   0   0  15 0.00  0.0    M  1.5  8 250   M    M   0        13 250
 5  92  69  81   1   0  16 0.00  0.0    M  1.8  9 300   M    M   1        12 320
 6  94  68  81   1   0  16 0.00  0.0    M  3.7 14 300   M    M   0        19 290
 7  95  72  84   4   0  19 0.00  0.0    M  5.1 18 310   M    M   1        25 290
 8  91  68  80   0   0  15 0.00  0.0    M  4.7 14 340   M    M   0        21 290
 9  91  64  78  -1   0  13 0.00  0.0    M  3.2 13 210   M    M   2        20 150
10  94  70  82   3   0  17 0.00  0.0    M  4.5 10 170   M    M   3        15 330
11  96  71  84   5   0  19 0.00  0.0    M  3.4 12 250   M    M   1        18 240
12  95  70  83   4   0  18 0.00  0.0    M  4.4 17 200   M    M   2 3      23 210
13  90  71  81   3   0  16 0.08  0.0    M  2.6 17 350   M    M   3 13     31 340
14  85  71  78   0   0  13 0.65  0.0    M  3.8 16  40   M    M   4 13     21  50
15  83  69  76  -2   0  11    T  0.0    M  7.4 22  90   M    M   6        27  80
16  78  68  73  -5   0   8 0.41  0.0    M  6.2 12 110   M    M   8 1      15  90
17  86  68  77  -1   0  12 0.00  0.0    M  5.5 16 310   M    M   6        22  10
18  85  62  74  -3   0   9 0.00  0.0    M  4.7 14 320   M    M   1 8      20 340
19  86  59  73  -4   0   8 0.00  0.0    M  1.5  8  60   M    M   1        15 360
20  85  63  74  -3   0   9 0.00  0.0    M  4.4 14  80   M    M   3        19  80
21  85  66  76   0   0  11 0.00  0.0    0  7.3 18  90   M    M   1        25  90
================================================================================
SM 1858 1429         0 285  1.26  0.0     95.1          M       63
================================================================================
AV 88.5 68.0                               4.5 FASTST   M    M   3    MAX(MPH)
                                 MISC ---->    22  90                 31 340
================================================================================
NOTES:
# LAST OF SEVERAL OCCURRENCES

COLUMN 17 PEAK WIND IN M.P.H.

PRELIMINARY LOCAL CLIMATOLOGICAL DATA (WS FORM: F-6) , PAGE 2

                                          STATION:   COLUMBUS
                                          MONTH:     SEPTEMBER
                                          YEAR:      2023
                                          LATITUDE:   32 31 N
                                          LONGITUDE:  84 56 W

[TEMPERATURE DATA]      [PRECIPITATION DATA]       SYMBOLS USED IN COLUMN 16

AVERAGE MONTHLY: 78.3   TOTAL FOR MONTH:   1.26    1 = FOG OR MIST
DPTR FM NORMAL:  -0.5   DPTR FM NORMAL:   -1.04    2 = FOG REDUCING VISIBILITY
HIGHEST:    96 ON 11    GRTST 24HR  0.65 ON 14-14      TO 1/4 MILE OR LESS
LOWEST:     59 ON 19                               3 = THUNDER
                        SNOW, ICE PELLETS, HAIL    4 = ICE PELLETS
                        TOTAL MONTH:   0.0 INCH    5 = HAIL
                        GRTST 24HR  0.0            6 = FREEZING RAIN OR DRIZZLE
                        GRTST DEPTH:  0            7 = DUSTSTORM OR SANDSTORM:
                                                       VSBY 1/2 MILE OR LESS
                                                   8 = SMOKE OR HAZE
[NO. OF DAYS WITH]      [WEATHER - DAYS WITH]      9 = BLOWING SNOW
                                                   X = TORNADO
MAX 32 OR BELOW:   0    0.01 INCH OR MORE:   4
MAX 90 OR ABOVE:  11    0.10 INCH OR MORE:   3
MIN 32 OR BELOW:   0    0.50 INCH OR MORE:   1
MIN  0 OR BELOW:   0    1.00 INCH OR MORE:   0

[HDD (BASE 65) ]
TOTAL THIS MO.     0    CLEAR  (SCALE 0-3)  14
DPTR FM NORMAL     0    PTCLDY (SCALE 4-7)   6
TOTAL FM JUL 1     0    CLOUDY (SCALE 8-10)  1
DPTR FM NORMAL     0

[CDD (BASE 65) ]
TOTAL THIS MO.   285
DPTR FM NORMAL    -6    [PRESSURE DATA]
TOTAL FM JAN 1  2265    HIGHEST SLP M ON M
DPTR FM NORMAL   -14    LOWEST  SLP 29.76 ON  1

[REMARKS]
