000
CXUS54 KOUN 280810
CF6CSM
PRELIMINARY LOCAL CLIMATOLOGICAL DATA (WS FORM: F-6)

                                          STATION:   CLINTON
                                          MONTH:     SEPTEMBER
                                          YEAR:      2022
                                          LATITUDE:   35 20 N
                                          LONGITUDE:  99 12 W

  TEMPERATURE IN F:       :PCPN:    SNOW:  WIND      :SUNSHINE: SKY     :PK WND
================================================================================
1   2   3   4   5  6A  6B    7    8   9   10  11  12  13   14  15   16   17  18
                                     12Z  AVG MX 2MIN
DY MAX MIN AVG DEP HDD CDD  WTR  SNW DPTH SPD SPD DIR MIN PSBL S-S WX    SPD DR
================================================================================

 1  86  63  75  -3   0  10 1.17  0.0    0  8.1 47  20   M    M   4 3      57  50
 2  91  67  79   2   0  14 0.00  0.0    0  8.3 16  80   M    M   1        19  80
 3  94  69  82   5   0  17 0.00  0.0    0  5.7 16 360   M    M   0        19  40
 4  90  68  79   2   0  14 0.00  0.0    0  8.3 15  50   M    M   1        20  40
 5  90  59  75  -2   0  10 0.00  0.0    0  6.1 12  90   M    M   0        15  50
 6  90  61  76   0   0  11 0.00  0.0    0  5.9 12  80   M    M   0        14  80
 7  91  64  78   2   0  13 0.00  0.0    0  5.6 13  60   M    M   0        16  50
 8  90  63  77   1   0  12 0.00  0.0    M  6.5 16 160   M    M   0        19 160
 9  91  66  79   4   0  14 0.00  0.0    0 12.1 21 170   M    M   0        25 180
10  86  58  72  -3   0   7 0.02    M    M 13.3 29  10   M    M   3        36  10
11  75  56  66  -9   0   1 0.65    M    M 10.4 26 360   M    M   5        51 350
12  83  58  71  -3   0   6 0.00    M    M 10.4 18 200   M    M   2        23 200
13  93  65  79   5   0  14 0.00    M    M 15.0 23 160   M    M   1        27 170
14  91  67  79   5   0  14 0.00    M    M 16.4 22 160   M    M   0        36 200
15  90  67  79   5   0  14 0.00    M    M 18.9 28 180   M    M   2        33 170
16  93  67  80   7   0  15 0.00    M    M 19.9 29 180   M    M   1        37 190
17  95  69  82   9   0  17 0.00    M    M 20.9 30 180   M    M   0        37 180
18  94  70  82  10   0  17 0.00    M    M 17.0 26 210   M    M   0        38 190
19  95  70  83  11   0  18 0.00    M    M 13.4 24 190   M    M   0        30 210
20  95  69  82  10   0  17 0.00    M    M 13.5 24 180   M    M   0        28 200
21  97  71  84  13   0  19 0.00    M    M 13.7 28 330   M    M   0        37 320
22  79  56  68  -3   0   3 0.00    M    M 14.6 29 340   M    M   2        32 350
23  93  53  73   2   0   8 0.00    M    M 11.1 24 200   M    M   0        36 190
24  90  65  78   8   0  13 0.01    M    M  8.6 20 220   M    M   4        23 210
25  86  57  72   2   0   7 0.00    M    M 13.4 29  30   M    M   0        39  40
26  85  53  69   0   0   4 0.00    M    M  6.0 12 180   M    M   0        14 180
27  93  61  77   8   0  12 0.00    M    M 14.2 29 220   M    M   0        38 230
================================================================================
SM 2426 1712         0 321  1.85  0.0    317.3          M       26
================================================================================
AV 89.9 63.4                              11.8 FASTST   M    M   1    MAX(MPH)
                                 MISC ---->    47  20                 57  50
================================================================================
NOTES:
# LAST OF SEVERAL OCCURRENCES

COLUMN 17 PEAK WIND IN M.P.H.

PRELIMINARY LOCAL CLIMATOLOGICAL DATA (WS FORM: F-6) , PAGE 2

                                          STATION:   CLINTON
                                          MONTH:     SEPTEMBER
                                          YEAR:      2022
                                          LATITUDE:   35 20 N
                                          LONGITUDE:  99 12 W

[TEMPERATURE DATA]      [PRECIPITATION DATA]       SYMBOLS USED IN COLUMN 16

AVERAGE MONTHLY: 76.6   TOTAL FOR MONTH:   1.85    1 = FOG OR MIST
DPTR FM NORMAL:   3.0   DPTR FM NORMAL:   -0.51    2 = FOG REDUCING VISIBILITY
HIGHEST:    97 ON 21    GRTST 24HR  1.17 ON  1- 1      TO 1/4 MILE OR LESS
LOWEST:     53 ON 26,23                             3 = THUNDER
                        SNOW, ICE PELLETS, HAIL    4 = ICE PELLETS
                        TOTAL MONTH:   0.0 INCH    5 = HAIL
                        GRTST 24HR  0.0            6 = FREEZING RAIN OR DRIZZLE
                        GRTST DEPTH:  0            7 = DUSTSTORM OR SANDSTORM:
                                                       VSBY 1/2 MILE OR LESS
                                                   8 = SMOKE OR HAZE
[NO. OF DAYS WITH]      [WEATHER - DAYS WITH]      9 = BLOWING SNOW
                                                   X = TORNADO
MAX 32 OR BELOW:   0    0.01 INCH OR MORE:   4
MAX 90 OR ABOVE:  20    0.10 INCH OR MORE:   2
MIN 32 OR BELOW:   0    0.50 INCH OR MORE:   2
MIN  0 OR BELOW:   0    1.00 INCH OR MORE:   1

[HDD (BASE 65) ]
TOTAL THIS MO.     0    CLEAR  (SCALE 0-3)  24
DPTR FM NORMAL   -12    PTCLDY (SCALE 4-7)   3
TOTAL FM JUL 1     0    CLOUDY (SCALE 8-10)  0
DPTR FM NORMAL   -12

[CDD (BASE 65) ]
TOTAL THIS MO.   321
DPTR FM NORMAL    74    [PRESSURE DATA]
TOTAL FM JAN 1  2425    HIGHEST SLP M ON M
DPTR FM NORMAL   525    LOWEST  SLP 29.73 ON  9

[REMARKS]
