000
CXUS55 KOHX 281110
CF6CSV
PRELIMINARY LOCAL CLIMATOLOGICAL DATA (WS FORM: F-6)

                                          STATION:   CROSSVILLE
                                          MONTH:     SEPTEMBER
                                          YEAR:      2022
                                          LATITUDE:   35 57 N
                                          LONGITUDE:  85  5 W

  TEMPERATURE IN F:       :PCPN:    SNOW:  WIND      :SUNSHINE: SKY     :PK WND
================================================================================
1   2   3   4   5  6A  6B    7    8   9   10  11  12  13   14  15   16   17  18
                                     12Z  AVG MX 2MIN
DY MAX MIN AVG DEP HDD CDD  WTR  SNW DPTH SPD SPD DIR MIN PSBL S-S WX    SPD DR
================================================================================

 1  83  55  69  -2   0   4 0.00    M    M  1.4  7 160   M    M   0 1      12 130
 2  82  63  73   2   0   8 0.00    M    M  3.5 13 190   M    M   3        22 190
 3  79  65  72   2   0   7 0.77    M    M  3.8 16 320   M    M   7 13     24 310
 4  74  65  70   0   0   5 1.48    M    M  4.1 12 160   M    M   7 13     20 160
 5  74  68  71   1   0   6 0.63    M    M  1.2  7 340   M    M   9 12     10 350
 6  81  66  74   4   0   9 0.00    M    M  3.7  9 260   M    M   6 1      13 280
 7  78  60  69  -1   0   4    T    M    M  5.8 15  20   M    M   6 12     22  30
 8  78  57  68  -1   0   3 0.00    M    M  4.3 13  60   M    M   1 1      17  30
 9  80  58  69   0   0   4 0.00    M    M  3.1 13  80   M    M   2 1      18 100
10  69  64  67  -2   0   2 0.32    M    M  4.1  9  60   M    M   9 1      14  80
11  77  65  71   3   0   6 0.49    M    M  4.2 13 190   M    M   8 13     22 190
12  69  50  60  -8   5   0 0.02    M    M  5.6 14 280   M    M   4 1      18 270
13  73  48  61  -7   4   0 0.00    M    M  4.2 14 290   M    M   0        18 340
14  73  53  63  -5   2   0    M    M    M  3.1 10  30   M    M   3 1      17  10
15  78  53  66  -1   0   1 0.00    M    M  2.6 10  50   M    M   0 1      14  60
16  79  54  67   0   0   2 0.00    M    M  1.5  9 140   M    M   1 1      17 130
17  77  57  67   0   0   2 0.00    M    M  1.6 10 170   M    M   4 1      16 170
18  78  54  66   0   0   1 0.00    M    M  1.2  8 180   M    M   3 1      14 180
19  81  56  69   3   0   4 0.00    M    M  2.7 14 280   M    M   2 1      19 290
20  86  63  75   9   0  10 0.00    M    M  3.2 12  40   M    M   3 1      15  30
21  87  61  74   9   0   9 0.00    M    M  2.0  8 280   M    M   0 1      12 260
22  76  53  65   0   0   0 0.00    M    M  6.7 17 340   M    M   3        25 310
23  71  45  58  -7   7   0 0.00    M    M  4.8 14  50   M    M   0        19  60
24  73  54  64   0   1   0 0.01    M    M  3.5 12 180   M    M   5        20 180
25  75  51  63  -1   2   0    T    M    M  5.8 20 250   M    M   3        29 260
26  70  44  57  -7   8   0 0.00    M    M  6.1 22 270   M    M   0        29 260
27  66  38  52 -11  13   0 0.00    M    M  5.5 17 330   M    M   0        29 360
================================================================================
SM 2067 1520        42  87  3.72    M     99.3          M       89
================================================================================
AV 76.6 56.3                               3.7 FASTST   M    M   3    MAX(MPH)
                                 MISC ---->    22 270               # 29 260
================================================================================
NOTES:
# LAST OF SEVERAL OCCURRENCES

COLUMN 17 PEAK WIND IN M.P.H.

PRELIMINARY LOCAL CLIMATOLOGICAL DATA (WS FORM: F-6) , PAGE 2

                                          STATION:   CROSSVILLE
                                          MONTH:     SEPTEMBER
                                          YEAR:      2022
                                          LATITUDE:   35 57 N
                                          LONGITUDE:  85  5 W

[TEMPERATURE DATA]      [PRECIPITATION DATA]       SYMBOLS USED IN COLUMN 16

AVERAGE MONTHLY: 66.4   TOTAL FOR MONTH:   3.72    1 = FOG OR MIST
DPTR FM NORMAL:  -1.0   DPTR FM NORMAL:   -0.00    2 = FOG REDUCING VISIBILITY
HIGHEST:    87 ON 21    GRTST 24HR  2.07 ON  3- 4      TO 1/4 MILE OR LESS
LOWEST:     38 ON 27                               3 = THUNDER
                        SNOW, ICE PELLETS, HAIL    4 = ICE PELLETS
                        TOTAL MONTH:  M            5 = HAIL
                        GRTST 24HR    M  ON   M    6 = FREEZING RAIN OR DRIZZLE
                        GRTST DEPTH:  M  ON   M    7 = DUSTSTORM OR SANDSTORM:
                                                       VSBY 1/2 MILE OR LESS
                                                   8 = SMOKE OR HAZE
[NO. OF DAYS WITH]      [WEATHER - DAYS WITH]      9 = BLOWING SNOW
                                                   X = TORNADO
MAX 32 OR BELOW:   0    0.01 INCH OR MORE:   7
MAX 90 OR ABOVE:   0    0.10 INCH OR MORE:   5
MIN 32 OR BELOW:   0    0.50 INCH OR MORE:   3
MIN  0 OR BELOW:   0    1.00 INCH OR MORE:   1

[HDD (BASE 65) ]
TOTAL THIS MO.    42    CLEAR  (SCALE 0-3)  17
DPTR FM NORMAL     4    PTCLDY (SCALE 4-7)   8
TOTAL FM JUL 1    42    CLOUDY (SCALE 8-10)  2
DPTR FM NORMAL     1

[CDD (BASE 65) ]
TOTAL THIS MO.    87
DPTR FM NORMAL   -17    [PRESSURE DATA]
TOTAL FM JAN 1   975    HIGHEST SLP M ON M
DPTR FM NORMAL   105    LOWEST  SLP 29.82 ON 25

[REMARKS]
