000
CXUS52 KCAE 281400
CF6CUB
PRELIMINARY LOCAL CLIMATOLOGICAL DATA (WS FORM: F-6)

                                          STATION:   HAMILTON - OWENS AIRPORT SC
                                          MONTH:     SEPTEMBER
                                          YEAR:      2022
                                          LATITUDE:   33 58 N
                                          LONGITUDE:  80 59 W

  TEMPERATURE IN F:       :PCPN:    SNOW:  WIND      :SUNSHINE: SKY     :PK WND
================================================================================
1   2   3   4   5  6A  6B    7    8   9   10  11  12  13   14  15   16   17  18
                                     12Z  AVG MX 2MIN
DY MAX MIN AVG DEP HDD CDD  WTR  SNW DPTH SPD SPD DIR MIN PSBL S-S WX    SPD DR
================================================================================

 1  92  74  83   3   0  18 0.00    M    M  2.1  9 160   M    M   2        14 160
 2  91  74  83   3   0  18 0.00    M    M  2.7 13 160   M    M   4 18     16 160
 3  92  72  82   2   0  17    T    M    M  2.3 17 190   M    M   2 1      24 180
 4  90  74  82   3   0  17 0.00    M    M  3.2 13 160   M    M   3 1      19 160
 5  89  74  82   3   0  17 0.38    M    M  2.9 12 160   M    M   5 12     17 170
 6  92  75  84   5   0  19 0.00    M    M  4.6 14 260   M    M   2 1      18 270
 7  91  72  82   3   0  17 0.54    M    M  1.5 12  60   M    M   3 13     20  60
 8  84  70  77  -2   0  12 0.00    M    M  2.3  9  70   M    M   4 1      15  70
 9  83  69  76  -2   0  11    T    M    M  5.7 12  60   M    M   2        17  70
10  86  71  79   1   0  14 1.38    M    M  3.3 14 240   M    M   8 13     19 220
11  88  73  81   3   0  16 0.00    M    M  1.9 10 200   M    M   5 1      14 200
12  90  73  82   4   0  17    T    M    M  3.5 13 230   M    M   2 13     17 220
13  86  64  75  -3   0  10 0.00    M    M  3.4 13 270   M    M   0 8      16 280
14  86  60  73  -4   0   8 0.00    M    M  1.6 10  60   M    M   1 1      15  70
15  85  62  74  -3   0   9 0.00    M    M  2.4 10  70   M    M   0        17  30
16  86  63  75  -2   0  10 0.00    M    M  1.6  8  70   M    M   1 18     12 170
17  86  62  74  -3   0   9 0.00    M    M  1.8  9 120   M    M   1 18     14  70
18  88  67  78   2   0  13 0.00    M    M  2.7 10  70   M    M   4        14  70
19  90  67  79   3   0  14 0.00    M    M  1.2  8  20   M    M   0 8      12 320
20  93  66  80   4   0  15 0.00    M    M  0.9  8  60   M    M   1 18     10  60
21  94  67  81   5   0  16 0.00    M    M  1.1  7 160   M    M   0 18     10  70
22  98  68  83   8   0  18    T    M    M  5.0 21 310   M    M   0 18     33 300
23  81  57  69  -6   0   4 0.00    M    M  2.9 10  40   M    M   0        18  70
24  82  51  67  -8   0   2 0.00    M    M  1.2  9 180   M    M   0        11 180
25  89  60  75   1   0  10 0.00    M    M  3.7 14 230   M    M   1 8      20 240
26  89  63  76   2   0  11 0.00    M    M  3.8 18 250   M    M   0 18     30 230
27  82  56  69  -5   0   4 0.00    M    M  1.6 12 270   M    M   0        15 280
================================================================================
SM 2383 1804         0 346  2.30    M     70.9          M       51
================================================================================
AV 88.3 66.8                               2.6 FASTST   M    M   2    MAX(MPH)
                                 MISC ---->    21 310                 33 300
================================================================================
NOTES:
# LAST OF SEVERAL OCCURRENCES

COLUMN 17 PEAK WIND IN M.P.H.

PRELIMINARY LOCAL CLIMATOLOGICAL DATA (WS FORM: F-6) , PAGE 2

                                          STATION:   HAMILTON - OWENS AIRPORT SC
                                          MONTH:     SEPTEMBER
                                          YEAR:      2022
                                          LATITUDE:   33 58 N
                                          LONGITUDE:  80 59 W

[TEMPERATURE DATA]      [PRECIPITATION DATA]       SYMBOLS USED IN COLUMN 16

AVERAGE MONTHLY: 77.5   TOTAL FOR MONTH:   2.30    1 = FOG OR MIST
DPTR FM NORMAL:   0.4   DPTR FM NORMAL:   -1.52    2 = FOG REDUCING VISIBILITY
HIGHEST:    98 ON 22    GRTST 24HR  1.38 ON 10-10      TO 1/4 MILE OR LESS
LOWEST:     51 ON 24                               3 = THUNDER
                        SNOW, ICE PELLETS, HAIL    4 = ICE PELLETS
                        TOTAL MONTH:  M            5 = HAIL
                        GRTST 24HR    M  ON   M    6 = FREEZING RAIN OR DRIZZLE
                        GRTST DEPTH:  M  ON   M    7 = DUSTSTORM OR SANDSTORM:
                                                       VSBY 1/2 MILE OR LESS
                                                   8 = SMOKE OR HAZE
[NO. OF DAYS WITH]      [WEATHER - DAYS WITH]      9 = BLOWING SNOW
                                                   X = TORNADO
MAX 32 OR BELOW:   0    0.01 INCH OR MORE:   3
MAX 90 OR ABOVE:  11    0.10 INCH OR MORE:   3
MIN 32 OR BELOW:   0    0.50 INCH OR MORE:   2
MIN  0 OR BELOW:   0    1.00 INCH OR MORE:   1

[HDD (BASE 65) ]
TOTAL THIS MO.     0    CLEAR  (SCALE 0-3)  20
DPTR FM NORMAL     0    PTCLDY (SCALE 4-7)   6
TOTAL FM JUL 1     0    CLOUDY (SCALE 8-10)  1
DPTR FM NORMAL     0

[CDD (BASE 65) ]
TOTAL THIS MO.   346
DPTR FM NORMAL    14    [PRESSURE DATA]
TOTAL FM JAN 1  2417    HIGHEST SLP M ON M
DPTR FM NORMAL   157    LOWEST  SLP 29.70 ON 22

[REMARKS]
