000
CXUS53 KUNR 280930
CF6CUT
PRELIMINARY LOCAL CLIMATOLOGICAL DATA (WS FORM: F-6)

                                          STATION:   CUSTER COUNTY AIRPORT SD
                                          MONTH:     SEPTEMBER
                                          YEAR:      2022
                                          LATITUDE:   43 43 N
                                          LONGITUDE: 103 37 W

  TEMPERATURE IN F:       :PCPN:    SNOW:  WIND      :SUNSHINE: SKY     :PK WND
================================================================================
1   2   3   4   5  6A  6B    7    8   9   10  11  12  13   14  15   16   17  18
                                     12Z  AVG MX 2MIN
DY MAX MIN AVG DEP HDD CDD  WTR  SNW DPTH SPD SPD DIR MIN PSBL S-S WX    SPD DR
================================================================================

 1  89  54  72  10   0   7 0.00    M    M  5.5 18 270   M    M   1        27 270
 2  78  52  65   4   0   0 0.00    M    M  8.2 21  60   M    M   1        30  70
 3  81  49  65   4   0   0 0.00    M    M  5.2 12 170   M    M   0        18 210
 4  92  55  74  13   0   9 0.00    M    M  4.6 13 230   M    M   0        22 240
 5  89  57  73  13   0   8 0.00    M    M  5.4 15 100   M    M   0        21 140
 6  86  53  70  10   0   5 0.00    M    M  7.0 15 110   M    M   0        22  60
 7  93  58  76  16   0  11 0.00    M    M  4.4 13 250   M    M   0        23 190
 8  83  48  66   7   0   1 0.14    M    M  7.9 26  20   M    M   3 1      42 360
 9  50  42  46 -13  19   0 0.16    M    M  2.9 10  20   M    M  10 1      18  10
10  58  32  45 -13  20   0 0.00    M    M  4.9 13 240   M    M   2 1      22 220
11  73  37  55  -3  10   0 0.00    M    M  4.3 10 200   M    M   0        17 190
12  83  42  63   5   2   0 0.00    M    M  4.3 13  90   M    M   0 8      17 310
13  78  48  63   6   2   0 0.00    M    M  6.0 14 110   M    M   0 8      21 120
14  80  50  65   8   0   0 0.04    M    M  5.2 15 270   M    M   1 3      21 270
15  68  51  60   4   5   0 0.07    M    M  3.1  9 130   M    M   7 13     13 120
16  71  48  60   4   5   0    T    M    M  4.4 14 190   M    M   5 123    24 210
17  70  49  60   4   5   0 0.03    M    M  7.9 17 280   M    M   2 8      29 280
18  74  48  61   6   4   0    T    M    M  4.8 13 240   M    M   1        22 220
19  84  51  68  13   0   3 0.00    M    M  6.7 20 260   M    M   0        29 250
20  73  50  62   8   3   0 0.00    M    M  8.0 14  70   M    M   0        25  20
21  60  46  53  -1  12   0 0.00    M    M  5.5 13 100   M    M   6        19 100
22  48  43  46  -7  19   0    T    M    M  7.5 15 200   M    M  10 1      24 180
23  64  38  51  -2  14   0 0.00    M    M 11.8 30 270   M    M   2 1      46 260
24  69  40  55   3  10   0 0.00    M    M  8.6 24 280   M    M   1        39 290
25  70  39  55   3  10   0 0.00    M    M  5.1 15 290   M    M   1        21 280
26  76  37  57   6   8   0 0.00    M    M  5.0 13 110   M    M   0        21 320
27  71  40  56   5   9   0 0.00    M    M  3.5 12 120   M    M   0        19 150
================================================================================
SM 2011 1257       157  44  0.44    M    157.7          M       53
================================================================================
AV 74.5 46.6                               5.8 FASTST   M    M   2    MAX(MPH)
                                 MISC ---->    30 270                 46 260
================================================================================
NOTES:
# LAST OF SEVERAL OCCURRENCES

COLUMN 17 PEAK WIND IN M.P.H.

PRELIMINARY LOCAL CLIMATOLOGICAL DATA (WS FORM: F-6) , PAGE 2

                                          STATION:   CUSTER COUNTY AIRPORT SD
                                          MONTH:     SEPTEMBER
                                          YEAR:      2022
                                          LATITUDE:   43 43 N
                                          LONGITUDE: 103 37 W

[TEMPERATURE DATA]      [PRECIPITATION DATA]       SYMBOLS USED IN COLUMN 16

AVERAGE MONTHLY: 60.5   TOTAL FOR MONTH:   0.44    1 = FOG OR MIST
DPTR FM NORMAL:   3.9   DPTR FM NORMAL:   -1.01    2 = FOG REDUCING VISIBILITY
HIGHEST:    93 ON  7    GRTST 24HR  0.27 ON  8- 9      TO 1/4 MILE OR LESS
LOWEST:     32 ON 10                               3 = THUNDER
                        SNOW, ICE PELLETS, HAIL    4 = ICE PELLETS
                        TOTAL MONTH:  M            5 = HAIL
                        GRTST 24HR    M  ON   M    6 = FREEZING RAIN OR DRIZZLE
                        GRTST DEPTH:  M  ON   M    7 = DUSTSTORM OR SANDSTORM:
                                                       VSBY 1/2 MILE OR LESS
                                                   8 = SMOKE OR HAZE
[NO. OF DAYS WITH]      [WEATHER - DAYS WITH]      9 = BLOWING SNOW
                                                   X = TORNADO
MAX 32 OR BELOW:   0    0.01 INCH OR MORE:   5
MAX 90 OR ABOVE:   2    0.10 INCH OR MORE:   2
MIN 32 OR BELOW:   1    0.50 INCH OR MORE:   0
MIN  0 OR BELOW:   0    1.00 INCH OR MORE:   0

[HDD (BASE 65) ]
TOTAL THIS MO.   157    CLEAR  (SCALE 0-3)  21
DPTR FM NORMAL   -86    PTCLDY (SCALE 4-7)   4
TOTAL FM JUL 1   203    CLOUDY (SCALE 8-10)  2
DPTR FM NORMAL  -170

[CDD (BASE 65) ]
TOTAL THIS MO.    44
DPTR FM NORMAL    30    [PRESSURE DATA]
TOTAL FM JAN 1   314    HIGHEST SLP M ON M
DPTR FM NORMAL   107    LOWEST  SLP 29.71 ON 14

[REMARKS]
