000
CXUS54 KHGX 281410
CF6CXO
PRELIMINARY LOCAL CLIMATOLOGICAL DATA (WS FORM: F-6)

                                          STATION:   CONROE
                                          MONTH:     SEPTEMBER
                                          YEAR:      2022
                                          LATITUDE:   30 21 N
                                          LONGITUDE:  95 25 W

  TEMPERATURE IN F:       :PCPN:    SNOW:  WIND      :SUNSHINE: SKY     :PK WND
================================================================================
1   2   3   4   5  6A  6B    7    8   9   10  11  12  13   14  15   16   17  18
                                     12Z  AVG MX 2MIN
DY MAX MIN AVG DEP HDD CDD  WTR  SNW DPTH SPD SPD DIR MIN PSBL S-S WX    SPD DR
================================================================================

 1  94  72  83   2   0  18 0.58  0.0    0  3.4 22  70   M    M   2 13     32  90
 2  92  72  82   1   0  17 1.00  0.0    0  1.8 17 130   M    M   2 13     29 140
 3  88  72  80  -1   0  15 1.01  0.0    0  2.6 16  40   M    M   2 138    29  60
 4  86  70  78  -2   0  13 0.00  0.0    M  3.5 13 180   M    M   0 1      15 180
 5  86  72  79  -1   0  14 0.00  0.0    0  3.5 10 200   M    M   3 1      14 260
 6  91  68  80   0   0  15 0.00  0.0    0  4.0 12 150   M    M   1        16 200
 7  91  68  80   0   0  15 0.26  0.0    0  3.2 23  30   M    M   1 13     39  10
 8  90  68  79  -1   0  14 0.00  0.0    0  3.1 12  90   M    M   2 1      16  70
 9  90  66  78  -2   0  13 0.00  0.0    0  1.7  9  70   M    M   1 1      12  90
10  91  66  79   0   0  14 0.00  0.0    0  2.2  9 320   M    M   2 1      16 310
11  92  67  80   1   0  15 0.00  0.0    0  4.6 13 340   M    M   1 1      19 340
12  89  66  78  -1   0  13 0.00  0.0    0  2.7 12 360   M    M   0        16 310
13  88  63  76  -3   0  11 0.00  0.0    0  2.3  9  80   M    M   0        13 100
14  87  58  73  -5   0   8 0.00  0.0    0  3.4 12 100   M    M   0        16  60
15  89  61  75  -3   0  10 0.00  0.0    0  2.8 12  70   M    M   0        15  60
16  89  67  78   0   0  13    T  0.0    0  4.9 14 160   M    M   3 3      20 150
17  92  70  81   3   0  16 0.00  0.0    0  3.9 15 110   M    M   3 12     20 100
18  94  69  82   4   0  17 0.00  0.0    0  3.2 10 130   M    M   2 1      15 130
19  94  69  82   5   0  17 0.00  0.0    0  2.6 13 130   M    M   1 1      20 170
20  93  68  81   4   0  16 0.00  0.0    0  1.5  9 150   M    M   0 1      13 160
21  94  66  80   3   0  15 0.00  0.0    0  2.1  9 150   M    M   0 1      13 130
22  97  67  82   5   0  17 0.00  0.0    0  2.2  9  80   M    M   0 1      14  70
23  95  68  82   6   0  17 0.00  0.0    0  3.2 10  80   M    M   0        17  70
24  94  65  80   4   0  15 0.00  0.0    0  2.5 13 140   M    M   0 18     18 170
25  96  64  80   4   0  15 0.00  0.0    0  0.3  5 320   M    M   0 1       5 320
26  91  58  75  -1   0  10 0.00  0.0    0  5.9 14  10   M    M   0        20  20
27  89  51  70  -5   0   5 0.00  0.0    0  4.6 13  30   M    M   0        20  40
================================================================================
SM 2462 1791         0 378  2.85  0.0     81.7          M       26
================================================================================
AV 91.2 66.3                               3.0 FASTST   M    M   1    MAX(MPH)
                                 MISC ---->    23  30                 39  10
================================================================================
NOTES:
# LAST OF SEVERAL OCCURRENCES

COLUMN 17 PEAK WIND IN M.P.H.

PRELIMINARY LOCAL CLIMATOLOGICAL DATA (WS FORM: F-6) , PAGE 2

                                          STATION:   CONROE
                                          MONTH:     SEPTEMBER
                                          YEAR:      2022
                                          LATITUDE:   30 21 N
                                          LONGITUDE:  95 25 W

[TEMPERATURE DATA]      [PRECIPITATION DATA]       SYMBOLS USED IN COLUMN 16

AVERAGE MONTHLY: 78.8   TOTAL FOR MONTH:   2.85    1 = FOG OR MIST
DPTR FM NORMAL:   0.4   DPTR FM NORMAL:   -0.42    2 = FOG REDUCING VISIBILITY
HIGHEST:    97 ON 22    GRTST 24HR  2.01 ON  2- 3      TO 1/4 MILE OR LESS
LOWEST:     51 ON 27                               3 = THUNDER
                        SNOW, ICE PELLETS, HAIL    4 = ICE PELLETS
                        TOTAL MONTH:   0.0 INCH    5 = HAIL
                        GRTST 24HR  0.0            6 = FREEZING RAIN OR DRIZZLE
                        GRTST DEPTH:  0            7 = DUSTSTORM OR SANDSTORM:
                                                       VSBY 1/2 MILE OR LESS
                                                   8 = SMOKE OR HAZE
[NO. OF DAYS WITH]      [WEATHER - DAYS WITH]      9 = BLOWING SNOW
                                                   X = TORNADO
MAX 32 OR BELOW:   0    0.01 INCH OR MORE:   4
MAX 90 OR ABOVE:  18    0.10 INCH OR MORE:   4
MIN 32 OR BELOW:   0    0.50 INCH OR MORE:   3
MIN  0 OR BELOW:   0    1.00 INCH OR MORE:   2

[HDD (BASE 65) ]
TOTAL THIS MO.     0    CLEAR  (SCALE 0-3)  27
DPTR FM NORMAL     0    PTCLDY (SCALE 4-7)   0
TOTAL FM JUL 1     0    CLOUDY (SCALE 8-10)  0
DPTR FM NORMAL     0

[CDD (BASE 65) ]
TOTAL THIS MO.   378
DPTR FM NORMAL    15    [PRESSURE DATA]
TOTAL FM JAN 1  2905    HIGHEST SLP M ON M
DPTR FM NORMAL   443    LOWEST  SLP 29.72 ON  9

[REMARKS]
