000
CXUS55 KCYS 251610
CF6CYS
PRELIMINARY LOCAL CLIMATOLOGICAL DATA (WS FORM: F-6)

                                          STATION:   CHEYENNE WYOMING AIRPORT
                                          MONTH:     SEPTEMBER
                                          YEAR:      2022
                                          LATITUDE:   41  9 N
                                          LONGITUDE: 104 49 W

  TEMPERATURE IN F:       :PCPN:    SNOW:  WIND      :SUNSHINE: SKY     :PK WND
================================================================================
1   2   3   4   5  6A  6B    7    8   9   10  11  12  13   14  15   16   17  18
                                     12Z  AVG MX 2MIN
DY MAX MIN AVG DEP HDD CDD  WTR  SNW DPTH SPD SPD DIR MIN PSBL S-S WX    SPD DR
================================================================================

 1  91  55  73   8   0   8 0.00  0.0    0  6.5 18 340   M    M   0 8      24 340
 2  88  62  75  10   0  10 0.00  0.0    0 11.4 24  20   M    M   0        35  20
 3  86  53  70   6   0   5 0.00  0.0    0  9.4 21 150   M    M   0        25 140
 4  94  51  73   9   0   8 0.00  0.0    0  7.1 16 140   M    M   0        22  20
 5  95  57  76  12   0  11 0.00  0.0    0  7.6 18 340   M    M   0        28 360
 6  95  63  79  16   0  14 0.00  0.0    0  8.8 15 280   M    M   0 8      23  70
 7  97  58  78  15   0  13 0.00  0.0    0  5.9 17 190   M    M   0 8      24 170
 8  95  50  73  10   0   8 0.17  0.0    0 12.0 31 360   M    M   2 3      56  10
 9  52  44  48 -14  17   0 0.04  0.0    0  8.8 21  80   M    M   9 138    28  70
10  48  43  46 -16  19   0 0.27  0.0    0  9.2 17 210   M    M  10 1      22 220
11  79  40  60  -2   5   0 0.00  0.0    0  7.1 14 200   M    M   0        16 160
12  85  48  67   6   0   2 0.00  0.0    0  8.5 18  10   M    M   0        27 360
13  84  48  66   5   0   1 0.00  0.0    0 10.9 23 150   M    M   0 8      33 140
14  79  57  68   8   0   3    T  0.0    0  7.7 23 270   M    M   5 8      30 270
15  72  50  61   1   4   0 0.07  0.0    0  6.1 22 270   M    M   8        27 280
16  72  48  60   0   5   0    T  0.0    0  9.7 29 210   M    M   1 3      39 220
17  75  50  63   4   2   0    T  0.0    0  9.9 26 270   M    M   1        38 210
18  80  47  64   5   1   0 0.00  0.0    0  8.4 22 180   M    M   1        30 180
19  87  49  68  10   0   3 0.00  0.0    0  7.6 16 230   M    M   0        22 220
20  85  57  71  13   0   6 0.00  0.0    0  8.8 21 210   M    M   3        28 360
21  65  47  56  -1   9   0 0.42  0.0    0  8.6 16 160   M    M   9 18     22  30
22  54  44  49  -8  16   0 0.07  0.0    0 12.0 25 220   M    M   9 12     31 220
23  74  46  60   4   5   0 0.00  0.0    0 14.5 36 280   M    M   0        54 320
24  76  42  59   3   6   0 0.00  0.0    0 11.4 26 320   M    M   0        38 310
================================================================================
SM 1908 1209        89  92  1.04  0.0    217.9          M       58
================================================================================
AV 79.5 50.4                               9.1 FASTST   M    M   2    MAX(MPH)
                                 MISC ---->    36 280                 56  10
================================================================================
NOTES:
# LAST OF SEVERAL OCCURRENCES

COLUMN 17 PEAK WIND IN M.P.H.

PRELIMINARY LOCAL CLIMATOLOGICAL DATA (WS FORM: F-6) , PAGE 2

                                          STATION:   CHEYENNE WYOMING AIRPORT
                                          MONTH:     SEPTEMBER
                                          YEAR:      2022
                                          LATITUDE:   41  9 N
                                          LONGITUDE: 104 49 W

[TEMPERATURE DATA]      [PRECIPITATION DATA]       SYMBOLS USED IN COLUMN 16

AVERAGE MONTHLY: 64.9   TOTAL FOR MONTH:   1.04    1 = FOG OR MIST
DPTR FM NORMAL:   4.1   DPTR FM NORMAL:   -0.17    2 = FOG REDUCING VISIBILITY
HIGHEST:    97 ON  7    GRTST 24HR  0.49 ON 21-22      TO 1/4 MILE OR LESS
LOWEST:     40 ON 11                               3 = THUNDER
                        SNOW, ICE PELLETS, HAIL    4 = ICE PELLETS
                        TOTAL MONTH:   0.0 INCH    5 = HAIL
                        GRTST 24HR  0.0            6 = FREEZING RAIN OR DRIZZLE
                        GRTST DEPTH:  0            7 = DUSTSTORM OR SANDSTORM:
                                                       VSBY 1/2 MILE OR LESS
                                                   8 = SMOKE OR HAZE
[NO. OF DAYS WITH]      [WEATHER - DAYS WITH]      9 = BLOWING SNOW
                                                   X = TORNADO
MAX 32 OR BELOW:   0    0.01 INCH OR MORE:   6
MAX 90 OR ABOVE:   6    0.10 INCH OR MORE:   3
MIN 32 OR BELOW:   0    0.50 INCH OR MORE:   0
MIN  0 OR BELOW:   0    1.00 INCH OR MORE:   0

[HDD (BASE 65) ]
TOTAL THIS MO.    89    CLEAR  (SCALE 0-3)  18
DPTR FM NORMAL   -41    PTCLDY (SCALE 4-7)   2
TOTAL FM JUL 1    90    CLOUDY (SCALE 8-10)  4
DPTR FM NORMAL   -90

[CDD (BASE 65) ]
TOTAL THIS MO.    92
DPTR FM NORMAL    62    [PRESSURE DATA]
TOTAL FM JAN 1   701    HIGHEST SLP M ON M
DPTR FM NORMAL   306    LOWEST  SLP 29.67 ON  8

[REMARKS]
