000
CXUS54 KFWD 280730
CF6DAL
PRELIMINARY LOCAL CLIMATOLOGICAL DATA (WS FORM: F-6)

                                          STATION:   DALLAS LOVE FIELD
                                          MONTH:     SEPTEMBER
                                          YEAR:      2022
                                          LATITUDE:   32 50 N
                                          LONGITUDE:  96 51 W

  TEMPERATURE IN F:       :PCPN:    SNOW:  WIND      :SUNSHINE: SKY     :PK WND
================================================================================
1   2   3   4   5  6A  6B    7    8   9   10  11  12  13   14  15   16   17  18
                                     12Z  AVG MX 2MIN
DY MAX MIN AVG DEP HDD CDD  WTR  SNW DPTH SPD SPD DIR MIN PSBL S-S WX    SPD DR
================================================================================

 1  89  73  81  -3   0  16 0.91  0.0    0  4.4 23 290   M    M   9 13     35 300
 2  83  74  79  -5   0  14 0.20  0.0    0  4.9 13 180   M    M   9 1      18 170
 3  96  73  85   1   0  20 0.10  0.0    0  2.2 31 310   M    M   5 35     42 300
 4  96  68  82  -2   0  17 0.80  0.0    0  4.8 31  60   M    M   4 13     49  80
 5  92  68  80  -3   0  15    T  0.0    0  5.1 12 240   M    M   4 13     17 180
 6  94  76  85   2   0  20 0.00  0.0    0  4.9 14 200   M    M   3        19 210
 7  96  74  85   2   0  20 0.00  0.0    0  3.7 14 340   M    M   2        28 170
 8  90  76  83   1   0  18 0.00  0.0    0  5.8 12 110   M    M   3        17  90
 9  88  71  80  -2   0  15 0.00  0.0    0  6.6 13 120   M    M   1        19 110
10  90  66  78  -4   0  13 0.00  0.0    0  2.4 12 130   M    M   2        14  60
11  83  69  76  -6   0  11 0.00  0.0    0  9.2 18 330   M    M   5        36  10
12  87  65  76  -5   0  11 0.00  0.0    0  3.1  8 140   M    M   2        17  70
13  89  69  79  -2   0  14 0.00  0.0    0  7.9 15 130   M    M   2        21 130
14  88  67  78  -3   0  13 0.00  0.0    0  8.3 13 130   M    M   2        22 160
15  87  67  77  -3   0  12 0.00  0.0    0  8.3 14 120   M    M   3        21 120
16  91  70  81   1   0  16 0.00  0.0    0  9.3 16 160   M    M   2        27 190
17  92  75  84   4   0  19 0.00  0.0    0  9.9 17 140   M    M   4        24 160
18  94  76  85   6   0  20 0.00  0.0    0  8.3 15 150   M    M   1        22 110
19  94  78  86   7   0  21 0.00  0.0    0  6.1 15 120   M    M   1        20 130
20  95  78  87   8   0  22 0.00  0.0    0  6.0 14 130   M    M   1        20 140
21  96  76  86   8   0  21 0.00  0.0    0  5.1 14 130   M    M   1 2      20 120
22  98  73  86   8   0  21 0.00  0.0    0  3.3 10 290   M    M   1        17  30
23  95  74  85   7   0  20 0.00  0.0    0  7.3 15 160   M    M   2        21 180
24  95  79  87  10   0  22 0.00  0.0    0  7.2 15 160   M    M   1        20 150
25  98  74  86   9   0  21    T  0.0    0  5.5 32  30   M    M   5 3      54  50
26  87  65  76  -1   0  11 0.00  0.0    M  6.2 16  60   M    M   1        32 210
27  89  60  75  -1   0  10 0.00  0.0    M  3.7 12 130   M    M   1        15 120
================================================================================
SM 2472 1934         0 453  2.01  0.0    159.5          M       77
================================================================================
AV 91.6 71.6                               5.9 FASTST   M    M   3    MAX(MPH)
                                 MISC ---->    32  30                 54  50
================================================================================
NOTES:
# LAST OF SEVERAL OCCURRENCES

COLUMN 17 PEAK WIND IN M.P.H.

PRELIMINARY LOCAL CLIMATOLOGICAL DATA (WS FORM: F-6) , PAGE 2

                                          STATION:   DALLAS LOVE FIELD
                                          MONTH:     SEPTEMBER
                                          YEAR:      2022
                                          LATITUDE:   32 50 N
                                          LONGITUDE:  96 51 W

[TEMPERATURE DATA]      [PRECIPITATION DATA]       SYMBOLS USED IN COLUMN 16

AVERAGE MONTHLY: 81.6   TOTAL FOR MONTH:   2.01    1 = FOG OR MIST
DPTR FM NORMAL:   1.1   DPTR FM NORMAL:   -0.79    2 = FOG REDUCING VISIBILITY
HIGHEST:    98 ON 25,22  GRTST 24HR  1.11 ON  1- 2      TO 1/4 MILE OR LESS
LOWEST:     60 ON 27                               3 = THUNDER
                        SNOW, ICE PELLETS, HAIL    4 = ICE PELLETS
                        TOTAL MONTH:   0.0 INCH    5 = HAIL
                        GRTST 24HR  0.0            6 = FREEZING RAIN OR DRIZZLE
                        GRTST DEPTH:  0            7 = DUSTSTORM OR SANDSTORM:
                                                       VSBY 1/2 MILE OR LESS
                                                   8 = SMOKE OR HAZE
[NO. OF DAYS WITH]      [WEATHER - DAYS WITH]      9 = BLOWING SNOW
                                                   X = TORNADO
MAX 32 OR BELOW:   0    0.01 INCH OR MORE:   4
MAX 90 OR ABOVE:  17    0.10 INCH OR MORE:   4
MIN 32 OR BELOW:   0    0.50 INCH OR MORE:   2
MIN  0 OR BELOW:   0    1.00 INCH OR MORE:   0

[HDD (BASE 65) ]
TOTAL THIS MO.     0    CLEAR  (SCALE 0-3)  18
DPTR FM NORMAL     0    PTCLDY (SCALE 4-7)   7
TOTAL FM JUL 1     0    CLOUDY (SCALE 8-10)  2
DPTR FM NORMAL     0

[CDD (BASE 65) ]
TOTAL THIS MO.   453
DPTR FM NORMAL    32    [PRESSURE DATA]
TOTAL FM JAN 1  3238    HIGHEST SLP M ON M
DPTR FM NORMAL   368    LOWEST  SLP 29.74 ON  9

[REMARKS]
