000
CXUS53 KDDC 281100
CF6DDC
PRELIMINARY LOCAL CLIMATOLOGICAL DATA (WS FORM: F-6)

                                          STATION:   DODGE CITY KS
                                          MONTH:     SEPTEMBER
                                          YEAR:      2022
                                          LATITUDE:   37 46 N
                                          LONGITUDE:  99 58 W

  TEMPERATURE IN F:       :PCPN:    SNOW:  WIND      :SUNSHINE: SKY     :PK WND
================================================================================
1   2   3   4   5  6A  6B    7    8   9   10  11  12  13   14  15   16   17  18
                                     12Z  AVG MX 2MIN
DY MAX MIN AVG DEP HDD CDD  WTR  SNW DPTH SPD SPD DIR MIN PSBL S-S WX    SPD DR
================================================================================

 1  94  65  80   5   0  15 0.22  0.0    0  9.6 26  70   M    M   2 38     49  50
 2  97  62  80   6   0  15    T  0.0    0  9.8 39 350   M    M   0 138    53  10
 3  94  61  78   4   0  13 0.00  0.0    0  9.1 16  50   M    M   0        24  40
 4  91  53  72  -2   0   7 0.00  0.0    0  6.3 13  50   M    M   0        20 100
 5  92  54  73  -1   0   8 0.00  0.0    0  8.5 15 130   M    M   0 18     20 140
 6  96  58  77   4   0  12 0.00  0.0    0  8.9 17 210   M    M   0 8      24 200
 7  99  61  80   7   0  15 0.00  0.0    0 10.1 18 210   M    M   0 8      25 220
 8  96  63  80   7   0  15 0.00  0.0    0 12.6 21 150   M    M   0 8      30 150
 9  95  63  79   7   0  14    T  0.0    0 11.3 33 360   M    M   1 38     43 350
10  63  50  57 -15   8   0 0.11  0.0    0 15.4 26  20   M    M   9 13     38  30
11  77  45  61 -11   4   0 0.00  0.0    0  5.0 12 150   M    M   0        21 120
12  89  48  69  -3   0   4 0.00  0.0    0  9.5 21 210   M    M   0 8      27 200
13  95  59  77   6   0  12 0.00  0.0    0 10.1 17 150   M    M   0        25 160
14  94  66  80   9   0  15 0.00  0.0    0 14.4 31 170   M    M   1 38     48 180
15  91  59  75   5   0  10 1.53  0.0    0 17.3 36 170   M    M   4 13     48 170
16  89  60  75   5   0  10 0.29  0.0    M 10.2 20 170   M    M   1 13     29 180
17  96  70  83  13   0  18 0.00  0.0    0 13.5 24 230   M    M   0        32 210
18  99  72  86  17   0  21 0.00  0.0    0 16.1 26 230   M    M   0        38 220
19  98  67  83  14   0  18 0.00  0.0    0 14.3 24 210   M    M   0        33 210
20  98  71  85  17   0  20 0.00  0.0    0 15.7 28 190   M    M   0        39 190
21  91  51  71   3   0   6 0.24  0.0    0 15.5 30  30   M    M   2 13     45  30
22  55  49  52 -16  13   0 0.12  0.0    0 12.0 21  20   M    M  10 1      29  20
23  82  52  67   0   0   2 0.15  0.0    0  9.3 17 210   M    M   5 1      26 240
24  89  54  72   5   0   7 0.00  0.0    0  5.1 10  20   M    M   0 18     14  30
25  78  51  65  -1   0   0 0.00  0.0    0  8.8 17 360   M    M   0        29  10
26  83  51  67   1   0   2 0.00  0.0    0  8.2 16 210   M    M   0 8      26 250
27  87  51  69   3   0   4 0.00  0.0    0  8.0 15  30   M    M   0        22  20
================================================================================
SM 2408 1566        25 263  2.66  0.0    294.6          M       35
================================================================================
AV 89.2 58.0                              10.9 FASTST   M    M   1    MAX(MPH)
                                 MISC ---->    39 350                 53  10
================================================================================
NOTES:
# LAST OF SEVERAL OCCURRENCES

COLUMN 17 PEAK WIND IN M.P.H.

PRELIMINARY LOCAL CLIMATOLOGICAL DATA (WS FORM: F-6) , PAGE 2

                                          STATION:   DODGE CITY KS
                                          MONTH:     SEPTEMBER
                                          YEAR:      2022
                                          LATITUDE:   37 46 N
                                          LONGITUDE:  99 58 W

[TEMPERATURE DATA]      [PRECIPITATION DATA]       SYMBOLS USED IN COLUMN 16

AVERAGE MONTHLY: 73.6   TOTAL FOR MONTH:   2.66    1 = FOG OR MIST
DPTR FM NORMAL:   3.1   DPTR FM NORMAL:    1.48    2 = FOG REDUCING VISIBILITY
HIGHEST:    99 ON 18, 7  GRTST 24HR  1.82 ON 15-16      TO 1/4 MILE OR LESS
LOWEST:     45 ON 11                               3 = THUNDER
                        SNOW, ICE PELLETS, HAIL    4 = ICE PELLETS
                        TOTAL MONTH:   0.0 INCH    5 = HAIL
                        GRTST 24HR  0.0            6 = FREEZING RAIN OR DRIZZLE
                        GRTST DEPTH:  0            7 = DUSTSTORM OR SANDSTORM:
                                                       VSBY 1/2 MILE OR LESS
                                                   8 = SMOKE OR HAZE
[NO. OF DAYS WITH]      [WEATHER - DAYS WITH]      9 = BLOWING SNOW
                                                   X = TORNADO
MAX 32 OR BELOW:   0    0.01 INCH OR MORE:   7
MAX 90 OR ABOVE:  17    0.10 INCH OR MORE:   7
MIN 32 OR BELOW:   0    0.50 INCH OR MORE:   1
MIN  0 OR BELOW:   0    1.00 INCH OR MORE:   1

[HDD (BASE 65) ]
TOTAL THIS MO.    25    CLEAR  (SCALE 0-3)  23
DPTR FM NORMAL   -13    PTCLDY (SCALE 4-7)   2
TOTAL FM JUL 1    25    CLOUDY (SCALE 8-10)  2
DPTR FM NORMAL   -16

[CDD (BASE 65) ]
TOTAL THIS MO.   263
DPTR FM NORMAL    74    [PRESSURE DATA]
TOTAL FM JAN 1  1955    HIGHEST SLP M ON M
DPTR FM NORMAL   454    LOWEST  SLP 29.68 ON  9

[REMARKS]
