000
CXUS54 KSHV 271300
CF6DEQ
PRELIMINARY LOCAL CLIMATOLOGICAL DATA (WS FORM: F-6)

                                          STATION:   DE QUEEN
                                          MONTH:     SEPTEMBER
                                          YEAR:      2022
                                          LATITUDE:   34  2 N
                                          LONGITUDE:  94 24 W

  TEMPERATURE IN F:       :PCPN:    SNOW:  WIND      :SUNSHINE: SKY     :PK WND
================================================================================
1   2   3   4   5  6A  6B    7    8   9   10  11  12  13   14  15   16   17  18
                                     12Z  AVG MX 2MIN
DY MAX MIN AVG DEP HDD CDD  WTR  SNW DPTH SPD SPD DIR MIN PSBL S-S WX    SPD DR
================================================================================

 1  91  73  82   2   0  17 0.25  0.0    0  2.3 16 210   M    M   2 138    20 200
 2  90  73  82   3   0  17 0.18  0.0    0  3.4 13 200   M    M   3 1      15 210
 3  95  70  83   4   0  18 0.00  0.0    0  2.5 12  40   M    M   3 12     16  40
 4  93  67  80   1   0  15    T  0.0    0  2.9 23  40   M    M   1 13     31  60
 5  91  67  79   1   0  14 0.00  0.0    0  3.2 13 190   M    M   3 3      16 200
 6  93  68  81   3   0  16 0.00  0.0    0  3.8 12 110   M    M   1 3      15 120
 7  92  69  81   3   0  16 0.00  0.0    0  3.3 10  60   M    M   1 13     14  80
 8  90  65  78   0   0  13 0.00  0.0    0  2.8 10 100   M    M   1 1      14 130
 9  90  63  77  -1   0  12 0.00  0.0    0  1.2  9 110   M    M   1 18     12  90
10  89  61  75  -2   0  10 0.00  0.0    0  1.6 12  90   M    M   3 1      14  90
11  83  59  71  -6   0   6 0.00  0.0    0  3.1 12 320   M    M   2 1      18 320
12  86  51  69  -8   0   4 0.00  0.0    0  2.0 10  50   M    M   2 12     14  50
13  88  50  69  -7   0   4 0.00  0.0    0  1.8 10 130   M    M   0 1      13 120
14  88  53  71  -5   0   6 0.00  0.0    0  2.1 13 110   M    M   0 12     18 140
15  88  56  72  -4   0   7 0.00  0.0    0  2.3 13 160   M    M   0 1      18 150
16  90  57  74  -1   0   9 0.00  0.0    0  2.5 12 190   M    M   1 128    16 220
17  92  63  78   3   0  13 0.00  0.0    0  3.7 14 210   M    M   3        19 200
18  95  68  82   7   0  17 0.00  0.0    0  3.0 13 210   M    M   1 18     17 210
19  97  67  82   8   0  17 0.00  0.0    0  2.9 13 170   M    M   0 18     16 190
20  98  66  82   8   0  17 0.00  0.0    0  3.0 12 220   M    M   1 12     16 200
21 100  66  83   9   0  18 0.00  0.0    0  1.8 13 260   M    M   1 1      16 260
22 101  63  82   9   0  17 0.00  0.0    0  4.7 17  90   M    M   0 1      24 110
23  92  62  77   4   0  12 0.00  0.0    0  4.0 14  80   M    M   0 8      17 120
24  99  66  83  11   0  18 0.00  0.0    0  4.3 16 200   M    M   0 18     20 210
25 101  67  84  12   0  19 0.00  0.0    0  4.3 16 360   M    M   0 138    23  10
26  90  50  70  -2   0   5 0.00  0.0    0  2.8 18  50   M    M   0 18     24  50
================================================================================
SM 2402 1640         0 337  0.43  0.0     75.3          M       30
================================================================================
AV 92.4 63.1                               2.9 FASTST   M    M   1    MAX(MPH)
                                 MISC ---->    23  40                 31  60
================================================================================
NOTES:
# LAST OF SEVERAL OCCURRENCES

COLUMN 17 PEAK WIND IN M.P.H.

PRELIMINARY LOCAL CLIMATOLOGICAL DATA (WS FORM: F-6) , PAGE 2

                                          STATION:   DE QUEEN
                                          MONTH:     SEPTEMBER
                                          YEAR:      2022
                                          LATITUDE:   34  2 N
                                          LONGITUDE:  94 24 W

[TEMPERATURE DATA]      [PRECIPITATION DATA]       SYMBOLS USED IN COLUMN 16

AVERAGE MONTHLY: 77.7   TOTAL FOR MONTH:   0.43    1 = FOG OR MIST
DPTR FM NORMAL:   1.8   DPTR FM NORMAL:   -2.50    2 = FOG REDUCING VISIBILITY
HIGHEST:   101 ON 25,22  GRTST 24HR  0.25 ON  1- 1      TO 1/4 MILE OR LESS
LOWEST:     50 ON 26,13                             3 = THUNDER
                        SNOW, ICE PELLETS, HAIL    4 = ICE PELLETS
                        TOTAL MONTH:   0.0 INCH    5 = HAIL
                        GRTST 24HR  0.0            6 = FREEZING RAIN OR DRIZZLE
                        GRTST DEPTH:  0            7 = DUSTSTORM OR SANDSTORM:
                                                       VSBY 1/2 MILE OR LESS
                                                   8 = SMOKE OR HAZE
[NO. OF DAYS WITH]      [WEATHER - DAYS WITH]      9 = BLOWING SNOW
                                                   X = TORNADO
MAX 32 OR BELOW:   0    0.01 INCH OR MORE:   2
MAX 90 OR ABOVE:  20    0.10 INCH OR MORE:   2
MIN 32 OR BELOW:   0    0.50 INCH OR MORE:   0
MIN  0 OR BELOW:   0    1.00 INCH OR MORE:   0

[HDD (BASE 65) ]
TOTAL THIS MO.     0    CLEAR  (SCALE 0-3)  24
DPTR FM NORMAL     0    PTCLDY (SCALE 4-7)   2
TOTAL FM JUL 1     0    CLOUDY (SCALE 8-10)  0
DPTR FM NORMAL     0

[CDD (BASE 65) ]
TOTAL THIS MO.   337
DPTR FM NORMAL    52    [PRESSURE DATA]
TOTAL FM JAN 1  2435    HIGHEST SLP M ON M
DPTR FM NORMAL   428    LOWEST  SLP 29.75 ON  8

[REMARKS]
