000
CXUS53 KDLH 280820
CF6DLH
PRELIMINARY LOCAL CLIMATOLOGICAL DATA (WS FORM: F-6)

                                          STATION:   DULUTH
                                          MONTH:     SEPTEMBER
                                          YEAR:      2022
                                          LATITUDE:   46 49 N
                                          LONGITUDE:  92 11 W

  TEMPERATURE IN F:       :PCPN:    SNOW:  WIND      :SUNSHINE: SKY     :PK WND
================================================================================
1   2   3   4   5  6A  6B    7    8   9   10  11  12  13   14  15   16   17  18
                                     12Z  AVG MX 2MIN
DY MAX MIN AVG DEP HDD CDD  WTR  SNW DPTH SPD SPD DIR MIN PSBL S-S WX    SPD DR
================================================================================

 1  85  59  72  10   0   7 0.00  0.0    0  7.8 14 210   M    M   0        21 210
 2  83  57  70   8   0   5    T  0.0    0 12.7 25 250   M    M   1        35 230
 3  62  48  55  -7  10   0 0.00  0.0    0  7.4 14 120   M    M   1        23 120
 4  66  44  55  -7  10   0 0.00  0.0    0  8.1 17 130   M    M   1 1      21 130
 5  69  53  61   0   4   0 0.00  0.0    0  8.5 14 110   M    M   6 12     18 150
 6  77  55  66   5   0   1 0.00  0.0    0  6.7 14 170   M    M   7 12     19 190
 7  78  58  68   8   0   3 0.00  0.0    0  5.5 12 350   M    M   0        18 340
 8  82  58  70  10   0   5 0.02  0.0    0 10.8 30 190   M    M   3        42 190
 9  70  56  63   3   2   0 0.90  0.0    0  6.1 18 360   M    M   9 123    28 330
10  70  49  60   0   5   0 0.00  0.0    0  4.8 14 290   M    M   3 12     19 310
11  69  42  56  -3   9   0 0.00  0.0    0  3.6  9 120   M    M   1 1      12  60
12  75  45  60   1   5   0 0.00  0.0    0  3.9  9 280   M    M   0        13 280
13  78  51  65   7   0   0 0.00  0.0    0  8.2 17  90   M    M   1        24  80
14  62  53  58   0   7   0 0.00  0.0    0 14.8 22 100   M    M   7        32  90
15  67  54  61   3   4   0 0.31  0.0    0 10.4 18 170   M    M   7 13     27 180
16  62  56  59   2   6   0 0.50  0.0    0 11.2 23  90   M    M  10 12     32 100
17  69  57  63   6   2   0 0.26  0.0    0  6.0 16 100   M    M  10 123    21 110
18  67  56  62   6   3   0 0.01  0.0    0  8.4 16 280   M    M   6 123    23 310
19  78  54  66  10   0   1 0.00  0.0    0  8.6 17 240   M    M   1        25 220
20  83  58  71  15   0   6 0.00  0.0    0  6.8 18 320   M    M   2        26 310
21  60  44  52  -3  13   0 0.03  0.0    0 13.2 26 290   M    M   3 18     34 290
22  60  40  50  -5  15   0 0.00  0.0    0  5.6 14  20   M    M   1        19 360
23  56  41  49  -5  16   0 0.34  0.0    0  8.4 17 150   M    M   6 1      24 150
24  56  50  53  -1  12   0 0.24  0.0    0  3.9 13 170   M    M  10 1      17 170
25  64  47  56   2   9   0 0.12  0.0    0 13.1 30 330   M    M   7 18     47 340
26  56  39  48  -5  17   0 0.00  0.0    0  9.6 21 310   M    M   3        29 320
27  53  33  43 -10  22   0 0.00  0.0    0  7.0 17  10   M    M   1        25  10
================================================================================
SM 1857 1357       171  28  2.73  0.0    221.1          M      107
================================================================================
AV 68.8 50.3                               8.2 FASTST   M    M   4    MAX(MPH)
                                 MISC ---->  # 30 190                 47 340
================================================================================
NOTES:
# LAST OF SEVERAL OCCURRENCES

COLUMN 17 PEAK WIND IN M.P.H.

PRELIMINARY LOCAL CLIMATOLOGICAL DATA (WS FORM: F-6) , PAGE 2

                                          STATION:   DULUTH
                                          MONTH:     SEPTEMBER
                                          YEAR:      2022
                                          LATITUDE:   46 49 N
                                          LONGITUDE:  92 11 W

[TEMPERATURE DATA]      [PRECIPITATION DATA]       SYMBOLS USED IN COLUMN 16

AVERAGE MONTHLY: 59.5   TOTAL FOR MONTH:   2.73    1 = FOG OR MIST
DPTR FM NORMAL:   1.7   DPTR FM NORMAL:   -0.43    2 = FOG REDUCING VISIBILITY
HIGHEST:    85 ON  1    GRTST 24HR  0.92 ON  8- 9      TO 1/4 MILE OR LESS
LOWEST:     33 ON 27                               3 = THUNDER
                        SNOW, ICE PELLETS, HAIL    4 = ICE PELLETS
                        TOTAL MONTH:   0.0 INCH    5 = HAIL
                        GRTST 24HR  0.0            6 = FREEZING RAIN OR DRIZZLE
                        GRTST DEPTH:  0            7 = DUSTSTORM OR SANDSTORM:
                                                       VSBY 1/2 MILE OR LESS
                                                   8 = SMOKE OR HAZE
[NO. OF DAYS WITH]      [WEATHER - DAYS WITH]      9 = BLOWING SNOW
                                                   X = TORNADO
MAX 32 OR BELOW:   0    0.01 INCH OR MORE:  10
MAX 90 OR ABOVE:   0    0.10 INCH OR MORE:   7
MIN 32 OR BELOW:   0    0.50 INCH OR MORE:   2
MIN  0 OR BELOW:   0    1.00 INCH OR MORE:   0

[HDD (BASE 65) ]
TOTAL THIS MO.   171    CLEAR  (SCALE 0-3)  15
DPTR FM NORMAL   -41    PTCLDY (SCALE 4-7)   8
TOTAL FM JUL 1   242    CLOUDY (SCALE 8-10)  4
DPTR FM NORMAL   -84

[CDD (BASE 65) ]
TOTAL THIS MO.    28
DPTR FM NORMAL     9    [PRESSURE DATA]
TOTAL FM JAN 1   239    HIGHEST SLP M ON M
DPTR FM NORMAL   -13    LOWEST  SLP 29.61 ON  8

[REMARKS]
