000
CXUS56 KTFX 281110
CF6DLN
PRELIMINARY LOCAL CLIMATOLOGICAL DATA (WS FORM: F-6)

                                          STATION:   DILLON AIRPORT MT
                                          MONTH:     SEPTEMBER
                                          YEAR:      2022
                                          LATITUDE:   45 15 N
                                          LONGITUDE: 112 33 W

  TEMPERATURE IN F:       :PCPN:    SNOW:  WIND      :SUNSHINE: SKY     :PK WND
================================================================================
1   2   3   4   5  6A  6B    7    8   9   10  11  12  13   14  15   16   17  18
                                     12Z  AVG MX 2MIN
DY MAX MIN AVG DEP HDD CDD  WTR  SNW DPTH SPD SPD DIR MIN PSBL S-S WX    SPD DR
================================================================================

 1  89  56  73  13   0   8 0.00    M    0  8.1 20 280   M    M   0 8      29 320
 2  88  47  68   9   0   3 0.00    M    0  6.4 14 230   M    M   0 8      19 240
 3  97  50  74  15   0   9 0.00    M    0 10.8 30 170   M    M   0        39 170
 4  91  51  71  12   0   6 0.00    M    0  7.4 15 290   M    M   0 8      21 250
 5  91  50  71  13   0   6 0.00    M    0  8.5 22 260   M    M   0 8      33 300
 6  93  46  70  12   0   5 0.00    M    0  6.7 16 210   M    M   0 8      19 190
 7  91  54  73  15   0   8 0.00    M    0  9.7 32 290   M    M   2 8      45 190
 8  74  43  59   2   6   0 0.00    M    0 11.2 26  60   M    M   3 8      35 280
 9  63  31  47 -10  18   0 0.00    M    0  7.7 24  30   M    M   0        30  20
10  72  30  51  -6  14   0 0.00    M    0  5.4 13 190   M    M   0 8      15 180
11  85  45  65   9   0   0 0.00    M    0  6.6 13 210   M    M   1 8      16 210
12  78  43  61   5   4   0 0.00    M    0  6.6 15 190   M    M   2 8      20 190
13  70  44  57   1   8   0    T    M    0  5.3 16 190   M    M   5 18     21 200
14  72  47  60   5   5   0 0.00    M    0  4.6 15  70   M    M   3 128    19  70
15  67  40  54  -1  11   0 0.01    M    0  5.8 21 180   M    M   4 18     33 200
16  67  43  55   0  10   0    T    M    0  7.3 16 220   M    M   6        21 230
17  70  37  54   0  11   0 0.00    M    0  7.2 20 170   M    M   1        26 180
18  72  39  56   2   9   0    T    M    0  7.2 37 230   M    M   2        50 230
19  79  40  60   6   5   0 0.00    M    0  6.9 21 270   M    M   2        27 270
20  59  41  50  -3  15   0    T    M    0 14.2 30  40   M    M   1        38  50
21  64  42  53   0  12   0 0.65    M    0  8.2 22  80   M    M   7 13     30  70
22  60  40  50  -2  15   0 0.13    M    0 14.7 29 250   M    M   6 1      39 270
23  69  43  56   4   9   0 0.00    M    0 10.9 20 290   M    M   1        30 230
24  72  43  58   6   7   0 0.00    M    0  8.9 17 190   M    M   0        22 200
25  76  40  58   7   7   0 0.00    M    0  6.7 13 190   M    M   0        16 210
26  79  43  61  10   4   0 0.00    M    0  7.3 14 200   M    M   M        19 210
27  80  43  62  12   3   0 0.00    M    0  8.1 14 200   M    M   0        19 210
================================================================================
SM 2068 1171       173  45  0.79    M    218.4          M       46
================================================================================
AV 76.6 43.4                               8.1 FASTST   M    M   2    MAX(MPH)
                                 MISC ---->    37 230                 50 230
================================================================================
NOTES:
# LAST OF SEVERAL OCCURRENCES

COLUMN 17 PEAK WIND IN M.P.H.

PRELIMINARY LOCAL CLIMATOLOGICAL DATA (WS FORM: F-6) , PAGE 2

                                          STATION:   DILLON AIRPORT MT
                                          MONTH:     SEPTEMBER
                                          YEAR:      2022
                                          LATITUDE:   45 15 N
                                          LONGITUDE: 112 33 W

[TEMPERATURE DATA]      [PRECIPITATION DATA]       SYMBOLS USED IN COLUMN 16

AVERAGE MONTHLY: 60.0   TOTAL FOR MONTH:   0.79    1 = FOG OR MIST
DPTR FM NORMAL:   4.8   DPTR FM NORMAL:   -0.03    2 = FOG REDUCING VISIBILITY
HIGHEST:    97 ON  3    GRTST 24HR  0.65 ON 21-21      TO 1/4 MILE OR LESS
LOWEST:     30 ON 10                               3 = THUNDER
                        SNOW, ICE PELLETS, HAIL    4 = ICE PELLETS
                        TOTAL MONTH:  M            5 = HAIL
                        GRTST 24HR    M  ON   M    6 = FREEZING RAIN OR DRIZZLE
                        GRTST DEPTH:  0            7 = DUSTSTORM OR SANDSTORM:
                                                       VSBY 1/2 MILE OR LESS
                                                   8 = SMOKE OR HAZE
[NO. OF DAYS WITH]      [WEATHER - DAYS WITH]      9 = BLOWING SNOW
                                                   X = TORNADO
MAX 32 OR BELOW:   0    0.01 INCH OR MORE:   3
MAX 90 OR ABOVE:   5    0.10 INCH OR MORE:   2
MIN 32 OR BELOW:   2    0.50 INCH OR MORE:   1
MIN  0 OR BELOW:   0    1.00 INCH OR MORE:   0

[HDD (BASE 65) ]
TOTAL THIS MO.   173    CLEAR  (SCALE 0-3)  20
DPTR FM NORMAL   -97    PTCLDY (SCALE 4-7)   6
TOTAL FM JUL 1   204    CLOUDY (SCALE 8-10)  1
DPTR FM NORMAL  -221

[CDD (BASE 65) ]
TOTAL THIS MO.    45
DPTR FM NORMAL    45    [PRESSURE DATA]
TOTAL FM JAN 1   256    HIGHEST SLP M ON M
DPTR FM NORMAL   145    LOWEST  SLP 29.67 ON 18

[REMARKS]
