000
CXUS52 KCAE 271400
CF6DNL
PRELIMINARY LOCAL CLIMATOLOGICAL DATA (WS FORM: F-6)

                                          STATION:   AUGUSTA DANIEL FIELD GA
                                          MONTH:     SEPTEMBER
                                          YEAR:      2022
                                          LATITUDE:   33 28 N
                                          LONGITUDE:  82  2 W

  TEMPERATURE IN F:       :PCPN:    SNOW:  WIND      :SUNSHINE: SKY     :PK WND
================================================================================
1   2   3   4   5  6A  6B    7    8   9   10  11  12  13   14  15   16   17  18
                                     12Z  AVG MX 2MIN
DY MAX MIN AVG DEP HDD CDD  WTR  SNW DPTH SPD SPD DIR MIN PSBL S-S WX    SPD DR
================================================================================

 1  90  73  82   1   0  17 0.05    M    M  5.6 21 150   M    M   2 13     27 150
 2  88  72  80  -1   0  15 0.37    M    M  4.9 17 120   M    M   4 13     24 120
 3  88  74  81   1   0  16 0.09    M    M  4.8 16 120   M    M   3 138    24 120
 4  88  74  81   1   0  16 0.02    M    M  6.0 17 180   M    M   6        22 120
 5  88  73  81   1   0  16 0.04    M    M  5.2 13 200   M    M   5 3      16 310
 6  90  73  82   2   0  17 0.00    M    M  3.7 13 310   M    M   1 1      16 320
 7  91  72  82   2   0  17    T    M    M  4.6 22  20   M    M   0        26  20
 8  85  69  77  -3   0  12 0.00    M    M  7.1 13  70   M    M   4        18  50
 9  83  70  77  -2   0  12 0.17    M    M 11.5 18  90   M    M   7 1      25  50
10  85  70  78  -1   0  13 1.02    M    M  3.6 21 180   M    M   8 1238   27 200
11  86  72  79   0   0  14    T    M    M  3.2  9 140   M    M   5 12     14 170
12  89  73  81   2   0  16 0.13    M    M  3.8 17 310   M    M   2 1      23 310
13  83  66  75  -4   0  10 0.00    M    M  4.7 12 300   M    M   0        18 340
14  86  62  74  -4   0   9 0.00    M    M  5.9 14  80   M    M   0        28  30
15  84  62  73  -5   0   8 0.00    M    M  7.9 14  40   M    M   0        19  40
16  85  62  74  -4   0   9 0.00    M    M  4.4 13 120   M    M   1        21 110
17  86  64  75  -3   0  10 0.00    M    M  5.3 15  90   M    M   1        25 100
18  88  66  77   0   0  12 0.00    M    M  6.8 15  50   M    M   1        19  50
19  90  66  78   1   0  13 0.00    M    M  6.8 14  30   M    M   1        23  30
20  92  68  80   3   0  15 0.00    M    M  2.6  8  40   M    M   1        13  10
21  95  70  83   6   0  18 0.00    M    M  3.8 13  30   M    M   1        16 100
22  98  71  85   9   0  20    T    M    M  6.9 18  10   M    M   1        26  20
23  80  61  71  -5   0   6 0.00    M    M  6.4 16  60   M    M   0        23  30
24  82  55  69  -7   0   4 0.00    M    M  1.8 10 170   M    M   0        13 130
25  87  65  76   0   0  11 0.00    M    M  3.7 13 200   M    M   0        17 270
26  88  66  77   2   0  12 0.00    M    M  5.1 15 310   M    M   0        20 250
================================================================================
SM 2275 1769         0 338  1.89    M    136.1          M       54
================================================================================
AV 87.5 68.0                               5.2 FASTST   M    M   2    MAX(MPH)
                                 MISC ---->    22  20                 28  30
================================================================================
NOTES:
# LAST OF SEVERAL OCCURRENCES

COLUMN 17 PEAK WIND IN M.P.H.

PRELIMINARY LOCAL CLIMATOLOGICAL DATA (WS FORM: F-6) , PAGE 2

                                          STATION:   AUGUSTA DANIEL FIELD GA
                                          MONTH:     SEPTEMBER
                                          YEAR:      2022
                                          LATITUDE:   33 28 N
                                          LONGITUDE:  82  2 W

[TEMPERATURE DATA]      [PRECIPITATION DATA]       SYMBOLS USED IN COLUMN 16

AVERAGE MONTHLY: 77.8   TOTAL FOR MONTH:   1.89    1 = FOG OR MIST
DPTR FM NORMAL:  -0.5   DPTR FM NORMAL:   -1.66    2 = FOG REDUCING VISIBILITY
HIGHEST:    98 ON 22    GRTST 24HR  1.19 ON  9-10      TO 1/4 MILE OR LESS
LOWEST:     55 ON 24                               3 = THUNDER
                        SNOW, ICE PELLETS, HAIL    4 = ICE PELLETS
                        TOTAL MONTH:  M            5 = HAIL
                        GRTST 24HR    M  ON   M    6 = FREEZING RAIN OR DRIZZLE
                        GRTST DEPTH:  M  ON   M    7 = DUSTSTORM OR SANDSTORM:
                                                       VSBY 1/2 MILE OR LESS
                                                   8 = SMOKE OR HAZE
[NO. OF DAYS WITH]      [WEATHER - DAYS WITH]      9 = BLOWING SNOW
                                                   X = TORNADO
MAX 32 OR BELOW:   0    0.01 INCH OR MORE:   8
MAX 90 OR ABOVE:   7    0.10 INCH OR MORE:   4
MIN 32 OR BELOW:   0    0.50 INCH OR MORE:   1
MIN  0 OR BELOW:   0    1.00 INCH OR MORE:   1

[HDD (BASE 65) ]
TOTAL THIS MO.     0    CLEAR  (SCALE 0-3)  19
DPTR FM NORMAL     0    PTCLDY (SCALE 4-7)   7
TOTAL FM JUL 1     0    CLOUDY (SCALE 8-10)  0
DPTR FM NORMAL     0

[CDD (BASE 65) ]
TOTAL THIS MO.   338
DPTR FM NORMAL    -9    [PRESSURE DATA]
TOTAL FM JAN 1  2566    HIGHEST SLP M ON M
DPTR FM NORMAL   124    LOWEST  SLP 29.73 ON 22

[REMARKS]
