000
CXUS55 KVEF 280910
CF6DRA
PRELIMINARY LOCAL CLIMATOLOGICAL DATA (WS FORM: F-6)

                                          STATION:   DESERT ROCK-MERCURY NV
                                          MONTH:     SEPTEMBER
                                          YEAR:      2022
                                          LATITUDE:   36 37 N
                                          LONGITUDE: 116  1 W

  TEMPERATURE IN F:       :PCPN:    SNOW:  WIND      :SUNSHINE: SKY     :PK WND
================================================================================
1   2   3   4   5  6A  6B    7    8   9   10  11  12  13   14  15   16   17  18
                                     12Z  AVG MX 2MIN
DY MAX MIN AVG DEP HDD CDD  WTR  SNW DPTH SPD SPD DIR MIN PSBL S-S WX    SPD DR
================================================================================

 1 109  71  90   9   0  25 0.00  0.0    0  3.8 10 300   M    M   0         M   M
 2 109  74  92  11   0  27 0.00  0.0    M  4.5 12 120   M    M   0        16 120
 3 107  75  91  10   0  26 0.00  0.0    0  5.3 20 200   M    M   0        36 170
 4 106  78  92  12   0  27 0.00  0.0    0  5.8 14 230   M    M   0        23 230
 5 108  74  91  11   0  26 0.00  0.0    0  4.8  9  30   M    M   0        16  99
 6 110  73  92  12   0  27 0.00  0.0    0  5.1 16 140   M    M   0        24 110
 7 106  78  92  13   0  27 0.00  0.0    0  6.2 14 240   M    M   0        21 240
 8 104  76  90  11   0  25 0.17  0.0    0  8.7 20 310   M    M   0        32 190
 9  96  71  84   5   0  19 0.00  0.0    0  7.1 17 220   M    M   3 8      24 220
10  84  69  77  -1   0  12    T  0.0    M  8.0 22 100   M    M   2        35 110
11  93  64  79   1   0  14 0.00  0.0    0  5.5 13 220   M    M   0        24 200
12  85  67  76  -2   0  11 0.03  0.0    0  8.3 27 100   M    M   5        37 100
13  87  64  76  -1   0  11 0.50  0.0    0  9.5 24 310   M    M   6        64 300
14  85  62  74  -3   0   9    T  0.0    0  9.1 17 190   M    M   2        35 210
15  87  59  73  -4   0   8 0.00  0.0    0  6.5 21 220   M    M   0        35 250
16  87  57  72  -4   0   7 0.00  0.0    0  4.2 10 250   M    M   0        18  99
17  88  57  73  -3   0   8 0.00  0.0    0 10.3 24 220   M    M   0        39 170
18  86  63  75  -1   0  10 0.00  0.0    0 12.5 25 210   M    M   0        38 230
19  88  61  75   0   0  10 0.00  0.0    0 11.8 23 210   M    M   0        37 230
20  87  56  72  -3   0   7 0.00  0.0    0  8.8 22 200   M    M   0        37 220
21  84  57  71  -3   0   6 0.00  0.0    0 10.2 23 200   M    M   0        39 200
22  84  54  69  -5   0   4 0.00  0.0    0  6.0 14 230   M    M   0        22 260
23  88  50  69  -5   0   4 0.00  0.0    0  6.4 17  40   M    M   0         M   M
24  93  59  76   3   0  11 0.00  0.0    0  5.2 15  40   M    M   0        21 120
25  95  63  79   6   0  14 0.00  0.0    0  6.7 15  30   M    M   0        20 130
26  96  64  80   8   0  15 0.00  0.0    0  8.5 16  30   M    M   0        17  90
27  96  58  77   5   0  12 0.00  0.0    0  5.5 13 240   M    M   0        25 210
================================================================================
SM 2548 1754         0 402  0.70  0.0    194.3          M       18
================================================================================
AV 94.4 65.0                               7.2 FASTST   M    M   1    MAX(MPH)
                                 MISC ---->    27 100                 64 300
================================================================================
NOTES:
# LAST OF SEVERAL OCCURRENCES

COLUMN 17 PEAK WIND IN M.P.H.

PRELIMINARY LOCAL CLIMATOLOGICAL DATA (WS FORM: F-6) , PAGE 2

                                          STATION:   DESERT ROCK-MERCURY NV
                                          MONTH:     SEPTEMBER
                                          YEAR:      2022
                                          LATITUDE:   36 37 N
                                          LONGITUDE: 116  1 W

[TEMPERATURE DATA]      [PRECIPITATION DATA]       SYMBOLS USED IN COLUMN 16

AVERAGE MONTHLY: 79.7   TOTAL FOR MONTH:   0.70    1 = FOG OR MIST
DPTR FM NORMAL:   2.8   DPTR FM NORMAL:    0.35    2 = FOG REDUCING VISIBILITY
HIGHEST:   110 ON  6    GRTST 24HR  0.50 ON 13-13      TO 1/4 MILE OR LESS
LOWEST:     50 ON 23                               3 = THUNDER
                        SNOW, ICE PELLETS, HAIL    4 = ICE PELLETS
                        TOTAL MONTH:   0.0 INCH    5 = HAIL
                        GRTST 24HR  0.0            6 = FREEZING RAIN OR DRIZZLE
                        GRTST DEPTH:  0            7 = DUSTSTORM OR SANDSTORM:
                                                       VSBY 1/2 MILE OR LESS
                                                   8 = SMOKE OR HAZE
[NO. OF DAYS WITH]      [WEATHER - DAYS WITH]      9 = BLOWING SNOW
                                                   X = TORNADO
MAX 32 OR BELOW:   0    0.01 INCH OR MORE:   3
MAX 90 OR ABOVE:  14    0.10 INCH OR MORE:   2
MIN 32 OR BELOW:   0    0.50 INCH OR MORE:   1
MIN  0 OR BELOW:   0    1.00 INCH OR MORE:   0

[HDD (BASE 65) ]
TOTAL THIS MO.     0    CLEAR  (SCALE 0-3)  25
DPTR FM NORMAL    -1    PTCLDY (SCALE 4-7)   2
TOTAL FM JUL 1     0    CLOUDY (SCALE 8-10)  0
DPTR FM NORMAL    -1

[CDD (BASE 65) ]
TOTAL THIS MO.   402
DPTR FM NORMAL    78    [PRESSURE DATA]
TOTAL FM JAN 1  2518    HIGHEST SLP M ON M
DPTR FM NORMAL   281    LOWEST  SLP M ON M

[REMARKS]
