000
CXUS55 KGJT 250910
CF6DRO
PRELIMINARY LOCAL CLIMATOLOGICAL DATA (WS FORM: F-6)

                                          STATION:   DURANGO AIRPORT CO
                                          MONTH:     SEPTEMBER
                                          YEAR:      2022
                                          LATITUDE:   37  9 N
                                          LONGITUDE: 107 45 W

  TEMPERATURE IN F:       :PCPN:    SNOW:  WIND      :SUNSHINE: SKY     :PK WND
================================================================================
1   2   3   4   5  6A  6B    7    8   9   10  11  12  13   14  15   16   17  18
                                     12Z  AVG MX 2MIN
DY MAX MIN AVG DEP HDD CDD  WTR  SNW DPTH SPD SPD DIR MIN PSBL S-S WX    SPD DR
================================================================================

 1  87  51  69   5   0   4 0.00    M    M  4.1 15 300   M    M   0        21 310
 2  92  49  71   7   0   6    T    M    M  6.7 25 130   M    M   0 3      35 130
 3  84  52  68   4   0   3    T    M    M  5.3 17  30   M    M   1        22 170
 4  87  49  68   5   0   3 0.00    M    M  4.1 13 260   M    M   0        18 260
 5  95  48  72   9   0   7 0.11    M    M  5.9 26  90   M    M   0 38     37  80
 6  92  51  72   9   0   7 0.00    M    M  3.6 28 330   M    M   0 3      40 340
 7  91  51  71   8   0   6    T    M    M  5.9 23 330   M    M   0 3      38  10
 8  90  50  70   8   0   5 0.00    M    M  4.6 21 300   M    M   0 38     27 290
 9  90  49  70   8   0   5 0.09    M    M  6.1 28 350   M    M   2 38     39  10
10  82  57  70   8   0   5 0.00    M    M  6.0 17 220   M    M   2 8      22 250
11  83  51  67   6   0   2 0.01    M    M  5.7 24  40   M    M   1        39  90
12  82  43  63   2   2   0 0.00    M    M  4.8 18  20   M    M   1 8      22  50
13  75  44  60  -1   5   0 0.08    M    M  5.0 17 200   M    M   3 13     23 200
14  66  52  59  -1   6   0 0.38    M    M  5.1 24 250   M    M   8 13     35 260
15  73  49  61   1   4   0    T    M    M  4.8 21 330   M    M   4 1      25 330
16  76  45  61   1   4   0 0.00    M    M  4.6 17 270   M    M   3 8      26 260
17  78  43  61   2   4   0 0.00    M    M  5.9 18 190   M    M   0        27 170
18  82  40  61   2   4   0 0.00    M    M  6.8 20 220   M    M   2        31 210
19  82  50  66   8   0   1 0.00    M    M  3.4 14 270   M    M   2        19 270
20  81  46  64   6   1   0 0.16    M    M  6.1 17 310   M    M   3 13     24 290
21  64  54  59   1   6   0 0.27    M    M  2.5  8 320   M    M   8 1      10  80
22  69  54  62   5   3   0 1.22    M    M  3.8 20 330   M    M   7 1      26 320
23  74  48  61   4   4   0 0.00    M    M  6.3 17 270   M    M   3 12     25 260
24  75  41  58   2   7   0 0.00    M    M  3.3 14 210   M    M   0        20 220
================================================================================
SM 1950 1167        50  54  2.32    M    120.4          M       50
================================================================================
AV 81.3 48.6                               5.0 FASTST   M    M   2    MAX(MPH)
                                 MISC ---->  # 28 330                 40 340
================================================================================
NOTES:
# LAST OF SEVERAL OCCURRENCES

COLUMN 17 PEAK WIND IN M.P.H.

PRELIMINARY LOCAL CLIMATOLOGICAL DATA (WS FORM: F-6) , PAGE 2

                                          STATION:   DURANGO AIRPORT CO
                                          MONTH:     SEPTEMBER
                                          YEAR:      2022
                                          LATITUDE:   37  9 N
                                          LONGITUDE: 107 45 W

[TEMPERATURE DATA]      [PRECIPITATION DATA]       SYMBOLS USED IN COLUMN 16

AVERAGE MONTHLY: 64.9   TOTAL FOR MONTH:   2.32    1 = FOG OR MIST
DPTR FM NORMAL:   4.3   DPTR FM NORMAL:    0.71    2 = FOG REDUCING VISIBILITY
HIGHEST:    95 ON  5    GRTST 24HR  1.48 ON 21-22      TO 1/4 MILE OR LESS
LOWEST:     40 ON 18                               3 = THUNDER
                        SNOW, ICE PELLETS, HAIL    4 = ICE PELLETS
                        TOTAL MONTH:  M            5 = HAIL
                        GRTST 24HR    M  ON   M    6 = FREEZING RAIN OR DRIZZLE
                        GRTST DEPTH:  M  ON   M    7 = DUSTSTORM OR SANDSTORM:
                                                       VSBY 1/2 MILE OR LESS
                                                   8 = SMOKE OR HAZE
[NO. OF DAYS WITH]      [WEATHER - DAYS WITH]      9 = BLOWING SNOW
                                                   X = TORNADO
MAX 32 OR BELOW:   0    0.01 INCH OR MORE:   8
MAX 90 OR ABOVE:   6    0.10 INCH OR MORE:   5
MIN 32 OR BELOW:   0    0.50 INCH OR MORE:   1
MIN  0 OR BELOW:   0    1.00 INCH OR MORE:   1

[HDD (BASE 65) ]
TOTAL THIS MO.    50    CLEAR  (SCALE 0-3)  17
DPTR FM NORMAL   -64    PTCLDY (SCALE 4-7)   7
TOTAL FM JUL 1    51    CLOUDY (SCALE 8-10)  0
DPTR FM NORMAL   -87

[CDD (BASE 65) ]
TOTAL THIS MO.    54
DPTR FM NORMAL    46    [PRESSURE DATA]
TOTAL FM JAN 1   511    HIGHEST SLP M ON M
DPTR FM NORMAL   223    LOWEST  SLP 29.64 ON  9

[REMARKS]
