000
CXUS53 KDMX 280810
CF6DSM
PRELIMINARY LOCAL CLIMATOLOGICAL DATA (WS FORM: F-6)

                                          STATION:   DES MOINES IA
                                          MONTH:     SEPTEMBER
                                          YEAR:      2022
                                          LATITUDE:   41 31 N
                                          LONGITUDE:  93 39 W

  TEMPERATURE IN F:       :PCPN:    SNOW:  WIND      :SUNSHINE: SKY     :PK WND
================================================================================
1   2   3   4   5  6A  6B    7    8   9   10  11  12  13   14  15   16   17  18
                                     12Z  AVG MX 2MIN
DY MAX MIN AVG DEP HDD CDD  WTR  SNW DPTH SPD SPD DIR MIN PSBL S-S WX    SPD DR
================================================================================

 1  85  67  76   5   0  11 1.54  0.0    0 10.9 29 220   M    M   8 35     44 200
 2  89  67  78   7   0  13    T  0.0    0  7.6 14 240   M    M   3 3      20 210
 3  80  65  73   3   0   8 0.00  0.0    0 10.3 18  40   M    M   7        24  30
 4  77  65  71   1   0   6    T  0.0    0  7.8 14  60   M    M   8 1      21  40
 5  78  65  72   2   0   7    T  0.0    0  6.1 12 110   M    M   8 1      17 110
 6  82  62  72   2   0   7 0.00  0.0    0  6.2 12 130   M    M   3 1      18 150
 7  84  63  74   5   0   9 0.00  0.0    0  3.8  9 100   M    M   2        17  90
 8  86  63  75   6   0  10 0.00  0.0    0  8.8 16 200   M    M   0 1      26 190
 9  86  62  74   5   0   9 0.00  0.0    0  9.7 23 360   M    M   3 8      31  10
10  65  57  61  -7   4   0 0.81  0.0    0  9.2 20  40   M    M  10 13     28  30
11  74  50  62  -6   3   0 0.00  0.0    0  7.8 20  10   M    M   2        29  20
12  76  49  63  -5   2   0 0.00  0.0    0  5.9 16 310   M    M   3        22 350
13  79  50  65  -2   0   0 0.00  0.0    0  3.8  9 100   M    M   2 1       9 100
14  88  59  74   7   0   9 0.00  0.0    0  8.0 13 170   M    M   4        13 170
15  84  63  74   7   0   9 0.00  0.0    0  9.6 18 190   M    M   8        24 200
16  82  63  73   7   0   8    T  0.0    0  9.4 20 200   M    M   6        29 160
17  73  65  69   3   0   4 0.67  0.0    0 10.5 25 130   M    M   9 13     33 220
18  85  66  76  10   0  11 0.14  0.0    0  6.5 14  20   M    M   6 13     20  40
19  85  63  74   9   0   9 0.00  0.0    0 10.3 18 140   M    M   2        26 140
20  94  73  84  19   0  19 0.12  0.0    0 11.0 24 280   M    M   2 3      34 280
21  78  57  68   4   0   3 0.01  0.0    0 10.2 22  10   M    M   7        31  10
22  68  51  60  -4   5   0 0.00  0.0    0  5.6 12  40   M    M   8 8      17 350
23  57  52  55  -9  10   0 0.23  0.0    0  9.7 17 140   M    M  10 1      23 140
24  83  54  69   6   0   4 0.00  0.0    0 11.5 26 280   M    M   7 1      36 300
25  76  52  64   1   1   0 0.00  0.0    0 13.3 30 310   M    M   0        42 290
26  72  44  58  -4   7   0 0.00  0.0    0  9.3 24 310   M    M   5        32 300
27  70  47  59  -3   6   0 0.00  0.0    0  6.1 14  50   M    M   3        21  50
================================================================================
SM 2136 1594        38 156  3.52  0.0    228.9          M      136
================================================================================
AV 79.1 59.0                               8.5 FASTST   M    M   5    MAX(MPH)
                                 MISC ---->    30 310                 44 200
================================================================================
NOTES:
# LAST OF SEVERAL OCCURRENCES

COLUMN 17 PEAK WIND IN M.P.H.

PRELIMINARY LOCAL CLIMATOLOGICAL DATA (WS FORM: F-6) , PAGE 2

                                          STATION:   DES MOINES IA
                                          MONTH:     SEPTEMBER
                                          YEAR:      2022
                                          LATITUDE:   41 31 N
                                          LONGITUDE:  93 39 W

[TEMPERATURE DATA]      [PRECIPITATION DATA]       SYMBOLS USED IN COLUMN 16

AVERAGE MONTHLY: 69.1   TOTAL FOR MONTH:   3.52    1 = FOG OR MIST
DPTR FM NORMAL:   2.3   DPTR FM NORMAL:    0.62    2 = FOG REDUCING VISIBILITY
HIGHEST:    94 ON 20    GRTST 24HR  1.54 ON  1- 1      TO 1/4 MILE OR LESS
LOWEST:     44 ON 26                               3 = THUNDER
                        SNOW, ICE PELLETS, HAIL    4 = ICE PELLETS
                        TOTAL MONTH:   0.0 INCH    5 = HAIL
                        GRTST 24HR  0.0            6 = FREEZING RAIN OR DRIZZLE
                        GRTST DEPTH:  0            7 = DUSTSTORM OR SANDSTORM:
                                                       VSBY 1/2 MILE OR LESS
                                                   8 = SMOKE OR HAZE
[NO. OF DAYS WITH]      [WEATHER - DAYS WITH]      9 = BLOWING SNOW
                                                   X = TORNADO
MAX 32 OR BELOW:   0    0.01 INCH OR MORE:   7
MAX 90 OR ABOVE:   1    0.10 INCH OR MORE:   6
MIN 32 OR BELOW:   0    0.50 INCH OR MORE:   3
MIN  0 OR BELOW:   0    1.00 INCH OR MORE:   1

[HDD (BASE 65) ]
TOTAL THIS MO.    38    CLEAR  (SCALE 0-3)  11
DPTR FM NORMAL   -32    PTCLDY (SCALE 4-7)  11
TOTAL FM JUL 1    38    CLOUDY (SCALE 8-10)  5
DPTR FM NORMAL   -37

[CDD (BASE 65) ]
TOTAL THIS MO.   156
DPTR FM NORMAL    42    [PRESSURE DATA]
TOTAL FM JAN 1  1316    HIGHEST SLP M ON M
DPTR FM NORMAL   267    LOWEST  SLP 29.77 ON  8

[REMARKS]
