000
CXUS54 KFWD 280730
CF6DTO
PRELIMINARY LOCAL CLIMATOLOGICAL DATA (WS FORM: F-6)

                                          STATION:   DENTON
                                          MONTH:     SEPTEMBER
                                          YEAR:      2022
                                          LATITUDE:   33 12 N
                                          LONGITUDE:  97 12 W

  TEMPERATURE IN F:       :PCPN:    SNOW:  WIND      :SUNSHINE: SKY     :PK WND
================================================================================
1   2   3   4   5  6A  6B    7    8   9   10  11  12  13   14  15   16   17  18
                                     12Z  AVG MX 2MIN
DY MAX MIN AVG DEP HDD CDD  WTR  SNW DPTH SPD SPD DIR MIN PSBL S-S WX    SPD DR
================================================================================

 1  83  72  78  -3   0  13 0.20    M    M  4.4 14 140   M    M   4 13     18 270
 2  86  72  79  -1   0  14    T    M    M  6.5 18 170   M    M   3        25 160
 3  96  69  83   3   0  18 0.00    M    M  4.0 14  30   M    M   0        18  10
 4  94  68  81   1   0  16    T    M    M  5.1 28  10   M    M   1 3      38  20
 5  91  65  78  -2   0  13 0.00    M    M  4.2 24 200   M    M   1        30 190
 6  94  68  81   2   0  16 0.00    M    M  2.9 10 170   M    M   1        16 140
 7  94  68  81   2   0  16 0.00    M    M  5.1 16  10   M    M   0        24  10
 8  90  67  79   0   0  14 0.00    M    M  5.2 13 120   M    M   1        17 120
 9  90  63  77  -1   0  12 0.00    M    M  5.2 14 130   M    M   1        23 120
10  91  58  75  -3   0  10 0.00    M    M  4.1 15 360   M    M   1        20  10
11  84  63  74  -4   0   9 0.00    M    M  9.2 18 360   M    M   1        25 320
12  87  56  72  -6   0   7 0.00    M    M  2.8  9 190   M    M   1        13  60
13  91  60  76  -1   0  11 0.00    M    M  6.5 18 160   M    M   0        30 160
14  90  61  76  -1   0  11 0.00    M    M  7.6 15 150   M    M   0        20 150
15  89  59  74  -2   0   9 0.00    M    M  7.3 16 130   M    M   0        23 180
16  93  64  79   3   0  14 0.00    M    M 10.3 18 160   M    M   1        23 150
17  95  75  85   9   0  20 0.00    M    M 11.5 20 170   M    M   1        31 170
18  96  75  86  10   0  21 0.00    M    M  9.8 18 180   M    M   0        27 180
19  97  68  83   8   0  18 0.00    M    M  6.3 17 170   M    M   1        24 150
20  97  69  83   8   0  18 0.00    M    M  5.5 16 180   M    M   1        24 180
21  98  68  83   9   0  18 0.00    M    M  5.2 16 190   M    M   0        22 180
22  99  64  82   8   0  17 0.00    M    M  2.8 13 340   M    M   0        17 340
23  98  65  82   8   0  17 0.00    M    M  7.0 20 190   M    M   0        24 170
24  98  69  84  11   0  19 0.00    M    M  7.1 17 170   M    M   0        23 160
25  99  67  83  10   0  18 0.00    M    M  5.8 20  30   M    M   1        29  30
26  88  55  72  -1   0   7 0.00    M    M  6.1 20  20   M    M   0        28  30
27  90  51  71  -1   0   6 0.00    M    M  4.4 13 160   M    M   0        20 140
================================================================================
SM 2498 1759         0 382  0.20    M    161.9          M       20
================================================================================
AV 92.5 65.1                               6.0 FASTST   M    M   1    MAX(MPH)
                                 MISC ---->    28  10                 38  20
================================================================================
NOTES:
# LAST OF SEVERAL OCCURRENCES

COLUMN 17 PEAK WIND IN M.P.H.

PRELIMINARY LOCAL CLIMATOLOGICAL DATA (WS FORM: F-6) , PAGE 2

                                          STATION:   DENTON
                                          MONTH:     SEPTEMBER
                                          YEAR:      2022
                                          LATITUDE:   33 12 N
                                          LONGITUDE:  97 12 W

[TEMPERATURE DATA]      [PRECIPITATION DATA]       SYMBOLS USED IN COLUMN 16

AVERAGE MONTHLY: 78.8   TOTAL FOR MONTH:   0.20    1 = FOG OR MIST
DPTR FM NORMAL:   2.1   DPTR FM NORMAL:   -2.20    2 = FOG REDUCING VISIBILITY
HIGHEST:    99 ON 25,22  GRTST 24HR  0.20 ON  1- 1      TO 1/4 MILE OR LESS
LOWEST:     51 ON 27                               3 = THUNDER
                        SNOW, ICE PELLETS, HAIL    4 = ICE PELLETS
                        TOTAL MONTH:  M            5 = HAIL
                        GRTST 24HR    M  ON   M    6 = FREEZING RAIN OR DRIZZLE
                        GRTST DEPTH:  M  ON   M    7 = DUSTSTORM OR SANDSTORM:
                                                       VSBY 1/2 MILE OR LESS
                                                   8 = SMOKE OR HAZE
[NO. OF DAYS WITH]      [WEATHER - DAYS WITH]      9 = BLOWING SNOW
                                                   X = TORNADO
MAX 32 OR BELOW:   0    0.01 INCH OR MORE:   1
MAX 90 OR ABOVE:  21    0.10 INCH OR MORE:   1
MIN 32 OR BELOW:   0    0.50 INCH OR MORE:   0
MIN  0 OR BELOW:   0    1.00 INCH OR MORE:   0

[HDD (BASE 65) ]
TOTAL THIS MO.     0    CLEAR  (SCALE 0-3)  26
DPTR FM NORMAL    -1    PTCLDY (SCALE 4-7)   1
TOTAL FM JUL 1     0    CLOUDY (SCALE 8-10)  0
DPTR FM NORMAL    -1

[CDD (BASE 65) ]
TOTAL THIS MO.   382
DPTR FM NORMAL    60    [PRESSURE DATA]
TOTAL FM JAN 1  2937    HIGHEST SLP M ON M
DPTR FM NORMAL   617    LOWEST  SLP 29.75 ON  8

[REMARKS]
