000
CXUS53 KFGF 280815
CF6DVL
PRELIMINARY LOCAL CLIMATOLOGICAL DATA (WS FORM: F-6)

                                          STATION:   DEVILS LAKE ND
                                          MONTH:     SEPTEMBER
                                          YEAR:      2022
                                          LATITUDE:   48  7 N
                                          LONGITUDE:  98 54 W

  TEMPERATURE IN F:       :PCPN:    SNOW:  WIND      :SUNSHINE: SKY     :PK WND
================================================================================
1   2   3   4   5  6A  6B    7    8   9   10  11  12  13   14  15   16   17  18
                                     12Z  AVG MX 2MIN
DY MAX MIN AVG DEP HDD CDD  WTR  SNW DPTH SPD SPD DIR MIN PSBL S-S WX    SPD DR
================================================================================

 1  91  65  78  15   0  13 0.00    M    M 10.9 18 200   M    M   0        23 190
 2  76  53  65   3   0   0 0.00    M    M 12.3 20 330   M    M   0        30 350
 3  76  48  62   0   3   0 0.00    M    M  7.5 15 160   M    M   0         M   M
 4  79  56  68   6   0   3 0.00    M    M 14.3 21 160   M    M   0        28 140
 5  81  61  71  10   0   6    T    M    M 13.5 21 150   M    M   0        24 140
 6  82  56  69   8   0   4 0.00    M    M  8.9 16 360   M    M   0 1      21 340
 7  84  51  68   7   0   3 0.00    M    M 11.7 22 180   M    M   0        29 180
 8  77  56  67   7   0   2    T    M    M 11.5 20 340   M    M   1        32 330
 9  67  50  59  -1   6   0    T    M    M  9.4 17 260   M    M   2        23 320
10  66  44  55  -5  10   0    T    M    M  8.0 18 290   M    M   2 8      24 280
11  79  42  61   2   4   0 0.00    M    M  6.7 14 230   M    M   0         M   M
12  83  53  68   9   0   3 0.00    M    M 10.1 18  20   M    M   0        23  20
13  65  52  59   0   6   0 0.00    M    M    M  M   M   M    M   0         M   M
14  71  48  60   2   5   0 0.00    M    M 21.9 22 110   M    M   0        27 110
15  61  54  58   0   7   0 0.15    M    M 14.7 20  20   M    M  10 1      25  20
16  56  52  54  -4  11   0 0.24    M    M  9.3 13  10   M    M  10 1       M   M
17  61  51  56  -1   9   0    T    M    M  5.4  8 280   M    M   8 1       M   M
18  78  47  63   6   2   0 0.00    M    M  4.7 10 230   M    M   1 1       M   M
19  80  47  64   8   1   0 0.00    M    M  8.1 25 150   M    M   1 1      38 150
20  66  52  59   3   6   0    T    M    M 13.9 24 290   M    M   4        31 280
21  58  42  50  -6  15   0 0.00    M    M 17.5 24 300   M    M   6        32 330
22  62  32  47  -8  18   0    T    M    M  9.4 17 150   M    M   0 12     22 140
23  67  50  59   4   6   0 0.03    M    M 11.5 17 150   M    M   7        23 150
24  69  49  59   5   6   0 0.02    M    M 14.6 24 320   M    M   4 1      32 340
25  65  46  56   2   9   0    M    M    M 16.4 30 330   M    M   0 8      39 330
26  69  39  54   1  11   0    M    M    M  4.7 12 310   M    M   4 8       M   M
27  58  39  49  -4  16   0 0.00    M    M  7.8 12  60   M    M   1         M   M
================================================================================
SM 1927 1335       151  34  0.44    M    284.7          M       61
================================================================================
AV 71.4 49.4                              11.0 FASTST   M    M   2    MAX(MPH)
                                 MISC ---->    30 330                 39 330
================================================================================
NOTES:
# LAST OF SEVERAL OCCURRENCES

COLUMN 17 PEAK WIND IN M.P.H.

PRELIMINARY LOCAL CLIMATOLOGICAL DATA (WS FORM: F-6) , PAGE 2

                                          STATION:   DEVILS LAKE ND
                                          MONTH:     SEPTEMBER
                                          YEAR:      2022
                                          LATITUDE:   48  7 N
                                          LONGITUDE:  98 54 W

[TEMPERATURE DATA]      [PRECIPITATION DATA]       SYMBOLS USED IN COLUMN 16

AVERAGE MONTHLY: 60.4   TOTAL FOR MONTH:   0.44    1 = FOG OR MIST
DPTR FM NORMAL:   2.3   DPTR FM NORMAL:    0.44    2 = FOG REDUCING VISIBILITY
HIGHEST:    91 ON  1    GRTST 24HR  0.24 ON 16-16      TO 1/4 MILE OR LESS
LOWEST:     32 ON 22                               3 = THUNDER
                        SNOW, ICE PELLETS, HAIL    4 = ICE PELLETS
                        TOTAL MONTH:  M            5 = HAIL
                        GRTST 24HR    M  ON   M    6 = FREEZING RAIN OR DRIZZLE
                        GRTST DEPTH:  M  ON   M    7 = DUSTSTORM OR SANDSTORM:
                                                       VSBY 1/2 MILE OR LESS
                                                   8 = SMOKE OR HAZE
[NO. OF DAYS WITH]      [WEATHER - DAYS WITH]      9 = BLOWING SNOW
                                                   X = TORNADO
MAX 32 OR BELOW:   0    0.01 INCH OR MORE:   4
MAX 90 OR ABOVE:   1    0.10 INCH OR MORE:   2
MIN 32 OR BELOW:   1    0.50 INCH OR MORE:   0
MIN  0 OR BELOW:   0    1.00 INCH OR MORE:   0

[HDD (BASE 65) ]
TOTAL THIS MO.   151    CLEAR  (SCALE 0-3)  19
DPTR FM NORMAL   -42    PTCLDY (SCALE 4-7)   6
TOTAL FM JUL 1   175    CLOUDY (SCALE 8-10)  2
DPTR FM NORMAL   -60

[CDD (BASE 65) ]
TOTAL THIS MO.    34
DPTR FM NORMAL    34    [PRESSURE DATA]
TOTAL FM JAN 1   457    HIGHEST SLP M ON M
DPTR FM NORMAL   209    LOWEST  SLP M ON M

[REMARKS]
