000
CXUS55 KPSR 281005
CF6DVT
PRELIMINARY LOCAL CLIMATOLOGICAL DATA (WS FORM: F-6)

                                          STATION:   DEER VLY/PHOENIX AZ
                                          MONTH:     SEPTEMBER
                                          YEAR:      2022
                                          LATITUDE:   33 41 N
                                          LONGITUDE: 112  4 W

  TEMPERATURE IN F:       :PCPN:    SNOW:  WIND      :SUNSHINE: SKY     :PK WND
================================================================================
1   2   3   4   5  6A  6B    7    8   9   10  11  12  13   14  15   16   17  18
                                     12Z  AVG MX 2MIN
DY MAX MIN AVG DEP HDD CDD  WTR  SNW DPTH SPD SPD DIR MIN PSBL S-S WX    SPD DR
================================================================================

 1 104  85  95   5   0  30 0.00    M    M  5.6 18 140   M    M   0        28 130
 2 105  82  94   4   0  29 0.00    M    M  5.4 22  40   M    M   0        32  40
 3 106  81  94   4   0  29 0.00    M    M  6.2 18 170   M    M   0        26 120
 4 106  85  96   6   0  31 0.00    M    M  6.2 14 180   M    M   0        23 120
 5 107  83  95   6   0  30 0.00    M    M  5.1 13 200   M    M   0        19 210
 6 107  85  96   7   0  31 0.00    M    M  6.8 16 190   M    M   0        26 180
 7 104  80  92   3   0  27 0.00    M    M  4.2 20 240   M    M   0        25 260
 8 101  81  91   2   0  26 0.00    M    M  5.1 17 230   M    M   0        22 240
 9  97  73  85  -3   0  20 0.24    M    M  6.6 30 250   M    M   2 138    39 250
10  91  73  82  -6   0  17 0.15    M    M  3.4 13 260   M    M   2 1      16 260
11  99  73  86  -2   0  21 0.25    M    M  5.6 40 290   M    M   1 13     55 280
12  94  74  84  -4   0  19 0.01    M    M  6.5 15 270   M    M   2 3      19 240
13  92  77  85  -2   0  20    T    M    M  6.7 16 260   M    M   3        22 310
14  95  75  85  -2   0  20 0.00    M    M  3.3 13 260   M    M   1        26 280
15  94  73  84  -3   0  19 0.00    M    M  3.4 13 220   M    M   0 8      19 230
16  95  73  84  -2   0  19 0.00    M    M  4.5 12 280   M    M   0        17 240
17  96  73  85  -1   0  20 0.00    M    M  5.3 14 190   M    M   0        23 230
18  98  67  83  -3   0  18 0.00    M    M  3.2 13 230   M    M   0        17 210
19 100  73  87   2   0  22 0.00    M    M  4.6 13 190   M    M   0        18 150
20  93  74  84  -1   0  19 0.07    M    M  4.8 22 200   M    M   3        32 200
21  82  75  79  -5   0  14 0.17    M    M  4.0 14 340   M    M   6 1      19 360
22  90  76  83  -1   0  18 0.01    M    M  1.4 10 260   M    M   3 1      14 280
23  98  74  86   2   0  21 0.10    M    M  5.2 30  10   M    M   0 3      40  30
24 100  73  87   4   0  22 0.00    M    M  5.1 13 280   M    M   0        18 300
25 101  73  87   4   0  22 0.00    M    M  5.2 12  50   M    M   0        21 180
26 101  76  89   7   0  24 0.00    M    M  6.6 17 140   M    M   0 8      24 130
27 100  82  91   9   0  26 0.00    M    M  6.9 17 150   M    M   0        24 100
================================================================================
SM 2656 2069         0 614  1.00    M    136.9          M       23
================================================================================
AV 98.4 76.6                               5.1 FASTST   M    M   1    MAX(MPH)
                                 MISC ---->    40 290                 55 280
================================================================================
NOTES:
# LAST OF SEVERAL OCCURRENCES

COLUMN 17 PEAK WIND IN M.P.H.

PRELIMINARY LOCAL CLIMATOLOGICAL DATA (WS FORM: F-6) , PAGE 2

                                          STATION:   DEER VLY/PHOENIX AZ
                                          MONTH:     SEPTEMBER
                                          YEAR:      2022
                                          LATITUDE:   33 41 N
                                          LONGITUDE: 112  4 W

[TEMPERATURE DATA]      [PRECIPITATION DATA]       SYMBOLS USED IN COLUMN 16

AVERAGE MONTHLY: 87.5   TOTAL FOR MONTH:   1.00    1 = FOG OR MIST
DPTR FM NORMAL:   0.9   DPTR FM NORMAL:    0.34    2 = FOG REDUCING VISIBILITY
HIGHEST:   107 ON  6, 5  GRTST 24HR  0.39 ON  9-10      TO 1/4 MILE OR LESS
LOWEST:     67 ON 18                               3 = THUNDER
                        SNOW, ICE PELLETS, HAIL    4 = ICE PELLETS
                        TOTAL MONTH:  M            5 = HAIL
                        GRTST 24HR    M  ON   M    6 = FREEZING RAIN OR DRIZZLE
                        GRTST DEPTH:  M  ON   M    7 = DUSTSTORM OR SANDSTORM:
                                                       VSBY 1/2 MILE OR LESS
                                                   8 = SMOKE OR HAZE
[NO. OF DAYS WITH]      [WEATHER - DAYS WITH]      9 = BLOWING SNOW
                                                   X = TORNADO
MAX 32 OR BELOW:   0    0.01 INCH OR MORE:   8
MAX 90 OR ABOVE:  26    0.10 INCH OR MORE:   5
MIN 32 OR BELOW:   0    0.50 INCH OR MORE:   0
MIN  0 OR BELOW:   0    1.00 INCH OR MORE:   0

[HDD (BASE 65) ]
TOTAL THIS MO.     0    CLEAR  (SCALE 0-3)  26
DPTR FM NORMAL     0    PTCLDY (SCALE 4-7)   1
TOTAL FM JUL 1     0    CLOUDY (SCALE 8-10)  0
DPTR FM NORMAL     0

[CDD (BASE 65) ]
TOTAL THIS MO.   614
DPTR FM NORMAL    29    [PRESSURE DATA]
TOTAL FM JAN 1  3801    HIGHEST SLP M ON M
DPTR FM NORMAL   249    LOWEST  SLP 29.57 ON  9

[REMARKS]
