000
CXUS54 KEWX 281011
CF6DZB
PRELIMINARY LOCAL CLIMATOLOGICAL DATA (WS FORM: F-6)

                                          STATION:   HORSESHOE BAY
                                          MONTH:     SEPTEMBER
                                          YEAR:      2022
                                          LATITUDE:   30 31 N
                                          LONGITUDE:  98 22 W

  TEMPERATURE IN F:       :PCPN:    SNOW:  WIND      :SUNSHINE: SKY     :PK WND
================================================================================
1   2   3   4   5  6A  6B    7    8   9   10  11  12  13   14  15   16   17  18
                                     12Z  AVG MX 2MIN
DY MAX MIN AVG DEP HDD CDD  WTR  SNW DPTH SPD SPD DIR MIN PSBL S-S WX    SPD DR
================================================================================

 1  92  72  82   M   0  17 0.60    M    M  2.3  6 110   M    M   5 3      23 300
 2  92  71  82   M   0  17 0.01    M    M  1.9  8  40   M    M   5 3       M   M
 3  87  73  80   M   0  15 0.09    M    M  2.6 12 110   M    M   3 3      24 110
 4  92  68  80   M   0  15 0.65    M    M  4.3 20  60   M    M   2 3      33 180
 5  93  66  80   M   0  15 0.00    M    M  2.3  8 120   M    M   1         M   M
 6  95  70  83   M   0  18 0.00    M    M  2.0  9 180   M    M   1        17 190
 7  94  72  83   M   0  18 0.00    M    M  3.3  8 110   M    M   3         M   M
 8  93  70  82   M   0  17 0.00    M    M  2.5  7  50   M    M   2         M   M
 9  94  68  81   M   0  16 0.00    M    M  3.0  7  80   M    M   1         M   M
10  94  71  83   M   0  18 0.00    M    M  2.1  8  40   M    M   4         M   M
11  89  68  79   M   0  14 0.00    M    M  2.9  8  10   M    M   2 8       M   M
12  89  64  77   M   0  12 0.00    M    M  1.8  6 160   M    M   0         M   M
13  94  66  80   M   0  15 0.00    M    M  3.8 15 170   M    M   1        20 170
14  91  65  78   M   0  13 0.00    M    M  3.7  8  70   M    M   2         M   M
15  91  59  75   M   0  10 0.00    M    M  4.0  9 160   M    M   2        16 140
16  96  70  83   M   0  18 0.00    M    M  5.2 14 140   M    M   5        23 140
17  96  71  84   M   0  19 0.06    M    M  6.5 10 210   M    M   3        20 160
18  96  69  83   M   0  18 0.00    M    M  5.0 12 150   M    M   2 1      17 120
19  95  68  82   M   0  17 0.00    M    M  3.7  9  70   M    M   2         M   M
20  97  71  84   M   0  19 0.00  0.0    M  3.8  9 170   M    M   1         M   M
21  96  67  82   M   0  17 0.00  0.0    M  3.0  7 180   M    M   1         M   M
22  97  64  81   M   0  16 0.00    M    M  2.2  7 180   M    M   0 8       9   0
23  96  66  81   M   0  16 0.00    M    M  3.6 10 150   M    M   2        17 180
24  95  65  80   M   0  15 0.00    M    M  5.0 12 190   M    M   2        20 170
25  96  70  83   M   0  18 0.00    M    M  2.0  6 130   M    M   2 8       M   M
26  92  62  77   M   0  12 0.00    M    M  5.1 13  40   M    M   2 3      20  40
27  91  52  72   M   0   7 0.00    M    M  2.7  8 120   M    M   0        27   0
================================================================================
SM 2523 1818         0 422  1.41  0.0     90.2          M       56
================================================================================
AV 93.4 67.3                               3.3 FASTST   M    M   2    MAX(MPH)
                                 MISC ---->    20  60                 33 180
================================================================================
NOTES:
# LAST OF SEVERAL OCCURRENCES

COLUMN 17 PEAK WIND IN M.P.H.

PRELIMINARY LOCAL CLIMATOLOGICAL DATA (WS FORM: F-6) , PAGE 2

                                          STATION:   HORSESHOE BAY
                                          MONTH:     SEPTEMBER
                                          YEAR:      2022
                                          LATITUDE:   30 31 N
                                          LONGITUDE:  98 22 W

[TEMPERATURE DATA]      [PRECIPITATION DATA]       SYMBOLS USED IN COLUMN 16

AVERAGE MONTHLY: 80.4   TOTAL FOR MONTH:   1.41    1 = FOG OR MIST
DPTR FM NORMAL:   0.0   DPTR FM NORMAL:    1.41    2 = FOG REDUCING VISIBILITY
HIGHEST:    97 ON 22,20  GRTST 24HR  0.65 ON  4- 4      TO 1/4 MILE OR LESS
LOWEST:     52 ON 27                               3 = THUNDER
                        SNOW, ICE PELLETS, HAIL    4 = ICE PELLETS
                        TOTAL MONTH:   0.0 INCH    5 = HAIL
                        GRTST 24HR  0.0            6 = FREEZING RAIN OR DRIZZLE
                        GRTST DEPTH:  M  ON   M    7 = DUSTSTORM OR SANDSTORM:
                                                       VSBY 1/2 MILE OR LESS
                                                   8 = SMOKE OR HAZE
[NO. OF DAYS WITH]      [WEATHER - DAYS WITH]      9 = BLOWING SNOW
                                                   X = TORNADO
MAX 32 OR BELOW:   0    0.01 INCH OR MORE:   5
MAX 90 OR ABOVE:  24    0.10 INCH OR MORE:   2
MIN 32 OR BELOW:   0    0.50 INCH OR MORE:   2
MIN  0 OR BELOW:   0    1.00 INCH OR MORE:   0

[HDD (BASE 65) ]
TOTAL THIS MO.     0    CLEAR  (SCALE 0-3)  20
DPTR FM NORMAL     M    PTCLDY (SCALE 4-7)   7
TOTAL FM JUL 1     0    CLOUDY (SCALE 8-10)  0
DPTR FM NORMAL     M

[CDD (BASE 65) ]
TOTAL THIS MO.   422
DPTR FM NORMAL     M    [PRESSURE DATA]
TOTAL FM JAN 1  3268    HIGHEST SLP M ON M
DPTR FM NORMAL     M    LOWEST  SLP M ON M

[REMARKS]
