000
CXUS54 KMAF 281110
CF6E11
PRELIMINARY LOCAL CLIMATOLOGICAL DATA (WS FORM: F-6)

                                          STATION:   ANDREWS COUNTY AIRPORT
                                          MONTH:     SEPTEMBER
                                          YEAR:      2022
                                          LATITUDE:   32 19 N
                                          LONGITUDE: 102 32 W

  TEMPERATURE IN F:       :PCPN:    SNOW:  WIND      :SUNSHINE: SKY     :PK WND
================================================================================
1   2   3   4   5  6A  6B    7    8   9   10  11  12  13   14  15   16   17  18
                                     12Z  AVG MX 2MIN
DY MAX MIN AVG DEP HDD CDD  WTR  SNW DPTH SPD SPD DIR MIN PSBL S-S WX    SPD DR
================================================================================

 1  75  66  71   M   0   6 0.18    M    M  4.3 13 190   M    M   6 1      20 160
 2  86  68  77   M   0  12    M    M    M  4.0 16 140   M    M   5 1      23 140
 3  86  67  77   M   0  12 0.21    M    M  3.8 22  80   M    M   4 13     32  80
 4  88  66  77   M   0  12    M    M    M  3.8 10 100   M    M   0         M   M
 5  90  66  78   M   0  13    M    M    M  7.2 10 180   M    M   0         9 240
 6  92  68  80   M   0  15    M    M    M  5.9 10 220   M    M   0        16 220
 7  89  62  76   M   0  11    M    M    M  6.6 16  60   M    M   0        23  50
 8  88  63  76   M   0  11    M    M    M  2.2  7 130   M    M   0         M   M
 9  89  62  76   M   0  11    M    M    M  4.9 15 190   M    M   0        18 190
10  90  62  76   M   0  11    M    M    M  5.9 14  70   M    M   1        23  70
11  75  59  67   M   0   2 0.10    M    M  8.9 16  10   M    M   6        25  10
12  86  62  74   M   0   9    M    M    M  6.6 15 210   M    M   3        20 200
13  89  65  77   M   0  12    M    M    M  7.9 12 180   M    M   0        22 180
14  86  62  74   M   0   9    M    M    M  9.4 17 160   M    M   2        25 120
15  88  61  75   M   0  10    M    M    M  9.0 16 160   M    M   0        22 170
16  92  66  79   M   0  14    M    M    M  9.4 14 170   M    M   1        20 170
17  91  68  80   M   0  15    M    M    M 11.1 16 190   M    M   0        21 160
18  91  64  78   M   0  13    M    M    M  9.6 17 190   M    M   0        24 190
19  89  65  77   M   0  12    M    M    M  8.4 14 160   M    M   3        25 160
20  91  65  78   M   0  13    M    M    M  8.8 18 170   M    M   1        24 160
21  91  64  78   M   0  13    M    M    M  8.3 15 170   M    M   0        17 170
22  90  67  79   M   0  14    M    M    M  6.6 14 150   M    M   1        17  90
23  88  56  72   M   0   7    M    M    M  7.4 18 160   M    M   0        26 160
24  92  61  77   M   0  12    M    M    M  7.2 13 180   M    M   0        16 170
25  90  61  76   M   0  11    M    M    M  6.9 20  90   M    M   4        26  90
26  84  57  71   M   0   6    M    M    M  6.5 15 130   M    M   0        21  90
27  86  59  73   M   0   8    M    M    M  6.5 15 180   M    M   0        17 180
================================================================================
SM 2372 1712         0 294  0.49    M    187.4          M       37
================================================================================
AV 87.9 63.4                               6.9 FASTST   M    M   1    MAX(MPH)
                                 MISC ---->    22  80                 32  80
================================================================================
NOTES:
# LAST OF SEVERAL OCCURRENCES

COLUMN 17 PEAK WIND IN M.P.H.

PRELIMINARY LOCAL CLIMATOLOGICAL DATA (WS FORM: F-6) , PAGE 2

                                          STATION:   ANDREWS COUNTY AIRPORT
                                          MONTH:     SEPTEMBER
                                          YEAR:      2022
                                          LATITUDE:   32 19 N
                                          LONGITUDE: 102 32 W

[TEMPERATURE DATA]      [PRECIPITATION DATA]       SYMBOLS USED IN COLUMN 16

AVERAGE MONTHLY: 75.6   TOTAL FOR MONTH:   0.49    1 = FOG OR MIST
DPTR FM NORMAL:   0.0   DPTR FM NORMAL:    0.49    2 = FOG REDUCING VISIBILITY
HIGHEST:    92 ON 24,16  GRTST 24HR  0.21 ON  3- 3      TO 1/4 MILE OR LESS
LOWEST:     56 ON 23                               3 = THUNDER
                        SNOW, ICE PELLETS, HAIL    4 = ICE PELLETS
                        TOTAL MONTH:  M            5 = HAIL
                        GRTST 24HR    M  ON   M    6 = FREEZING RAIN OR DRIZZLE
                        GRTST DEPTH:  M  ON   M    7 = DUSTSTORM OR SANDSTORM:
                                                       VSBY 1/2 MILE OR LESS
                                                   8 = SMOKE OR HAZE
[NO. OF DAYS WITH]      [WEATHER - DAYS WITH]      9 = BLOWING SNOW
                                                   X = TORNADO
MAX 32 OR BELOW:   0    0.01 INCH OR MORE:   3
MAX 90 OR ABOVE:  11    0.10 INCH OR MORE:   3
MIN 32 OR BELOW:   0    0.50 INCH OR MORE:   0
MIN  0 OR BELOW:   0    1.00 INCH OR MORE:   0

[HDD (BASE 65) ]
TOTAL THIS MO.     0    CLEAR  (SCALE 0-3)  22
DPTR FM NORMAL     M    PTCLDY (SCALE 4-7)   5
TOTAL FM JUL 1     0    CLOUDY (SCALE 8-10)  0
DPTR FM NORMAL     M

[CDD (BASE 65) ]
TOTAL THIS MO.   294
DPTR FM NORMAL     M    [PRESSURE DATA]
TOTAL FM JAN 1  2608    HIGHEST SLP M ON M
DPTR FM NORMAL     M    LOWEST  SLP M ON M

[REMARKS]
