000
CXUS56 KOTX 280910
CF6EAT
PRELIMINARY LOCAL CLIMATOLOGICAL DATA (WS FORM: F-6)

                                          STATION:   WENATCHEE WA PANGBORN FIELD
                                          MONTH:     SEPTEMBER
                                          YEAR:      2022
                                          LATITUDE:   47 23 N
                                          LONGITUDE: 120 12 W

  TEMPERATURE IN F:       :PCPN:    SNOW:  WIND      :SUNSHINE: SKY     :PK WND
================================================================================
1   2   3   4   5  6A  6B    7    8   9   10  11  12  13   14  15   16   17  18
                                     12Z  AVG MX 2MIN
DY MAX MIN AVG DEP HDD CDD  WTR  SNW DPTH SPD SPD DIR MIN PSBL S-S WX    SPD DR
================================================================================

 1  95  71  83  14   0  18 0.00    M    M  7.8 20 300   M    M   0        25 300
 2  94  64  79  10   0  14 0.00    M    M  5.1 15 290   M    M   0 8      17 290
 3  85  68  77   8   0  12 0.00    M    M  9.4 17 330   M    M   0 8      22 320
 4  87  61  74   6   0   9 0.00    M    M 10.7 22 300   M    M   0        26 300
 5  81  59  70   2   0   5 0.00    M    M  9.7 22 290   M    M   0        26 280
 6  86  54  70   2   0   5 0.00    M    M  6.7 15 280   M    M   0        17 290
 7  89  60  75   7   0  10 0.00    M    M 13.6 28 310   M    M   0 8      33 310
 8  79  59  69   2   0   4 0.00    M    M  7.6 21 270   M    M   5 8      24 270
 9  79  51  65  -2   0   0 0.00    M    M  6.0 14 230   M    M   2 8      19 240
10  84  52  68   1   0   3 0.00    M    M  4.4 14 300   M    M   0        17 300
11  81  55  68   2   0   3 0.00    M    M  6.4 14 290   M    M   1 8      16 290
12  70  58  64  -2   1   0 0.02    M    M  5.1 14 280   M    M   7 8      16 270
13  79  55  67   1   0   2 0.52    M    M  6.2 25 330   M    M   9 138    29 330
14  73  56  65   0   0   0    T    M    M  6.3 14 340   M    M   4 8      16 330
15  75  58  67   2   0   2 0.00    M    M  6.4 17 300   M    M   8 18     21 280
16  73  53  63  -2   2   0 0.00    M    M 13.8 28 310   M    M   0        32 310
17  67  47  57  -7   8   0 0.00    M    M  7.4 13 310   M    M   0        15 310
18  73  50  62  -2   3   0    T    M    M  5.9 13 320   M    M   2 8      15 320
19  77  49  63  -1   2   0 0.00    M    M  6.1 29  40   M    M   0        41  30
20  76  53  65   2   0   0 0.00    M    M  7.3 26  40   M    M   0        36  40
21  75  48  62  -1   3   0 0.00    M    M  5.4 14 280   M    M   1 8      17 280
22  78  60  69   7   0   4    T    M    M 17.3 30 300   M    M   1 8      38 310
23  76  57  67   5   0   2 0.00    M    M  8.5 22 300   M    M   0        25 300
24  78  55  67   5   0   2 0.00    M    M  6.1 15 330   M    M   0 8      18 330
25  81  53  67   6   0   2 0.00    M    M  5.0 12 280   M    M   0 8      14 140
26  83  52  68   7   0   3 0.00    M    M  5.6 16 290   M    M   0 8      20 290
27  85  55  70  10   0   5 0.00    M    M  5.4 14 290   M    M   0 8      17 290
================================================================================
SM 2159 1513        19 105  0.54    M    205.2          M       40
================================================================================
AV 80.0 56.0                               7.6 FASTST   M    M   1    MAX(MPH)
                                 MISC ---->    30 300                 41  30
================================================================================
NOTES:
# LAST OF SEVERAL OCCURRENCES

COLUMN 17 PEAK WIND IN M.P.H.

PRELIMINARY LOCAL CLIMATOLOGICAL DATA (WS FORM: F-6) , PAGE 2

                                          STATION:   WENATCHEE WA PANGBORN FIELD
                                          MONTH:     SEPTEMBER
                                          YEAR:      2022
                                          LATITUDE:   47 23 N
                                          LONGITUDE: 120 12 W

[TEMPERATURE DATA]      [PRECIPITATION DATA]       SYMBOLS USED IN COLUMN 16

AVERAGE MONTHLY: 68.0   TOTAL FOR MONTH:   0.54    1 = FOG OR MIST
DPTR FM NORMAL:   2.9   DPTR FM NORMAL:    0.34    2 = FOG REDUCING VISIBILITY
HIGHEST:    95 ON  1    GRTST 24HR  0.52 ON 13-13      TO 1/4 MILE OR LESS
LOWEST:     47 ON 17                               3 = THUNDER
                        SNOW, ICE PELLETS, HAIL    4 = ICE PELLETS
                        TOTAL MONTH:  M            5 = HAIL
                        GRTST 24HR    M  ON   M    6 = FREEZING RAIN OR DRIZZLE
                        GRTST DEPTH:  M  ON   M    7 = DUSTSTORM OR SANDSTORM:
                                                       VSBY 1/2 MILE OR LESS
                                                   8 = SMOKE OR HAZE
[NO. OF DAYS WITH]      [WEATHER - DAYS WITH]      9 = BLOWING SNOW
                                                   X = TORNADO
MAX 32 OR BELOW:   0    0.01 INCH OR MORE:   2
MAX 90 OR ABOVE:   2    0.10 INCH OR MORE:   1
MIN 32 OR BELOW:   0    0.50 INCH OR MORE:   1
MIN  0 OR BELOW:   0    1.00 INCH OR MORE:   0

[HDD (BASE 65) ]
TOTAL THIS MO.    19    CLEAR  (SCALE 0-3)  22
DPTR FM NORMAL   -53    PTCLDY (SCALE 4-7)   4
TOTAL FM JUL 1    19    CLOUDY (SCALE 8-10)  1
DPTR FM NORMAL   -66

[CDD (BASE 65) ]
TOTAL THIS MO.   105
DPTR FM NORMAL    28    [PRESSURE DATA]
TOTAL FM JAN 1  1007    HIGHEST SLP M ON M
DPTR FM NORMAL   204    LOWEST  SLP 29.68 ON 13

[REMARKS]
