000
CXUS51 KAKQ 280710
CF6ECG
PRELIMINARY LOCAL CLIMATOLOGICAL DATA (WS FORM: F-6)

                                          STATION:   ELIZABETH CITY NC
                                          MONTH:     SEPTEMBER
                                          YEAR:      2022
                                          LATITUDE:   36 16 N
                                          LONGITUDE:  76 11 W

  TEMPERATURE IN F:       :PCPN:    SNOW:  WIND      :SUNSHINE: SKY     :PK WND
================================================================================
1   2   3   4   5  6A  6B    7    8   9   10  11  12  13   14  15   16   17  18
                                     12Z  AVG MX 2MIN
DY MAX MIN AVG DEP HDD CDD  WTR  SNW DPTH SPD SPD DIR MIN PSBL S-S WX    SPD DR
================================================================================

 1  86  64  75  -2   0  10 0.00  0.0    0  3.7 10 110   M    M   1 1      14 110
 2  88  70  79   3   0  14 0.00  0.0    0  5.7 14  80   M    M   0 1      22  90
 3  88  70  79   3   0  14 0.00  0.0    0  7.3 15  70   M    M   0        19 120
 4  87  69  78   2   0  13 0.00  0.0    0  4.5 15  70   M    M   0        17  70
 5  86  67  77   1   0  12 0.00  0.0    0  5.0 14 120   M    M   3        18 110
 6  88  73  81   5   0  16 0.01  0.0    0  6.9 18 220   M    M   5 1      27 330
 7  87  73  80   4   0  15 0.00  0.0    0 10.6 20  40   M    M   4 1      23  30
 8  80  69  75   0   0  10 0.10  0.0    0 13.3 23  30   M    M   5 1      26  30
 9  81  66  74  -1   0   9 0.00  0.0    0 11.7 21  40   M    M   3        25  50
10  86  72  79   4   0  14    T  0.0    0  9.3 18 110   M    M   8        22  90
11  87  75  81   6   0  16 0.06  0.0    0  6.9 16 140   M    M   5 3      22 150
12  88  75  82   8   0  17 0.00  0.0    0  7.7 17 220   M    M   M        21 210
13  89  69  79   5   0  14 0.00  0.0    0  7.8 16 250   M    M   2        21  22
14  80  59  70  -4   0   5 0.00  0.0    0  5.3 12  50   M    M   0        14  40
15  82  58  70  -4   0   5 0.00  0.0    0  8.9 20  40   M    M   1 1      25  30
16  81  56  69  -5   0   4 0.00  0.0    0  8.4 15  30   M    M   0        19  40
17  82  53  68  -5   0   3 0.00  0.0    0  5.6 14  50   M    M   0 1      31  40
18  86  59  73   0   0   8 0.00  0.0    0  3.6 14 220   M    M   2 12     16 230
19  88  63  76   3   0  11 0.00  0.0    0  5.1 14 210   M    M   1 12     18 210
20  88  67  78   6   0  13 0.00  0.0    0  5.6 14 110   M    M   0 1      18 100
21  87  63  75   3   0  10 0.00  0.0    0  5.1 14 110   M    M   2 12     18 110
22  92  66  79   7   0  14 0.25  0.0    0 12.8 33 290   M    M   2        41 280
23  71  47  59 -13   6   0 0.00  0.0    0 12.2 28 340   M    M   0        34 340
24  76  46  61 -10   4   0 0.00  0.0    0  5.7 16 210   M    M   0        19 220
25  85  61  73   2   0   8 0.37  0.0    0 12.5 23 200   M    M   3 1      32 220
26  82  62  72   2   0   7 0.07  0.0    0  7.0 18 230   M    M   2 1      21 280
27  79  57  68  -2   0   3 0.00  0.0    0  7.0 13 330   M    M   1        15 120
================================================================================
SM 2280 1729        10 265  0.86  0.0    205.2          M       50
================================================================================
AV 84.4 64.0                               7.6 FASTST   M    M   2    MAX(MPH)
                                 MISC ---->    33 290                 41 280
================================================================================
NOTES:
# LAST OF SEVERAL OCCURRENCES

COLUMN 17 PEAK WIND IN M.P.H.

PRELIMINARY LOCAL CLIMATOLOGICAL DATA (WS FORM: F-6) , PAGE 2

                                          STATION:   ELIZABETH CITY NC
                                          MONTH:     SEPTEMBER
                                          YEAR:      2022
                                          LATITUDE:   36 16 N
                                          LONGITUDE:  76 11 W

[TEMPERATURE DATA]      [PRECIPITATION DATA]       SYMBOLS USED IN COLUMN 16

AVERAGE MONTHLY: 74.2   TOTAL FOR MONTH:   0.86    1 = FOG OR MIST
DPTR FM NORMAL:   0.5   DPTR FM NORMAL:   -3.25    2 = FOG REDUCING VISIBILITY
HIGHEST:    92 ON 22    GRTST 24HR  0.44 ON 25-26      TO 1/4 MILE OR LESS
LOWEST:     46 ON 24                               3 = THUNDER
                        SNOW, ICE PELLETS, HAIL    4 = ICE PELLETS
                        TOTAL MONTH:   0.0 INCH    5 = HAIL
                        GRTST 24HR  0.0            6 = FREEZING RAIN OR DRIZZLE
                        GRTST DEPTH:  0            7 = DUSTSTORM OR SANDSTORM:
                                                       VSBY 1/2 MILE OR LESS
                                                   8 = SMOKE OR HAZE
[NO. OF DAYS WITH]      [WEATHER - DAYS WITH]      9 = BLOWING SNOW
                                                   X = TORNADO
MAX 32 OR BELOW:   0    0.01 INCH OR MORE:   6
MAX 90 OR ABOVE:   1    0.10 INCH OR MORE:   3
MIN 32 OR BELOW:   0    0.50 INCH OR MORE:   0
MIN  0 OR BELOW:   0    1.00 INCH OR MORE:   0

[HDD (BASE 65) ]
TOTAL THIS MO.    10    CLEAR  (SCALE 0-3)  21
DPTR FM NORMAL     8    PTCLDY (SCALE 4-7)   5
TOTAL FM JUL 1    10    CLOUDY (SCALE 8-10)  1
DPTR FM NORMAL     8

[CDD (BASE 65) ]
TOTAL THIS MO.   265
DPTR FM NORMAL    22    [PRESSURE DATA]
TOTAL FM JAN 1  1807    HIGHEST SLP M ON M
DPTR FM NORMAL   148    LOWEST  SLP 29.58 ON 22

[REMARKS]
