379
NZUS97 KBTV 160700
CF6EFK
PRELIMINARY LOCAL CLIMATOLOGICAL DATA (WS FORM: F-6)

                                          STATION:   NEWPORT VT
                                          MONTH:     APRIL
                                          YEAR:      2021
                                          LATITUDE:   44 53 N
                                          LONGITUDE:  72 13 W

  TEMPERATURE IN F:       :PCPN:    SNOW:  WIND      :SUNSHINE: SKY     :PK WND
================================================================================
1   2   3   4   5  6A  6B    7    8   9   10  11  12  13   14  15   16   17  18
                                     12Z  AVG MX 2MIN
DY MAX MIN AVG DEP HDD CDD  WTR  SNW DPTH SPD SPD DIR MIN PSBL S-S WX    SPD DR
================================================================================

 1  39  20  30   M  35   0 0.00    M    M 10.3 16 320   M    M  10        25 340
 2  27  18  23   M  42   0 0.00    M    M  6.5 13 280   M    M   9        17 290
 3  42  11  27   M  38   0 0.00    M    M  2.6 10 260   M    M   0        17 260
 4  51  22  37   M  28   0 0.00    M    M  6.7 18 330   M    M   2        30 300
 5  50  35  43   M  22   0 0.00    M    M 13.3 20 330   M    M   5        28 320
 6  56  36  46   M  19   0 0.00    M    M  6.8 12  20   M    M   8        18 300
 7  59  38  49   M  16   0 0.00    M    M  5.7 12  10   M    M   7 1       M   M
 8  68  32  50   M  15   0 0.00    M    M  1.7  7 360   M    M   3 12      M   M
 9  74  42  58   M   7   0 0.00    M    M  5.6  9 170   M    M   0         M   M
10  73  45  59   M   6   0 0.00    M    M  2.8  6  40   M    M   4         M   M
11  69  39  54   M  11   0 0.00    M    M  5.6 12  50   M    M   2 1      17 360
12  61  40  51   M  14   0 0.00    M    M  7.3 15 120   M    M   6        21 120
13  64  38  51   M  14   0 0.00    M    M  6.1 10 360   M    M   6         M   M
14  66  33  50   M  15   0 0.00    M    M  2.3  7  30   M    M   5         M   M
15  57  37  47   M  18   0 0.00    M    M  6.5 13 150   M    M  10        20 170
================================================================================
SM  856  486       300   0  0.00    M     89.7          M       77
================================================================================
AV 57.1 32.4                               6.0 FASTST   M    M   5    MAX(MPH)
                                 MISC ---->    20 330                 30 300
================================================================================
NOTES:
# LAST OF SEVERAL OCCURRENCES

COLUMN 17 PEAK WIND IN M.P.H.

PRELIMINARY LOCAL CLIMATOLOGICAL DATA (WS FORM: F-6) , PAGE 2

                                          STATION:   NEWPORT VT
                                          MONTH:     APRIL
                                          YEAR:      2021
                                          LATITUDE:   44 53 N
                                          LONGITUDE:  72 13 W

[TEMPERATURE DATA]      [PRECIPITATION DATA]       SYMBOLS USED IN COLUMN 16

AVERAGE MONTHLY: 44.7   TOTAL FOR MONTH:   0.00    1 = FOG OR MIST
DPTR FM NORMAL:   0.0   DPTR FM NORMAL:    0.00    2 = FOG REDUCING VISIBILITY
HIGHEST:    74 ON  9    GRTST 24HR  0.00 ON  1- 1      TO 1/4 MILE OR LESS
LOWEST:     11 ON  3                               3 = THUNDER
                        SNOW, ICE PELLETS, HAIL    4 = ICE PELLETS
                        TOTAL MONTH:  M            5 = HAIL
                        GRTST 24HR    M  ON   M    6 = FREEZING RAIN OR DRIZZLE
                        GRTST DEPTH:  M  ON   M    7 = DUSTSTORM OR SANDSTORM:
                                                       VSBY 1/2 MILE OR LESS
                                                   8 = SMOKE OR HAZE
[NO. OF DAYS WITH]      [WEATHER - DAYS WITH]      9 = BLOWING SNOW
                                                   X = TORNADO
MAX 32 OR BELOW:   1    0.01 INCH OR MORE:   0
MAX 90 OR ABOVE:   0    0.10 INCH OR MORE:   0
MIN 32 OR BELOW:   5    0.50 INCH OR MORE:   0
MIN  0 OR BELOW:   0    1.00 INCH OR MORE:   0

[HDD (BASE 65) ]
TOTAL THIS MO.   300    CLEAR  (SCALE 0-3)   5
DPTR FM NORMAL     M    PTCLDY (SCALE 4-7)   7
TOTAL FM JUL 1  6823    CLOUDY (SCALE 8-10)  3
DPTR FM NORMAL     M

[CDD (BASE 65) ]
TOTAL THIS MO.     0
DPTR FM NORMAL     M    [PRESSURE DATA]
TOTAL FM JAN 1     0    HIGHEST SLP M ON M
DPTR FM NORMAL     M    LOWEST  SLP M ON M

[REMARKS]
