000
CXUS56 KEKA 020125 RRA
CF6EKA

PRELIMINARY LOCAL CLIMATOLOGICAL DATA (WS FORM: F-6)

                                          STATION:   EUREKA CA
                                          MONTH:     OCTOBER
                                          YEAR:      2021
                                          LATITUDE:   40 47 N
                                          LONGITUDE: 124 10 W

  TEMPERATURE IN F:       :PCPN:    SNOW:  WIND      :SUNSHINE: SKY     :PK WND
================================================================================
1   2   3   4   5  6A  6B    7    8   9   10  11  12  13   14  15   16   17  18
                                     12Z  AVG MX 2MIN
DY MAX MIN AVG DEP HDD CDD  WTR  SNW DPTH SPD SPD DIR MIN PSBL S-S WX    SPD DR
================================================================================

 1  62  51  57   1   8   0 0.00  0.0    0  4.1 10  10   M    M   5 1      14   M
 2  59  50  55  -1  10   0 0.00  0.0    0  6.1  7 320   M    M   8 2       9   M
 3  60  50  55  -1  10   0 0.00  0.0    0  5.4  7 320   M    M   7 2       9   M
 4  57  49  53  -3  12   0 0.00    M    M  2.8 10 280   M    M   9 2      12   M
 5  66  47  57   1   8   0 0.05  0.0    0  3.6 12  10   M    M   9 1      18   M
 6  59  43  51  -4  14   0 0.00  0.0    0  5.2 14  10   M    M   3        18   M
 7  57  48  53  -2  12   0 0.00  0.0    0  3.2  8 350   M    M   6        13   M
 8  61  47  54  -1  11   0 0.01  0.0    0  3.3  9 280   M    M   7        14   M
 9  60  43  52  -3  13   0    T  0.0    0  2.7  8 310   M    M   0        13   M
10  59  46  53  -2  12   0 0.00  0.0    0  6.2 14  20   M    M   6 1      20   M
11  56  42  49  -6  16   0 0.00  0.0    0  9.6 14 360   M    M   1        22   M
12  56  36  46  -9  19   0    T  0.0    0  2.9  7 300   M    M   2         8   M
13  57  43  50  -5  15   0    T  0.0    0  7.7 14  10   M    M   4        18   M
14  60  40  50  -5  15   0 0.00  0.0    0  3.4  9 330   M    M   2 1      12   M
15  56  44  50  -4  15   0 0.00  0.0    0  2.6  8 350   M    M   5 2       9   M
16  63  40  52  -2  13   0 0.00  0.0    0  1.5  6 340   M    M   1 1       7   M
17  61  44  53  -1  12   0 0.73  0.0    0  4.1 10 240   M    M  10 1      23   M
18  58  43  51  -3  14   0 0.01  0.0    0  3.0  9 310   M    M   4 1      12   M
19  65  42  54   0  11   0 0.40  0.0    0  9.4 16 160   M    M   8 1      29   M
20  64  50  57   3   8   0 0.26  0.0    0  5.9 12 180   M    M   8        13   M
21  73  51  62   8   3   0 0.84  0.0    0 10.1 18 170   M    M   8 1      35   M
22  60  51  56   2   9   0 0.01  0.0    0  4.2  9 220   M    M   7 1      17   M
23  65  53  59   5   6   0 0.16  0.0    0  9.3 15 180   M    M   9 3      27   M
24  60  48  54   0  11   0 1.01  0.0    0  9.0 15 180   M    M  10        39   M
25  61  47  54   1  11   0 0.17  0.0    0  7.1 10 170   M    M   7 8      18   M
26  60  52  56   3   9   0 0.11  0.0    0  6.4 14 170   M    M  10 1      21   M
27  65  52  59   6   6   0    T  0.0    0  1.5  5 320   M    M   7 2       9   M
28  65  48  57   4   8   0 0.00  0.0    0  1.9  6 320   M    M   2 28      7   0
29  62  51  57   4   8   0 0.03  0.0    0  2.1  8 270   M    M  10 28      9   0
30  61  52  57   4   8   0 0.20  0.0    0  3.0  8 260   M    M   8 1      13   0
31  66  52  59   6   6   0 0.03  0.0    0  4.2 13 170   M    M   7 1      16   M
================================================================================
SM 1894 1455       333   0  4.02  0.0    151.5          M      190
================================================================================
AV 61.1 46.9                               4.9 FASTST   M    M   6    MAX(MPH)
                                 MISC ---->    18 170                 39 9999
================================================================================
NOTES:
# LAST OF SEVERAL OCCURRENCES

COLUMN 17 PEAK WIND IN M.P.H.

PRELIMINARY LOCAL CLIMATOLOGICAL DATA (WS FORM: F-6) , PAGE 2

                                          STATION:   EUREKA CA
                                          MONTH:     OCTOBER
                                          YEAR:      2021
                                          LATITUDE:   40 47 N
                                          LONGITUDE: 124 10 W

[TEMPERATURE DATA]      [PRECIPITATION DATA]       SYMBOLS USED IN COLUMN 16

AVERAGE MONTHLY: 54.0   TOTAL FOR MONTH:   4.02    1 = FOG OR MIST
DPTR FM NORMAL:  -0.3   DPTR FM NORMAL:    1.71    2 = FOG REDUCING VISIBILITY
HIGHEST:    73 ON 21    GRTST 24HR  1.01 ON 24-24      TO 1/4 MILE OR LESS
LOWEST:     36 ON 12                               3 = THUNDER
                        SNOW, ICE PELLETS, HAIL    4 = ICE PELLETS
                        TOTAL MONTH:   0.0 INCH    5 = HAIL
                        GRTST 24HR  0.0            6 = FREEZING RAIN OR DRIZZLE
                        GRTST DEPTH:  0            7 = DUSTSTORM OR SANDSTORM:
                                                       VSBY 1/2 MILE OR LESS
                                                   8 = SMOKE OR HAZE
[NO. OF DAYS WITH]      [WEATHER - DAYS WITH]      9 = BLOWING SNOW
                                                   X = TORNADO
MAX 32 OR BELOW:   0    0.01 INCH OR MORE:  15
MAX 90 OR ABOVE:   0    0.10 INCH OR MORE:   9
MIN 32 OR BELOW:   0    0.50 INCH OR MORE:   3
MIN  0 OR BELOW:   0    1.00 INCH OR MORE:   1

[HDD (BASE 65) ]
TOTAL THIS MO.   333    CLEAR  (SCALE 0-3)   7
DPTR FM NORMAL     2    PTCLDY (SCALE 4-7)  16
TOTAL FM JUL 1  1072    CLOUDY (SCALE 8-10)  8
DPTR FM NORMAL    81

[CDD (BASE 65) ]
TOTAL THIS MO.     0
DPTR FM NORMAL     0    [PRESSURE DATA]
TOTAL FM JAN 1     0    HIGHEST SLP M ON M
DPTR FM NORMAL    -1    LOWEST  SLP 29.27 ON 24

[PRESSURE]
MAX FOR MONTH: 30.338 ON 26
MIN FOR MONTH: 29.271 ON 24

[REMARKS]
#FINAL-10-31#
