000
CXUS51 KRLX 281130
CF6EKN
PRELIMINARY LOCAL CLIMATOLOGICAL DATA (WS FORM: F-6)

                                          STATION:   ELKINS WV
                                          MONTH:     SEPTEMBER
                                          YEAR:      2022
                                          LATITUDE:   38 52 N
                                          LONGITUDE:  79 51 W

  TEMPERATURE IN F:       :PCPN:    SNOW:  WIND      :SUNSHINE: SKY     :PK WND
================================================================================
1   2   3   4   5  6A  6B    7    8   9   10  11  12  13   14  15   16   17  18
                                     12Z  AVG MX 2MIN
DY MAX MIN AVG DEP HDD CDD  WTR  SNW DPTH SPD SPD DIR MIN PSBL S-S WX    SPD DR
================================================================================

 1  80  52  66  -2   0   1 0.00  0.0    0  1.6 13 360   M    M   1 12     16 310
 2  84  56  70   2   0   5 0.00  0.0    0  1.7 13 200   M    M   4 12     20 230
 3  85  57  71   3   0   6 0.00  0.0    0  1.4  8 300   M    M   2 13     11 300
 4  81  61  71   3   0   6 0.04  0.0    0  1.7 12 300   M    M   7 12     16 310
 5  71  66  69   2   0   4 0.80  0.0    0  0.8  6 170   M    M  10 1       7 170
 6  79  65  72   5   0   7 0.16  0.0    0  1.6 13 340   M    M   9 1      17 350
 7  70  64  67   0   0   2 0.09  0.0    0  1.6  9 290   M    M  10 18     14 330
 8  77  58  68   1   0   3 0.00  0.0    0  2.6 12 340   M    M   7 12     16  10
 9  80  56  68   2   0   3 0.00  0.0    0  1.6 10 130   M    M   5 12     15 130
10  68  52  60  -6   5   0 0.22  0.0    0  0.9  8 160   M    M   5 1      13 150
11  81  65  73   7   0   8    T  0.0    0  2.6 10 300   M    M   8 1      16 160
12  76  59  68   3   0   3 0.29  0.0    0  1.8 15 290   M    M   9 1      19 290
13  69  51  60  -5   5   0 0.00  0.0    0  3.9 16 240   M    M   8 12     22 210
14  72  48  60  -5   5   0 0.00  0.0    0  1.7 10 340   M    M   5 12     17 310
15  76  50  63  -1   2   0 0.00  0.0    0  1.3 12 320   M    M   6 12     16 310
16  77  52  65   1   0   0 0.00  0.0    0  1.3  8 340   M    M   5 12     13 320
17  82  54  68   4   0   3 0.00  0.0    0  0.8  8 300   M    M   5 12     11  10
18  79  52  66   3   0   1 0.00  0.0    M  1.8 12 300   M    M   4 12     17 270
19  75  52  64   1   1   0 0.15  0.0    0  2.0 12 160   M    M   8 12     16 190
20  78  57  68   5   0   3 0.00  0.0    0  3.1 12 340   M    M   3 12     16 330
21  84  52  68   6   0   3 0.00  0.0    0  1.8 12 250   M    M   3 12     15 300
22  73  49  61  -1   4   0 0.20  0.0    0  9.5 22 300   M    M   7 13     32 310
23  61  38  50 -12  15   0 0.00  0.0    0  3.8 14 300   M    M   2        22  10
24  70  45  58  -3   7   0 0.01  0.0    0  2.6 14 260   M    M   6        17 240
25  74  53  64   3   1   0    T  0.0    0  8.6 28 260   M    M   5 3      42 250
26  67  45  56  -4   9   0    T  0.0    0  8.6 23 250   M    M   5        31 250
27  60  39  50 -10  15   0 0.08  0.0    0  4.3 16 240   M    M   5 123    22 250
================================================================================
SM 2029 1448        69  58  2.04  0.0     75.0          M      154
================================================================================
AV 75.1 53.6                               2.8 FASTST   M    M   6    MAX(MPH)
                                 MISC ---->    28 260                 42 250
================================================================================
NOTES:
# LAST OF SEVERAL OCCURRENCES

COLUMN 17 PEAK WIND IN M.P.H.

PRELIMINARY LOCAL CLIMATOLOGICAL DATA (WS FORM: F-6) , PAGE 2

                                          STATION:   ELKINS WV
                                          MONTH:     SEPTEMBER
                                          YEAR:      2022
                                          LATITUDE:   38 52 N
                                          LONGITUDE:  79 51 W

[TEMPERATURE DATA]      [PRECIPITATION DATA]       SYMBOLS USED IN COLUMN 16

AVERAGE MONTHLY: 64.4   TOTAL FOR MONTH:   2.04    1 = FOG OR MIST
DPTR FM NORMAL:  -0.1   DPTR FM NORMAL:   -1.12    2 = FOG REDUCING VISIBILITY
HIGHEST:    85 ON  3    GRTST 24HR  0.83 ON  5- 6      TO 1/4 MILE OR LESS
LOWEST:     38 ON 23                               3 = THUNDER
                        SNOW, ICE PELLETS, HAIL    4 = ICE PELLETS
                        TOTAL MONTH:   0.0 INCH    5 = HAIL
                        GRTST 24HR  0.0            6 = FREEZING RAIN OR DRIZZLE
                        GRTST DEPTH:  0            7 = DUSTSTORM OR SANDSTORM:
                                                       VSBY 1/2 MILE OR LESS
                                                   8 = SMOKE OR HAZE
[NO. OF DAYS WITH]      [WEATHER - DAYS WITH]      9 = BLOWING SNOW
                                                   X = TORNADO
MAX 32 OR BELOW:   0    0.01 INCH OR MORE:  10
MAX 90 OR ABOVE:   0    0.10 INCH OR MORE:   6
MIN 32 OR BELOW:   0    0.50 INCH OR MORE:   1
MIN  0 OR BELOW:   0    1.00 INCH OR MORE:   0

[HDD (BASE 65) ]
TOTAL THIS MO.    69    CLEAR  (SCALE 0-3)   5
DPTR FM NORMAL    -7    PTCLDY (SCALE 4-7)  18
TOTAL FM JUL 1    69    CLOUDY (SCALE 8-10)  4
DPTR FM NORMAL   -23

[CDD (BASE 65) ]
TOTAL THIS MO.    58
DPTR FM NORMAL    -8    [PRESSURE DATA]
TOTAL FM JAN 1   640    HIGHEST SLP M ON M
DPTR FM NORMAL    32    LOWEST  SLP 29.68 ON 25

[REMARKS]
