000
CXUS54 KSHV 251300
CF6ELD
PRELIMINARY LOCAL CLIMATOLOGICAL DATA (WS FORM: F-6)

                                          STATION:   EL DORADO
                                          MONTH:     SEPTEMBER
                                          YEAR:      2022
                                          LATITUDE:   33 13 N
                                          LONGITUDE:  92 49 W

  TEMPERATURE IN F:       :PCPN:    SNOW:  WIND      :SUNSHINE: SKY     :PK WND
================================================================================
1   2   3   4   5  6A  6B    7    8   9   10  11  12  13   14  15   16   17  18
                                     12Z  AVG MX 2MIN
DY MAX MIN AVG DEP HDD CDD  WTR  SNW DPTH SPD SPD DIR MIN PSBL S-S WX    SPD DR
================================================================================

 1  90  74  82   2   0  17 0.00  0.0    0  2.8  9  40   M    M   4        11  70
 2  84  73  79  -1   0  14 0.35  0.0    0  2.8 17 320   M    M   4 1      22 320
 3  91  71  81   2   0  16 0.00  0.0    0  3.2 13 240   M    M   2 123    18 200
 4  87  69  78  -1   0  13    T  0.0    0  2.9 10 320   M    M   2 1      13 350
 5  90  68  79   0   0  14 0.00  0.0    0  2.6 10  50   M    M   1        12  60
 6  91  69  80   1   0  15 0.70  0.0    0  2.2 26 350   M    M   2 123    42 330
 7  90  67  79   1   0  14 0.12  0.0    0  2.9 16 330   M    M   2 13      M   M
 8  87  65  76  -2   0  11 0.00  0.0    0  4.5 13  50   M    M   1        17  50
 9  87  60  74  -4   0   9 0.00  0.0    0  2.3  9 110   M    M   0        14  10
10  84  68  76  -2   0  11 0.09  0.0    0  2.0 17  60   M    M   6 13     22  50
11  88  64  76  -1   0  11 0.09  0.0    0  3.9 14 210   M    M   5 123    19 210
12  81  57  69  -8   0   4 0.00  0.0    0  3.6 12 340   M    M   0        13 330
13  86  53  70  -7   0   5 0.00  0.0    0  1.5  9 130   M    M   0 1      13  80
14  85  55  70  -6   0   5 0.00  0.0    0  2.3 14 120   M    M   0 1      17 120
15  86  58  72  -4   0   7 0.00  0.0    0  2.4 12 120   M    M   0        14 120
16  87  57  72  -4   0   7 0.00  0.0    0  1.6  9 140   M    M   0 1      14 140
17  89  61  75  -1   0  10 0.00  0.0    0  2.9 12 200   M    M   2        16 210
18  91  65  78   3   0  13 0.00  0.0    0  2.3  8 160   M    M   0        13 270
19  93  66  80   5   0  15 0.00  0.0    0  0.3  4 340   M    M   1 1       M   M
20  94  65  80   5   0  15 0.00  0.0    0  1.4  9 230   M    M   0 1      14 160
21  95  65  80   6   0  15 0.00  0.0    0  1.2  9 210   M    M   0 18     11 220
22  97  66  82   8   0  17 0.00  0.0    0  5.2 14  40   M    M   0        19  30
23  87  62  75   1   0  10 0.00  0.0    0  3.6 13  60   M    M   0        18  70
24  93  64  79   6   0  14 0.00  0.0    0  2.7 10 220   M    M   0 1      16 250
================================================================================
SM 2133 1542         0 282  1.35  0.0     63.1          M       32
================================================================================
AV 88.9 64.3                               2.6 FASTST   M    M   1    MAX(MPH)
                                 MISC ---->    26 350                 42 330
================================================================================
NOTES:
# LAST OF SEVERAL OCCURRENCES

COLUMN 17 PEAK WIND IN M.P.H.

PRELIMINARY LOCAL CLIMATOLOGICAL DATA (WS FORM: F-6) , PAGE 2

                                          STATION:   EL DORADO
                                          MONTH:     SEPTEMBER
                                          YEAR:      2022
                                          LATITUDE:   33 13 N
                                          LONGITUDE:  92 49 W

[TEMPERATURE DATA]      [PRECIPITATION DATA]       SYMBOLS USED IN COLUMN 16

AVERAGE MONTHLY: 76.6   TOTAL FOR MONTH:   1.35    1 = FOG OR MIST
DPTR FM NORMAL:  -0.2   DPTR FM NORMAL:   -1.22    2 = FOG REDUCING VISIBILITY
HIGHEST:    97 ON 22    GRTST 24HR  0.77 ON  6- 7      TO 1/4 MILE OR LESS
LOWEST:     53 ON 13                               3 = THUNDER
                        SNOW, ICE PELLETS, HAIL    4 = ICE PELLETS
                        TOTAL MONTH:   0.0 INCH    5 = HAIL
                        GRTST 24HR  0.0            6 = FREEZING RAIN OR DRIZZLE
                        GRTST DEPTH:  0            7 = DUSTSTORM OR SANDSTORM:
                                                       VSBY 1/2 MILE OR LESS
                                                   8 = SMOKE OR HAZE
[NO. OF DAYS WITH]      [WEATHER - DAYS WITH]      9 = BLOWING SNOW
                                                   X = TORNADO
MAX 32 OR BELOW:   0    0.01 INCH OR MORE:   5
MAX 90 OR ABOVE:  11    0.10 INCH OR MORE:   3
MIN 32 OR BELOW:   0    0.50 INCH OR MORE:   1
MIN  0 OR BELOW:   0    1.00 INCH OR MORE:   0

[HDD (BASE 65) ]
TOTAL THIS MO.     0    CLEAR  (SCALE 0-3)  20
DPTR FM NORMAL     0    PTCLDY (SCALE 4-7)   4
TOTAL FM JUL 1     0    CLOUDY (SCALE 8-10)  0
DPTR FM NORMAL     0

[CDD (BASE 65) ]
TOTAL THIS MO.   282
DPTR FM NORMAL    -4    [PRESSURE DATA]
TOTAL FM JAN 1  2232    HIGHEST SLP M ON M
DPTR FM NORMAL   111    LOWEST  SLP 29.77 ON  9

[REMARKS]
