000
CXUS56 KPDT 280833
CF6ELN
PRELIMINARY LOCAL CLIMATOLOGICAL DATA (WS FORM: F-6)

                                          STATION:   ELLENSBURG WA
                                          MONTH:     SEPTEMBER
                                          YEAR:      2022
                                          LATITUDE:   47  1 N
                                          LONGITUDE: 120 32 W

  TEMPERATURE IN F:       :PCPN:    SNOW:  WIND      :SUNSHINE: SKY     :PK WND
================================================================================
1   2   3   4   5  6A  6B    7    8   9   10  11  12  13   14  15   16   17  18
                                     12Z  AVG MX 2MIN
DY MAX MIN AVG DEP HDD CDD  WTR  SNW DPTH SPD SPD DIR MIN PSBL S-S WX    SPD DR
================================================================================

 1  97  65  81  13   0  16 0.00    M    M  6.7 20 330   M    M   0        25 320
 2  96  52  74   7   0   9 0.00    M    M  3.6 10 160   M    M   0        17 330
 3  82  64  73   6   0   8 0.00    M    M 22.0 30 310   M    M   0        41 300
 4  89  58  74   7   0   9 0.00    M    M 16.0 31 310   M    M   1        44 310
 5  84  52  68   2   0   3 0.00    M    M 14.7 24 300   M    M   0        33 300
 6  89  45  67   1   0   2 0.00    M    M  3.5  9  40   M    M   0        13 130
 7  88  51  70   4   0   5 0.00    M    M 16.3 33 310   M    M   0        45 310
 8  82  49  66   1   0   1 0.00    M    M  9.2 30 300   M    M   0        38 300
 9  82  41  62  -3   3   0 0.00    M    M  5.6 17  70   M    M   1        28  90
10  84  44  64  -1   1   0 0.00    M    M  5.3 17 120   M    M   0        25 140
11  84  47  66   2   0   1    T    M    M  3.0 13  70   M    M   4 8      15  70
12  74  54  64   0   1   0 0.01    M    M  3.8 15 210   M    M   4 18     19 210
13  80  53  67   3   0   2    T    M    M  9.5 26 320   M    M   0 18     35 310
14  78  55  67   4   0   2 0.00    M    M  9.0 18 320   M    M   4        24 330
15  78  56  67   4   0   2 0.00    M    M  9.9 23 320   M    M   4        31 310
16  71  49  60  -3   5   0 0.00    M    M 17.5 32 290   M    M   1        41 290
17  69  37  53  -9  12   0    T    M    M  4.0 12  20   M    M   1        16 320
18  75  49  62   0   3   0 0.14    M    M  4.7 14 330   M    M   3        17 330
19  82  43  63   2   2   0 0.00    M    M  3.6 10  70   M    M   0        14 120
20  78  46  62   1   3   0 0.00    M    M  5.7 14  40   M    M   0        19  90
21  75  39  57  -4   8   0 0.00    M    M  4.6 16 320   M    M   0        21 320
22  72  58  65   5   0   0 0.00    M    M 24.6 37 300   M    M   0        48 280
23  78  56  67   7   0   2 0.00    M    M 17.9 31 300   M    M   0        39 300
24  81  49  65   6   0   0 0.00    M    M  6.5 21 320   M    M   0        28 330
25  84  44  64   5   1   0 0.00    M    M  2.6  9  90   M    M   0        14 100
26  86  45  66   7   0   1 0.00    M    M  2.7  9  10   M    M   0        13 150
27  88  45  67   9   0   2 0.00    M    M  5.1 15 340   M    M   0        20 350
================================================================================
SM 2206 1346        39  65  0.15    M    237.6          M       23
================================================================================
AV 81.7 49.9                               8.8 FASTST   M    M   1    MAX(MPH)
                                 MISC ---->    37 300                 48 280
================================================================================
NOTES:
# LAST OF SEVERAL OCCURRENCES

COLUMN 17 PEAK WIND IN M.P.H.

PRELIMINARY LOCAL CLIMATOLOGICAL DATA (WS FORM: F-6) , PAGE 2

                                          STATION:   ELLENSBURG WA
                                          MONTH:     SEPTEMBER
                                          YEAR:      2022
                                          LATITUDE:   47  1 N
                                          LONGITUDE: 120 32 W

[TEMPERATURE DATA]      [PRECIPITATION DATA]       SYMBOLS USED IN COLUMN 16

AVERAGE MONTHLY: 65.8   TOTAL FOR MONTH:   0.15    1 = FOG OR MIST
DPTR FM NORMAL:   0.0   DPTR FM NORMAL:   -0.17    2 = FOG REDUCING VISIBILITY
HIGHEST:    97 ON  1    GRTST 24HR  0.14 ON 17-18      TO 1/4 MILE OR LESS
LOWEST:     37 ON 17                               3 = THUNDER
                        SNOW, ICE PELLETS, HAIL    4 = ICE PELLETS
                        TOTAL MONTH:  M            5 = HAIL
                        GRTST 24HR    M  ON   M    6 = FREEZING RAIN OR DRIZZLE
                        GRTST DEPTH:  M  ON   M    7 = DUSTSTORM OR SANDSTORM:
                                                       VSBY 1/2 MILE OR LESS
                                                   8 = SMOKE OR HAZE
[NO. OF DAYS WITH]      [WEATHER - DAYS WITH]      9 = BLOWING SNOW
                                                   X = TORNADO
MAX 32 OR BELOW:   0    0.01 INCH OR MORE:   2
MAX 90 OR ABOVE:   2    0.10 INCH OR MORE:   1
MIN 32 OR BELOW:   0    0.50 INCH OR MORE:   0
MIN  0 OR BELOW:   0    1.00 INCH OR MORE:   0

[HDD (BASE 65) ]
TOTAL THIS MO.    39    CLEAR  (SCALE 0-3)  23
DPTR FM NORMAL   -69    PTCLDY (SCALE 4-7)   4
TOTAL FM JUL 1    41    CLOUDY (SCALE 8-10)  0
DPTR FM NORMAL   -95

[CDD (BASE 65) ]
TOTAL THIS MO.    65
DPTR FM NORMAL    17    [PRESSURE DATA]
TOTAL FM JAN 1   763    HIGHEST SLP M ON M
DPTR FM NORMAL   185    LOWEST  SLP 29.72 ON 13

[REMARKS]
